{"id":2368,"date":"2024-09-18T10:01:20","date_gmt":"2024-09-18T06:01:20","guid":{"rendered":"https:\/\/etab.ac-reunion.fr\/24h-innovation\/?page_id=2368"},"modified":"2024-11-27T16:27:32","modified_gmt":"2024-11-27T12:27:32","slug":"liste-des-sujets-2024","status":"publish","type":"page","link":"https:\/\/etab.ac-reunion.fr\/24h-innovation\/liste-des-sujets-2024\/","title":{"rendered":"Liste des sujets 2024"},"content":{"rendered":"<p><strong>Les sujets de l&rsquo;\u00e9dition 2024 \u00e0 d\u00e9couvrir ici :<\/strong><\/p>\n<a href=\"https:\/\/etab.ac-reunion.fr\/24h-innovation\/wp-content\/uploads\/sites\/18\/2024\/11\/20241113-sujet-24h-2024.pptx.pdf\" class=\"pdfemb-viewer\" style=\"height:600px;\" data-width=\"max\" data-height=\"600\" data-toolbar=\"top\" data-toolbar-fixed=\"on\">20241113-sujet 24h 2024.pptx<\/a>\n<p><strong>R\u00e9capitulatif des s\u00e9lections de sujets\u00a0 :\u00a0<\/strong><\/p>\n<p><a href=\"https:\/\/etab.ac-reunion.fr\/24h-innovation\/wp-content\/uploads\/sites\/18\/2024\/11\/Capture-decran-2024-11-27-a-18.46.34.png\"><img loading=\"lazy\" decoding=\"async\" class=\"alignnone size-medium wp-image-2441\" src=\"https:\/\/etab.ac-reunion.fr\/24h-innovation\/wp-content\/uploads\/sites\/18\/2024\/11\/Capture-decran-2024-11-27-a-18.46.34-300x289.png\" alt=\"\" width=\"300\" height=\"289\" srcset=\"https:\/\/etab.ac-reunion.fr\/24h-innovation\/wp-content\/uploads\/sites\/18\/2024\/11\/Capture-decran-2024-11-27-a-18.46.34-300x289.png 300w, https:\/\/etab.ac-reunion.fr\/24h-innovation\/wp-content\/uploads\/sites\/18\/2024\/11\/Capture-decran-2024-11-27-a-18.46.34-1024x987.png 1024w, https:\/\/etab.ac-reunion.fr\/24h-innovation\/wp-content\/uploads\/sites\/18\/2024\/11\/Capture-decran-2024-11-27-a-18.46.34-768x740.png 768w, https:\/\/etab.ac-reunion.fr\/24h-innovation\/wp-content\/uploads\/sites\/18\/2024\/11\/Capture-decran-2024-11-27-a-18.46.34.png 1042w\" sizes=\"auto, (max-width: 300px) 100vw, 300px\" \/><\/a><\/p>\n<p><strong>Pr\u00e9sentation des participants &#8211; Edition 2024 <\/strong><\/p>\n<p><a href=\"https:\/\/drive.google.com\/drive\/folders\/1oplJviFInnIKbbHw4UdER916kRsQUzwP?usp=sharing\">Cliquez ici pour acc\u00e9dez aux pr\u00e9sentations 2024<\/a><\/p>\n","protected":false},"excerpt":{"rendered":"<p>Les sujets de l&rsquo;\u00e9dition 2024 \u00e0 d\u00e9couvrir ici : R\u00e9capitulatif des s\u00e9lections de sujets\u00a0 :\u00a0 Pr\u00e9sentation des participants &#8211; Edition 2024 Cliquez ici pour acc\u00e9dez aux pr\u00e9sentations 2024<\/p>\n","protected":false},"author":37477,"featured_media":0,"parent":0,"menu_order":0,"comment_status":"closed","ping_status":"closed","template":"","meta":{"footnotes":"","_links_to":"","_links_to_target":""},"class_list":["post-2368","page","type-page","status-publish","hentry"],"_links":{"self":[{"href":"https:\/\/etab.ac-reunion.fr\/24h-innovation\/wp-json\/wp\/v2\/pages\/2368","targetHints":{"allow":["GET"]}}],"collection":[{"href":"https:\/\/etab.ac-reunion.fr\/24h-innovation\/wp-json\/wp\/v2\/pages"}],"about":[{"href":"https:\/\/etab.ac-reunion.fr\/24h-innovation\/wp-json\/wp\/v2\/types\/page"}],"author":[{"embeddable":true,"href":"https:\/\/etab.ac-reunion.fr\/24h-innovation\/wp-json\/wp\/v2\/users\/37477"}],"replies":[{"embeddable":true,"href":"https:\/\/etab.ac-reunion.fr\/24h-innovation\/wp-json\/wp\/v2\/comments?post=2368"}],"version-history":[{"count":5,"href":"https:\/\/etab.ac-reunion.fr\/24h-innovation\/wp-json\/wp\/v2\/pages\/2368\/revisions"}],"predecessor-version":[{"id":2461,"href":"https:\/\/etab.ac-reunion.fr\/24h-innovation\/wp-json\/wp\/v2\/pages\/2368\/revisions\/2461"}],"wp:attachment":[{"href":"https:\/\/etab.ac-reunion.fr\/24h-innovation\/wp-json\/wp\/v2\/media?parent=2368"}],"curies":[{"name":"wp","href":"https:\/\/api.w.org\/{rel}","templated":true}]}}