{"id":419,"date":"2020-11-13T13:33:27","date_gmt":"2020-11-13T09:33:27","guid":{"rendered":"http:\/\/ai-unsa.ac-reunion.fr\/?page_id=419"},"modified":"2023-09-27T21:38:23","modified_gmt":"2023-09-27T17:38:23","slug":"commissaires-paritaires","status":"publish","type":"page","link":"https:\/\/etab.ac-reunion.fr\/ai-unsa-reunion\/commissaires-paritaires\/","title":{"rendered":"Commissaires paritaires"},"content":{"rendered":"<div dir=\"ltr\" data-setdir=\"false\"><strong>Commissaires Paritaires ADJAENES :<\/strong><\/div>\n<div dir=\"ltr\" data-setdir=\"false\"><\/div>\n<div dir=\"ltr\" data-setdir=\"false\">GRONDIN Eric (Coll\u00e8ge Joseph Hubert) : eric.grondin@ac-reunion.fr<\/div>\n<div dir=\"ltr\" data-setdir=\"false\">DOUGLAS Nad\u00e8ge (Rectorat) : nadege.douglas@ac-reunion.fr<\/div>\n<div dir=\"ltr\" data-setdir=\"false\"><\/div>\n<div dir=\"ltr\" data-setdir=\"false\"><\/div>\n<div dir=\"ltr\" data-setdir=\"false\"><strong>Commissaires Paritaires SAENES :<\/strong><\/div>\n<div dir=\"ltr\" data-setdir=\"false\"><\/div>\n<div dir=\"ltr\" data-setdir=\"false\">LEBON Julien (Coll\u00e8ge Montgaillard) : julien.lebon@ac-reunion.fr<\/div>\n<div dir=\"ltr\" data-setdir=\"false\">ROBERT Edith (Lyc\u00e9e Leconte Delisle) : marie-edith.robert@ac-reunion.fr<\/div>\n<div dir=\"ltr\" data-setdir=\"false\"><\/div>\n<div dir=\"ltr\" data-setdir=\"false\"><\/div>\n<div dir=\"ltr\" data-setdir=\"false\"><strong>Commissaires Paritaires AAE :<\/strong><\/div>\n<div dir=\"ltr\" data-setdir=\"false\"><\/div>\n<div dir=\"ltr\" data-setdir=\"false\">EPERONNIER Ga\u00ebtan (Coll\u00e8ge Plateau Goyaves): gaetan.eperonnier@ac-reunion.fr<\/div>\n<div dir=\"ltr\" data-setdir=\"false\">LUCAS Christine (Coll\u00e8ge Marcel Goulette) : christine.lucas@ac-reunion.fr<\/div>\n<div dir=\"ltr\" data-setdir=\"false\">BREZE Corrine (Rectorat): corrine.breze@ac-reunion.fr<\/div>\n","protected":false},"excerpt":{"rendered":"<p>Commissaires Paritaires ADJAENES : GRONDIN Eric (Coll\u00e8ge Joseph Hubert) : eric.grondin@ac-reunion.fr DOUGLAS Nad\u00e8ge (Rectorat) : nadege.douglas@ac-reunion.fr Commissaires Paritaires SAENES : LEBON Julien (Coll\u00e8ge Montgaillard) : julien.lebon@ac-reunion.fr ROBERT Edith (Lyc\u00e9e Leconte Delisle) : marie-edith.robert@ac-reunion.fr Commissaires Paritaires AAE : EPERONNIER Ga\u00ebtan (Coll\u00e8ge Plateau Goyaves): gaetan.eperonnier@ac-reunion.fr LUCAS Christine (Coll\u00e8ge Marcel Goulette) : christine.lucas@ac-reunion.fr&#8230;<\/p>\n<p> <a class=\"continue-reading-link\" href=\"https:\/\/etab.ac-reunion.fr\/ai-unsa-reunion\/commissaires-paritaires\/\"><span>Lire la suite<\/span><i class=\"crycon-right-dir\"><\/i><\/a> <\/p>\n","protected":false},"author":27447,"featured_media":0,"parent":0,"menu_order":0,"comment_status":"closed","ping_status":"closed","template":"","meta":{"footnotes":""},"class_list":["post-419","page","type-page","status-publish","hentry"],"_links":{"self":[{"href":"https:\/\/etab.ac-reunion.fr\/ai-unsa-reunion\/wp-json\/wp\/v2\/pages\/419","targetHints":{"allow":["GET"]}}],"collection":[{"href":"https:\/\/etab.ac-reunion.fr\/ai-unsa-reunion\/wp-json\/wp\/v2\/pages"}],"about":[{"href":"https:\/\/etab.ac-reunion.fr\/ai-unsa-reunion\/wp-json\/wp\/v2\/types\/page"}],"author":[{"embeddable":true,"href":"https:\/\/etab.ac-reunion.fr\/ai-unsa-reunion\/wp-json\/wp\/v2\/users\/27447"}],"replies":[{"embeddable":true,"href":"https:\/\/etab.ac-reunion.fr\/ai-unsa-reunion\/wp-json\/wp\/v2\/comments?post=419"}],"version-history":[{"count":4,"href":"https:\/\/etab.ac-reunion.fr\/ai-unsa-reunion\/wp-json\/wp\/v2\/pages\/419\/revisions"}],"predecessor-version":[{"id":1410,"href":"https:\/\/etab.ac-reunion.fr\/ai-unsa-reunion\/wp-json\/wp\/v2\/pages\/419\/revisions\/1410"}],"wp:attachment":[{"href":"https:\/\/etab.ac-reunion.fr\/ai-unsa-reunion\/wp-json\/wp\/v2\/media?parent=419"}],"curies":[{"name":"wp","href":"https:\/\/api.w.org\/{rel}","templated":true}]}}