{"id":90,"date":"2014-06-26T11:28:48","date_gmt":"2014-06-26T07:28:48","guid":{"rendered":"http:\/\/ai-unsa.ac-reunion.fr\/?page_id=90"},"modified":"2014-06-26T11:55:23","modified_gmt":"2014-06-26T07:55:23","slug":"mentions-legales","status":"publish","type":"page","link":"https:\/\/etab.ac-reunion.fr\/ai-unsa-reunion\/mentions-legales\/","title":{"rendered":"Mentions l\u00e9gales"},"content":{"rendered":"<h4><span style=\"text-decoration: underline\">Editeur:<\/span><\/h4>\n<p>Syndicat A&amp;I UNSA la R\u00e9union<\/p>\n<p>Rectorat de la R\u00e9union<\/p>\n<p>CS71003<\/p>\n<p>24 Avenue georges BRASSENS<br \/>\n97\u00a0702 SAINT-DENIS CEDEX<br \/>\nT\u00e9l: <span style=\"color: #4292a8\">0262.48 14\u00a0 65 <\/span>Fax: <span style=\"color: #4292a8\">0262.48 11 07<\/span><\/p>\n<h4><span style=\"text-decoration: underline\">Directeur de la publication et responsable de la r\u00e9daction:<\/span><\/h4>\n<p>Mr\u00a0CHANE A LUNE\u00a0 Secr\u00e9taire acad\u00e9mique syndicat A&amp;I UNSA\u00a0de la R\u00e9union.<\/p>\n<h4><span style=\"text-decoration: underline\">Conception et r\u00e9alisation:<\/span><\/h4>\n<p>R\u00e9alisation interne \u00e0 l&rsquo;\u00e9tablissement par Mr CHANE A LUNE Jacky<\/p>\n<h4><span style=\"text-decoration: underline\">Fournisseur de l&rsquo;h\u00e9bergement:<\/span><\/h4>\n<p>Rectorat de l\u2019Acad\u00e9mie de La R\u00e9union<br \/>\nSecr\u00e9tariat g\u00e9n\u00e9ral \u2013 Service Communication<br \/>\n24, Avenue Georges Brassens \u2013 97702 \u2013 St-Denis \u2013 Messag Cedex 9<\/p>\n<h4><span style=\"text-decoration: underline\">Propri\u00e9t\u00e9 intellectuelle:<\/span><\/h4>\n<p><em>Les photographies, textes, slogans, dessins, images, s\u00e9quences anim\u00e9es,<\/em><br \/>\n<em> sonores ou non, ainsi que toutes les \u0153uvres int\u00e9gr\u00e9es dans le site sont la propri\u00e9t\u00e9<\/em><br \/>\n<em> de l&rsquo;\u00e9diteur du site ou de tiers ayant autoris\u00e9 l&rsquo;\u00e9diteur du site \u00e0 les utiliser.<\/em><br \/>\n<em> Toute reproduction totale ou partielle de ces \u00e9l\u00e9ments sans l&rsquo;autorisation expresse de<\/em><br \/>\n<em> l&rsquo;exploitant du site Internet ou de ses ayant-droit est prohib\u00e9e, au sens de l&rsquo;article L713-2 du CPI.<\/em><\/p>\n","protected":false},"excerpt":{"rendered":"<p>Editeur: Syndicat A&amp;I UNSA la R\u00e9union Rectorat de la R\u00e9union CS71003 24 Avenue georges BRASSENS 97\u00a0702 SAINT-DENIS CEDEX T\u00e9l: 0262.48 14\u00a0 65 Fax: 0262.48 11 07 Directeur de la publication et responsable de la r\u00e9daction: Mr\u00a0CHANE A LUNE\u00a0 Secr\u00e9taire acad\u00e9mique syndicat A&amp;I UNSA\u00a0de la R\u00e9union. Conception et r\u00e9alisation: R\u00e9alisation interne&#8230;<\/p>\n<p> <a class=\"continue-reading-link\" href=\"https:\/\/etab.ac-reunion.fr\/ai-unsa-reunion\/mentions-legales\/\"><span>Lire la suite<\/span><i class=\"crycon-right-dir\"><\/i><\/a> <\/p>\n","protected":false},"author":1,"featured_media":0,"parent":0,"menu_order":0,"comment_status":"open","ping_status":"open","template":"","meta":{"footnotes":""},"class_list":["post-90","page","type-page","status-publish","hentry"],"_links":{"self":[{"href":"https:\/\/etab.ac-reunion.fr\/ai-unsa-reunion\/wp-json\/wp\/v2\/pages\/90","targetHints":{"allow":["GET"]}}],"collection":[{"href":"https:\/\/etab.ac-reunion.fr\/ai-unsa-reunion\/wp-json\/wp\/v2\/pages"}],"about":[{"href":"https:\/\/etab.ac-reunion.fr\/ai-unsa-reunion\/wp-json\/wp\/v2\/types\/page"}],"author":[{"embeddable":true,"href":"https:\/\/etab.ac-reunion.fr\/ai-unsa-reunion\/wp-json\/wp\/v2\/users\/1"}],"replies":[{"embeddable":true,"href":"https:\/\/etab.ac-reunion.fr\/ai-unsa-reunion\/wp-json\/wp\/v2\/comments?post=90"}],"version-history":[{"count":3,"href":"https:\/\/etab.ac-reunion.fr\/ai-unsa-reunion\/wp-json\/wp\/v2\/pages\/90\/revisions"}],"predecessor-version":[{"id":101,"href":"https:\/\/etab.ac-reunion.fr\/ai-unsa-reunion\/wp-json\/wp\/v2\/pages\/90\/revisions\/101"}],"wp:attachment":[{"href":"https:\/\/etab.ac-reunion.fr\/ai-unsa-reunion\/wp-json\/wp\/v2\/media?parent=90"}],"curies":[{"name":"wp","href":"https:\/\/api.w.org\/{rel}","templated":true}]}}