{"id":40,"date":"2013-06-06T07:42:57","date_gmt":"2013-06-06T03:42:57","guid":{"rendered":"http:\/\/college-12eme.ac-reunion.fr\/?page_id=40"},"modified":"2025-11-07T10:32:09","modified_gmt":"2025-11-07T06:32:09","slug":"mentions-legales","status":"publish","type":"page","link":"https:\/\/etab.ac-reunion.fr\/clg-12eme\/mentions-legales\/","title":{"rendered":"Mentions l\u00e9gales"},"content":{"rendered":"<h5><strong><div class=\"su-heading su-heading-style-default su-heading-align-center\" id=\"\" style=\"font-size:13px;margin-bottom:20px\"><div class=\"su-heading-inner\"><\/div><\/div>\u00c9diteur<\/strong><\/h5>\n<p>Coll\u00e8gue du 12eme<\/p>\n<p>94 Rue Georges Pompidou<br \/>\n97430 LE TAMPON<br \/>\nTEL : 0262 34 57 80<br \/>\nMEL : ce.9741581a@ac-reunion.fr<\/p>\n<h5><strong>Directeur de la publication<\/strong><\/h5>\n<p style=\"text-align: left\">Mme FARADON- Principale<\/p>\n<h5><strong>Conception &#8211; R\u00e9alisation<\/strong><\/h5>\n<p>Gilles ROUSSEAU<\/p>\n<h5><strong>H\u00e9bergeur du site<\/strong><\/h5>\n<p>Rectorat de l\u2019Acad\u00e9mie de La R\u00e9union<\/p>\n<p>24, Avenue Georges Brassens<\/p>\n<p>CS 71003<\/p>\n<p>97743\u00a0 St-Denis Cedex 9<\/p>\n<p>T\u00e9l : +262 (0)2 62 48 10 10<\/p>\n<h5><strong>Propri\u00e9t\u00e9 intellectuelle<\/strong><\/h5>\n<p>En application des articles L. 111-1 et L. 123-1 du Code de la Propri\u00e9t\u00e9 Intellectuelle, l\u2019ensemble des contenus de ce site (textes, slogans, images, dessins, s\u00e9quences anim\u00e9es, sonores ou non, vid\u00e9os et tout m\u00e9dia en g\u00e9n\u00e9ral), sauf mention contraire explicite, est prot\u00e9g\u00e9 par le droit d\u2019auteur. La reproduction, m\u00eame partielle, des contenus des pages de ce site sans accord pr\u00e9alable du directeur de la publication est strictement interdite.<\/p>\n","protected":false},"excerpt":{"rendered":"<p>\u00c9diteur Coll\u00e8gue du 12eme 94 Rue Georges Pompidou 97430 LE TAMPON TEL : 0262 34 57 80 MEL : ce.9741581a@ac-reunion.fr Directeur de la publication Mme FARADON- Principale Conception &#8211; R\u00e9alisation Gilles ROUSSEAU H\u00e9bergeur du site Rectorat de l\u2019Acad\u00e9mie de La R\u00e9union 24, Avenue Georges Brassens CS 71003 97743\u00a0 St-Denis Cedex &hellip;<\/p>\n","protected":false},"author":11869,"featured_media":0,"parent":0,"menu_order":0,"comment_status":"closed","ping_status":"closed","template":"","meta":{"footnotes":"","_links_to":"","_links_to_target":""},"class_list":["post-40","page","type-page","status-publish","hentry"],"_links":{"self":[{"href":"https:\/\/etab.ac-reunion.fr\/clg-12eme\/wp-json\/wp\/v2\/pages\/40","targetHints":{"allow":["GET"]}}],"collection":[{"href":"https:\/\/etab.ac-reunion.fr\/clg-12eme\/wp-json\/wp\/v2\/pages"}],"about":[{"href":"https:\/\/etab.ac-reunion.fr\/clg-12eme\/wp-json\/wp\/v2\/types\/page"}],"author":[{"embeddable":true,"href":"https:\/\/etab.ac-reunion.fr\/clg-12eme\/wp-json\/wp\/v2\/users\/11869"}],"replies":[{"embeddable":true,"href":"https:\/\/etab.ac-reunion.fr\/clg-12eme\/wp-json\/wp\/v2\/comments?post=40"}],"version-history":[{"count":30,"href":"https:\/\/etab.ac-reunion.fr\/clg-12eme\/wp-json\/wp\/v2\/pages\/40\/revisions"}],"predecessor-version":[{"id":3755,"href":"https:\/\/etab.ac-reunion.fr\/clg-12eme\/wp-json\/wp\/v2\/pages\/40\/revisions\/3755"}],"wp:attachment":[{"href":"https:\/\/etab.ac-reunion.fr\/clg-12eme\/wp-json\/wp\/v2\/media?parent=40"}],"curies":[{"name":"wp","href":"https:\/\/api.w.org\/{rel}","templated":true}]}}