{"id":319,"date":"2015-04-03T13:13:43","date_gmt":"2015-04-03T12:13:43","guid":{"rendered":"http:\/\/college-14e.ac-reunion.fr\/?page_id=319"},"modified":"2015-04-03T13:16:19","modified_gmt":"2015-04-03T12:16:19","slug":"charte-du-collegien","status":"publish","type":"page","link":"https:\/\/etab.ac-reunion.fr\/clg-14eme\/charte-du-collegien\/","title":{"rendered":"Charte du coll\u00e9gien"},"content":{"rendered":"<p><strong><span style=\"color: #ff0000\">L\u2019\u00e9l\u00e8ve se doit de respecter le r\u00e8glement int\u00e9rieur mais aussi la charte \u00e9labor\u00e9e par les enseignants.<\/span><\/strong><\/p>\n<ul>\n<li><strong>\u00a0 \u00catre ponctuel (se ranger dans la cour et devant les salles en silence).<\/strong><\/li>\n<\/ul>\n<ul>\n<li><strong>Apprendre ses le\u00e7ons r\u00e9guli\u00e8rement apr\u00e8s chaque cours (contr\u00f4les inopin\u00e9s).<\/strong><\/li>\n<\/ul>\n<ul>\n<li><strong>Faire le travail demand\u00e9 \u00e0 la maison et en classe (Base de toute r\u00e9ussite).<\/strong><\/li>\n<\/ul>\n<ul>\n<li><strong>Avoir son mat\u00e9riel (adapt\u00e9 \u00e0 chaque mati\u00e8re).<\/strong><\/li>\n<\/ul>\n<p><strong><strong>Classeur ou cahier, manuels, stylos de diff\u00e9rentes couleurs, colles, ciseaux, blanco, copies doubles, crayons, gomme, etc\u2026 En sport\u00a0: tenue adapt\u00e9e et \u00e9ventuellement casquette, cr\u00e8me solaire, tenue de rechange, etc\u2026<\/strong><\/strong><\/p>\n<ul>\n<li><strong>Participer et intervenir pendant les cours avec le respect et la politesse qui s\u2019imposent. Ne pas h\u00e9siter \u00e0 demander des explications \u00e0 l\u2019enseignant.<\/strong><\/li>\n<\/ul>\n<ul>\n<li><strong>Respecter le cadre de travail et les outils mis \u00e0 la disposition (salle \u2013 tables \u2013 murs \u2013 sols \u2013gymnase\u2026)<\/strong><\/li>\n<\/ul>\n<ul>\n<li><strong><strong>T\u00e9moigner du respect aux enseignants, \u00e0 tout adulte du coll\u00e8ge et aussi aux camarades de classe en \u00e9tant calme et attentif (PAS de bavardages ou d\u2019incivilit\u00e9s c\u2019est-\u00e0-dire insolences, chewing-gum, triche, casquette, violence, agressivit\u00e9, etc\u2026).<\/strong><\/strong><\/li>\n<\/ul>\n","protected":false},"excerpt":{"rendered":"<p>L\u2019\u00e9l\u00e8ve se doit de respecter le r\u00e8glement int\u00e9rieur mais aussi la charte \u00e9labor\u00e9e par les enseignants. \u00a0 \u00catre ponctuel (se ranger dans la cour et devant les salles en silence). Apprendre ses le\u00e7ons r\u00e9guli\u00e8rement apr\u00e8s chaque cours (contr\u00f4les inopin\u00e9s). Faire le travail demand\u00e9 \u00e0 la maison et en classe (Base de toute r\u00e9ussite). Avoir son [&hellip;]<\/p>\n","protected":false},"author":3664,"featured_media":0,"parent":0,"menu_order":0,"comment_status":"closed","ping_status":"closed","template":"","meta":{"footnotes":""},"class_list":["post-319","page","type-page","status-publish","hentry"],"_links":{"self":[{"href":"https:\/\/etab.ac-reunion.fr\/clg-14eme\/wp-json\/wp\/v2\/pages\/319","targetHints":{"allow":["GET"]}}],"collection":[{"href":"https:\/\/etab.ac-reunion.fr\/clg-14eme\/wp-json\/wp\/v2\/pages"}],"about":[{"href":"https:\/\/etab.ac-reunion.fr\/clg-14eme\/wp-json\/wp\/v2\/types\/page"}],"author":[{"embeddable":true,"href":"https:\/\/etab.ac-reunion.fr\/clg-14eme\/wp-json\/wp\/v2\/users\/3664"}],"replies":[{"embeddable":true,"href":"https:\/\/etab.ac-reunion.fr\/clg-14eme\/wp-json\/wp\/v2\/comments?post=319"}],"version-history":[{"count":3,"href":"https:\/\/etab.ac-reunion.fr\/clg-14eme\/wp-json\/wp\/v2\/pages\/319\/revisions"}],"predecessor-version":[{"id":323,"href":"https:\/\/etab.ac-reunion.fr\/clg-14eme\/wp-json\/wp\/v2\/pages\/319\/revisions\/323"}],"wp:attachment":[{"href":"https:\/\/etab.ac-reunion.fr\/clg-14eme\/wp-json\/wp\/v2\/media?parent=319"}],"curies":[{"name":"wp","href":"https:\/\/api.w.org\/{rel}","templated":true}]}}