{"id":91,"date":"2015-02-20T11:34:49","date_gmt":"2015-02-20T10:34:49","guid":{"rendered":"http:\/\/college-14e.ac-reunion.fr\/?page_id=91"},"modified":"2016-02-18T13:16:15","modified_gmt":"2016-02-18T12:16:15","slug":"metice","status":"publish","type":"page","link":"https:\/\/etab.ac-reunion.fr\/clg-14eme\/metice\/","title":{"rendered":"M\u00e9tice"},"content":{"rendered":"<p>Cliquez sur l&rsquo;image pour acc\u00e9der au <strong><span style=\"color: #3366ff\">site M\u00e9tice de l&rsquo;acad\u00e9mie de la R\u00e9union<\/span><\/strong>.<\/p>\n<p><a href=\"http:\/\/metice.ac-reunion.fr\" target=\"_blank\"><img loading=\"lazy\" decoding=\"async\" class=\"aligncenter wp-image-281 size-medium\" src=\"https:\/\/etab.ac-reunion.fr\/clg-14eme\/wp-content\/uploads\/sites\/102\/2015\/02\/Capture-site-M\u00e9tice-300x133.jpg\" alt=\"Capture site M\u00e9tice\" width=\"300\" height=\"133\" \/><\/a><\/p>\n","protected":false},"excerpt":{"rendered":"<p>Cliquez sur l&rsquo;image pour acc\u00e9der au site M\u00e9tice de l&rsquo;acad\u00e9mie de la R\u00e9union.<\/p>\n","protected":false},"author":3664,"featured_media":0,"parent":0,"menu_order":0,"comment_status":"closed","ping_status":"closed","template":"","meta":{"footnotes":""},"class_list":["post-91","page","type-page","status-publish","hentry"],"_links":{"self":[{"href":"https:\/\/etab.ac-reunion.fr\/clg-14eme\/wp-json\/wp\/v2\/pages\/91","targetHints":{"allow":["GET"]}}],"collection":[{"href":"https:\/\/etab.ac-reunion.fr\/clg-14eme\/wp-json\/wp\/v2\/pages"}],"about":[{"href":"https:\/\/etab.ac-reunion.fr\/clg-14eme\/wp-json\/wp\/v2\/types\/page"}],"author":[{"embeddable":true,"href":"https:\/\/etab.ac-reunion.fr\/clg-14eme\/wp-json\/wp\/v2\/users\/3664"}],"replies":[{"embeddable":true,"href":"https:\/\/etab.ac-reunion.fr\/clg-14eme\/wp-json\/wp\/v2\/comments?post=91"}],"version-history":[{"count":6,"href":"https:\/\/etab.ac-reunion.fr\/clg-14eme\/wp-json\/wp\/v2\/pages\/91\/revisions"}],"predecessor-version":[{"id":1165,"href":"https:\/\/etab.ac-reunion.fr\/clg-14eme\/wp-json\/wp\/v2\/pages\/91\/revisions\/1165"}],"wp:attachment":[{"href":"https:\/\/etab.ac-reunion.fr\/clg-14eme\/wp-json\/wp\/v2\/media?parent=91"}],"curies":[{"name":"wp","href":"https:\/\/api.w.org\/{rel}","templated":true}]}}