{"id":237,"date":"2011-02-25T10:21:54","date_gmt":"2011-02-25T06:21:54","guid":{"rendered":"http:\/\/172.17.144.201\/wordpress\/?page_id=237"},"modified":"2011-02-25T10:21:54","modified_gmt":"2011-02-25T06:21:54","slug":"unss-2","status":"publish","type":"page","link":"https:\/\/etab.ac-reunion.fr\/clg-achille-grondin\/pedagogie\/eps\/unss-2\/","title":{"rendered":"Description"},"content":{"rendered":"<table style=\"width: 600px\" border=\"1\" cellspacing=\"0\" cellpadding=\"0\">\n<thead>\n<tr style=\"height: 18px\" align=\"center\">\n<th style=\"text-align: center\" width=\"202\" height=\"18\"><span style=\"font-size: small\"><strong>ANIMATEURS<\/strong><\/span><\/th>\n<th style=\"text-align: center\" width=\"200\"><span style=\"font-size: small\"><strong>ACTIVITES<\/strong><\/span><\/th>\n<th style=\"text-align: center;width: 300px\" scope=\"col\" colspan=\"2\"><span style=\"font-size: small\"><strong>JOUR<\/strong><\/span><\/th>\n<\/tr>\n<\/thead>\n<col width=\"202\" \/>\n<col width=\"200\" \/>\n<col width=\"283\" \/>\n<col width=\"283\" \/>\n<tbody>\n<tr>\n<td height=\"18\">Michel CLERC<\/td>\n<td>tennis de table<\/td>\n<td>mercredi12H30 \u00e0 15h30<\/td>\n<td><\/td>\n<\/tr>\n<tr>\n<td height=\"18\">Michel YEDRA<\/td>\n<td>Rugby au stade Babet<\/td>\n<td>mercredi13H00 \u00e0 15H30<\/td>\n<td><\/td>\n<\/tr>\n<tr>\n<td height=\"18\">Pascal VILLONS<\/td>\n<td>Bad au coll\u00e8ge<\/td>\n<td>mardi12H15 \u00e0 13H15<\/td>\n<td>mercredi12h30 \u00e0 14h30<\/td>\n<\/tr>\n<tr>\n<td height=\"18\">Jean-Pascal HENRION<\/td>\n<td>Lutte au coll\u00e8ge<\/td>\n<td>mardi12H15 \u00e0 13H15<\/td>\n<td>mercredi13H00 \u00e0 15H30<\/td>\n<\/tr>\n<tr>\n<td height=\"18\">Philippe MUNDUBELTZ<\/td>\n<td>Escalade P.POIVRE<\/td>\n<td>mercredi13H30 \u00e0 16H30<\/td>\n<td><\/td>\n<\/tr>\n<tr>\n<td height=\"18\">Laurent LAMI<\/td>\n<td>VTT Caverne des Hirondelles<\/td>\n<td>mercredi13H30 \u00e0 16h30<\/td>\n<td>jeudi\/vendredi12h30 \u00e0 13h30<\/td>\n<\/tr>\n<tr>\n<td height=\"18\">Marc SERGENT<\/td>\n<td>VTT Caverne des Hirondelles<\/td>\n<td>mercredi13H30 \u00e0 16h30<\/td>\n<td>jeudi\/vendredi12h30 \u00e0 13h30<\/td>\n<\/tr>\n<\/tbody>\n<\/table>\n<!-- AddThis Advanced Settings generic via filter on the_content --><!-- AddThis Share Buttons generic via filter on the_content -->","protected":false},"excerpt":{"rendered":"<p>ANIMATEURS ACTIVITES JOUR Michel CLERC tennis de table mercredi12H30 \u00e0 15h30 Michel YEDRA Rugby au stade Babet mercredi13H00 \u00e0 15H30 Pascal VILLONS Bad au coll\u00e8ge mardi12H15 \u00e0 13H15 mercredi12h30 \u00e0 14h30 Jean-Pascal HENRION Lutte au coll\u00e8ge mardi12H15 \u00e0 13H15 mercredi13H00 \u00e0 15H30 Philippe MUNDUBELTZ Escalade P.POIVRE mercredi13H30 \u00e0 16H30 Laurent LAMI VTT Caverne des Hirondelles [&hellip;]<!-- AddThis Advanced Settings generic via filter on get_the_excerpt --><!-- AddThis Share Buttons generic via filter on get_the_excerpt --><\/p>\n","protected":false},"author":2249,"featured_media":0,"parent":242,"menu_order":0,"comment_status":"closed","ping_status":"closed","template":"","meta":{"footnotes":""},"class_list":["post-237","page","type-page","status-publish","hentry"],"_links":{"self":[{"href":"https:\/\/etab.ac-reunion.fr\/clg-achille-grondin\/wp-json\/wp\/v2\/pages\/237","targetHints":{"allow":["GET"]}}],"collection":[{"href":"https:\/\/etab.ac-reunion.fr\/clg-achille-grondin\/wp-json\/wp\/v2\/pages"}],"about":[{"href":"https:\/\/etab.ac-reunion.fr\/clg-achille-grondin\/wp-json\/wp\/v2\/types\/page"}],"author":[{"embeddable":true,"href":"https:\/\/etab.ac-reunion.fr\/clg-achille-grondin\/wp-json\/wp\/v2\/users\/2249"}],"replies":[{"embeddable":true,"href":"https:\/\/etab.ac-reunion.fr\/clg-achille-grondin\/wp-json\/wp\/v2\/comments?post=237"}],"version-history":[{"count":0,"href":"https:\/\/etab.ac-reunion.fr\/clg-achille-grondin\/wp-json\/wp\/v2\/pages\/237\/revisions"}],"up":[{"embeddable":true,"href":"https:\/\/etab.ac-reunion.fr\/clg-achille-grondin\/wp-json\/wp\/v2\/pages\/242"}],"wp:attachment":[{"href":"https:\/\/etab.ac-reunion.fr\/clg-achille-grondin\/wp-json\/wp\/v2\/media?parent=237"}],"curies":[{"name":"wp","href":"https:\/\/api.w.org\/{rel}","templated":true}]}}