{"id":1508,"date":"2013-10-08T11:39:44","date_gmt":"2013-10-08T07:39:44","guid":{"rendered":"https:\/\/portail.college-adamdevilliers.re\/wordpress\/?page_id=1508"},"modified":"2025-11-09T18:45:57","modified_gmt":"2025-11-09T14:45:57","slug":"eleves-delegues-de-classe","status":"publish","type":"page","link":"https:\/\/etab.ac-reunion.fr\/clg-adam-de-villiers\/presentation\/le-college-2\/les-eleves-et-parents-elus\/eleves-delegues-de-classe\/","title":{"rendered":"El\u00e8ves \u00e9lus D\u00e9l\u00e9gu\u00e9s de classe"},"content":{"rendered":"\n<p class=\"has-text-align-left\"><em>Les \u00e9lections d&rsquo;\u00e9l\u00e8ves d\u00e9l\u00e9gu\u00e9s de classe pour chaque ann\u00e9e scolaire ont lieu en septembre.<\/em><\/p>\n\n\n\n<h5 class=\"wp-block-heading\"><strong>Ann\u00e9e scolaire 2025-2026<\/strong><\/h5>\n\n\n\n<p><\/p>\n\n\n\n<figure class=\"wp-block-table aligncenter\"><table><tbody><tr><td><strong>CLASSES<\/strong><strong><\/strong><\/td><td><strong>TITULAIRES<\/strong><\/td><td><strong>SUPPL\u00c9ANTS<\/strong><\/td><\/tr><tr><td colspan=\"3\"><strong>&nbsp;<\/strong><\/td><\/tr><tr><td><strong>6<sup>\u00e8me<\/sup> Capucin<\/strong><\/td><td>B. Soline<br>D. Louna<\/td><td>D. Adrien<br>A. Eden<\/td><\/tr><tr><td><strong>6<sup>\u00e8me<\/sup> Corail<\/strong><\/td><td>F. Keylian <br>R. Chlo\u00e9<\/td><td>M. Aiden<br>B. C. Johanne<\/td><\/tr><tr><td><strong>6<sup>\u00e8me<\/sup> Gecko<\/strong><\/td><td>D. C. Hanae <br>F. Salom\u00e9<\/td><td>D. Lilwenn <br>M. L\u00e9na<\/td><\/tr><tr><td><strong>6<sup>\u00e8me<\/sup> Tec-Tec<\/strong><\/td><td>P. Carmen <br>B. Mila<\/td><td>S.-A. Lisa <br>G. Jade<\/td><\/tr><tr><td><strong>6<sup>\u00e8me<\/sup> Tuit-Tuit<\/strong><\/td><td>B. Louise <br>S. Yamila<\/td><td>G. Anne Lou <br>L. Maya<\/td><\/tr><tr><td colspan=\"3\"><strong>&nbsp;<\/strong><\/td><\/tr><tr><td><strong>5<sup>\u00e8me<\/sup> G\u00e9ranium<\/strong><\/td><td>G. Anne Lou<br>L. Maya<\/td><td>B. Louise<br>S. Yamila<\/td><\/tr><tr><td><strong>5<sup>\u00e8me<\/sup> Jasmin<\/strong><\/td><td>R. Lisy<br>S.C. Roihime<\/td><td>B. Kellya<br>O. Soren<\/td><\/tr><tr><td><strong>5<sup>\u00e8me<\/sup> Safran<\/strong><\/td><td>L. Charlotte<br>B. Mila<\/td><td>L. Rapha\u00ebl<br>R. J\u00e9hanne<\/td><\/tr><tr><td><strong>5<sup>\u00e8me<\/sup> Vanille<\/strong><\/td><td>L. L\u00e9a<br>G. Tristan<\/td><td>G. Jade<br>H. Abyga\u00eblle<\/td><\/tr><tr><td><strong>5<sup>\u00e8me<\/sup> V\u00e9tiver<\/strong><\/td><td>A. Youvaradjakoumarl<br>F. Ang\u00e9ly<\/td><td>P. Kilyan<br>H. Djennell<\/td><\/tr><tr><td><strong>5<sup>\u00e8me<\/sup> Ylang<\/strong><\/td><td>M. Sohane<br>F. Ma\u00eblys<\/td><td>K. \u00c9va<br>H. \u00c9lisa<\/td><\/tr><tr><td colspan=\"3\"><strong>&nbsp;<\/strong><\/td><\/tr><tr><td><strong>4<sup>\u00e8me<\/sup> Benjoin<\/strong><\/td><td>P. \u00c9than<br>R. Robin<\/td><td>M. Mya<br>F. Tao<\/td><\/tr><tr><td><strong>4<sup>\u00e8me<\/sup> Fanjan<\/strong><\/td><td>F. Antoine<br>T. Th\u00e9o<\/td><td>C. L\u00e9o<br>L. Alexia<\/td><\/tr><tr><td><strong>4<sup>\u00e8me<\/sup> Latanier<\/strong><\/td><td>W. Maxime<br>O. \u00c9than<\/td><td>M. Sayan<br>S. Rafael<\/td><\/tr><tr><td><strong>4<sup>\u00e8me<\/sup> Mahot<\/strong><\/td><td>M. Ryan<br>K.C.A. Mei Lynn<\/td><td>PE. \u00c9than<br>P.H. \u00c9lisa<\/td><\/tr><tr><td><strong>4<sup>\u00e8me<\/sup> Palmiste<\/strong><\/td><td>B. Ma\u00ebl<br>J. Ma\u00ebl<\/td><td>P.B. Lucia<br>B. \u00c9n\u00e9a<\/td><\/tr><tr><td colspan=\"3\"><strong>&nbsp;<\/strong><\/td><\/tr><tr><td><strong>3<sup>\u00e8me<\/sup> Mascarin<\/strong><\/td><td>D. Louison <br>C. Zaara<\/td><td>B.C. Rosa<br>H. Clarence<\/td><\/tr><tr><td><strong>3<sup>\u00e8me<\/sup> Merle<\/strong><\/td><td>G. Gabriel<br>V. L\u00e9ana<\/td><td>Q.V. Keyran<br>D. Wendy<\/td><\/tr><tr><td><strong>3<sup>\u00e8me<\/sup> Papangue<\/strong><\/td><td>B. Ga\u00efa<br>F. Baptiste<\/td><td>G. Babette<br>A. Nolan<\/td><\/tr><tr><td><strong>3<sup>\u00e8me<\/sup> P\u00e9trel<\/strong><\/td><td>B. Aurore<br>L. Ma\u00ebl<\/td><td>D. Sarah-Michelle<br>M.-R. Gabin<\/td><\/tr><tr><td><strong>3<sup>\u00e8me<\/sup> Sterne<\/strong><\/td><td>M. Ibtissam<br>P. Maxime<\/td><td>Z.F. Ma\u00ebl<br>M. Matisse<\/td><\/tr><tr><td><strong>3<sup>\u00e8me<\/sup> Timize<\/strong><\/td><td>H. Lucas<br>K. Jimmy<\/td><td>G. J\u00e9r\u00e9my<br>A. Lenny<\/td><\/tr><\/tbody><\/table><\/figure>\n","protected":false},"excerpt":{"rendered":"<p>Les \u00e9lections d&rsquo;\u00e9l\u00e8ves d\u00e9l\u00e9gu\u00e9s de classe pour chaque ann\u00e9e scolaire ont lieu en septembre. Ann\u00e9e scolaire 2025-2026 CLASSES TITULAIRES SUPPL\u00c9ANTS &nbsp; 6\u00e8me Capucin B. SolineD. Louna D. AdrienA. Eden 6\u00e8me Corail F. Keylian R. Chlo\u00e9 M. AidenB. C. Johanne 6\u00e8me Gecko D. C. Hanae F. Salom\u00e9 D. Lilwenn M. L\u00e9na\u2026<\/p>\n<p> <a class=\"continue-reading-link\" href=\"https:\/\/etab.ac-reunion.fr\/clg-adam-de-villiers\/presentation\/le-college-2\/les-eleves-et-parents-elus\/eleves-delegues-de-classe\/\"><span>Lire l&rsquo;article<\/span><i class=\"crycon-right-dir\"><\/i><\/a> <\/p>\n","protected":false},"author":9172,"featured_media":0,"parent":1525,"menu_order":0,"comment_status":"closed","ping_status":"closed","template":"","meta":{"_EventAllDay":false,"_EventTimezone":"","_EventStartDate":"","_EventEndDate":"","_EventStartDateUTC":"","_EventEndDateUTC":"","_EventShowMap":false,"_EventShowMapLink":false,"_EventURL":"","_EventCost":"","_EventCostDescription":"","_EventCurrencySymbol":"","_EventCurrencyCode":"","_EventCurrencyPosition":"","_EventDateTimeSeparator":"","_EventTimeRangeSeparator":"","_EventOrganizerID":[],"_EventVenueID":[],"_OrganizerEmail":"","_OrganizerPhone":"","_OrganizerWebsite":"","_VenueAddress":"","_VenueCity":"","_VenueCountry":"","_VenueProvince":"","_VenueState":"","_VenueZip":"","_VenuePhone":"","_VenueURL":"","_VenueStateProvince":"","_VenueLat":"","_VenueLng":"","_VenueShowMap":false,"_VenueShowMapLink":false,"footnotes":""},"class_list":["post-1508","page","type-page","status-publish","hentry"],"_links":{"self":[{"href":"https:\/\/etab.ac-reunion.fr\/clg-adam-de-villiers\/wp-json\/wp\/v2\/pages\/1508","targetHints":{"allow":["GET"]}}],"collection":[{"href":"https:\/\/etab.ac-reunion.fr\/clg-adam-de-villiers\/wp-json\/wp\/v2\/pages"}],"about":[{"href":"https:\/\/etab.ac-reunion.fr\/clg-adam-de-villiers\/wp-json\/wp\/v2\/types\/page"}],"author":[{"embeddable":true,"href":"https:\/\/etab.ac-reunion.fr\/clg-adam-de-villiers\/wp-json\/wp\/v2\/users\/9172"}],"replies":[{"embeddable":true,"href":"https:\/\/etab.ac-reunion.fr\/clg-adam-de-villiers\/wp-json\/wp\/v2\/comments?post=1508"}],"version-history":[{"count":47,"href":"https:\/\/etab.ac-reunion.fr\/clg-adam-de-villiers\/wp-json\/wp\/v2\/pages\/1508\/revisions"}],"predecessor-version":[{"id":12161,"href":"https:\/\/etab.ac-reunion.fr\/clg-adam-de-villiers\/wp-json\/wp\/v2\/pages\/1508\/revisions\/12161"}],"up":[{"embeddable":true,"href":"https:\/\/etab.ac-reunion.fr\/clg-adam-de-villiers\/wp-json\/wp\/v2\/pages\/1525"}],"wp:attachment":[{"href":"https:\/\/etab.ac-reunion.fr\/clg-adam-de-villiers\/wp-json\/wp\/v2\/media?parent=1508"}],"curies":[{"name":"wp","href":"https:\/\/api.w.org\/{rel}","templated":true}]}}