{"id":220,"date":"2012-06-26T16:29:00","date_gmt":"2012-06-26T12:29:00","guid":{"rendered":"https:\/\/portail.college-adamdevilliers.re\/wordpress\/?page_id=220"},"modified":"2023-09-28T18:42:07","modified_gmt":"2023-09-28T14:42:07","slug":"linfirmerie","status":"publish","type":"page","link":"https:\/\/etab.ac-reunion.fr\/clg-adam-de-villiers\/administration\/linfirmerie\/","title":{"rendered":"L&rsquo;infirmerie"},"content":{"rendered":"<div dir=\"ltr\">\n<h6 class=\"gmail_default\"><strong>L&rsquo;infirmi\u00e8re est en poste inter-degr\u00e9 c&rsquo;est \u00e0 dire qu&rsquo;elle travaille sur le coll\u00e8ge et les \u00e9coles du secteur.<\/strong><\/h6>\n<h6 class=\"gmail_default\"><strong>Elle est pr\u00e9sente au Coll\u00e8ge :<\/strong><\/h6>\n<h6 class=\"gmail_default\"><strong>&#8211; mardi : en semaine A toute la journ\u00e9e<\/strong><\/h6>\n<h6><strong>\u00a0 \u00a0 \u00a0 \u00a0 \u00a0 \u00a0 \u00a0 \u00a0 \u00a0en semaine B le matin uniquement<\/strong><\/h6>\n<h6><strong>&#8211; jeudi : toute la journ\u00e9e<\/strong><\/h6>\n<h6><strong>&#8211; vendredi : le matin<\/strong><\/h6>\n<h6 class=\"gmail_default\"><strong>Il est possible de la joindre au <em>0262.31.44.03<\/em> ou par mail \u00e0 <em>smercier@ac-reunion.fr <\/em>pour un RDV.<\/strong><\/h6>\n<h6><strong>Depuis la rentr\u00e9e 2023, l\u2019infirmi\u00e8re utilise l\u2019application LIEN ( logiciel infirmier de l\u2019Education Nationale) pour la gestion des passages des \u00e9l\u00e8ves.<\/strong><\/h6>\n<\/div>\n\n\n<p>.<\/p>\n\n\n\n<p>.<\/p>\n\n\n\n<p>.<\/p>\n\n\n\n<p class=\"has-text-align-center\">Application LIEN (Logiciel infirmier de l&rsquo;\u00c9ducation Nationale)<br>Information \u00e0 l&rsquo;attention des familles<\/p>\n\n\n<div class=\"wp-block-image\">\n<figure class=\"aligncenter size-full\"><a href=\"https:\/\/etab.ac-reunion.fr\/clg-adam-de-villiers\/wp-content\/uploads\/sites\/134\/2023\/09\/230928-Generalisation-LIEN-sept-2023-Info-parents.pdf\" target=\"_blank\" rel=\"noreferrer noopener\"><img loading=\"lazy\" decoding=\"async\" width=\"99\" height=\"122\" src=\"https:\/\/etab.ac-reunion.fr\/clg-adam-de-villiers\/wp-content\/uploads\/sites\/134\/2021\/06\/Logo-PDF.jpg\" alt=\"\" class=\"wp-image-7579\" \/><\/a><\/figure>\n<\/div>","protected":false},"excerpt":{"rendered":"<p>L&rsquo;infirmi\u00e8re est en poste inter-degr\u00e9 c&rsquo;est \u00e0 dire qu&rsquo;elle travaille sur le coll\u00e8ge et les \u00e9coles du secteur. Elle est pr\u00e9sente au Coll\u00e8ge : &#8211; mardi : en semaine A toute la journ\u00e9e \u00a0 \u00a0 \u00a0 \u00a0 \u00a0 \u00a0 \u00a0 \u00a0 \u00a0en semaine B le matin uniquement &#8211; jeudi :\u2026<\/p>\n<p> <a class=\"continue-reading-link\" href=\"https:\/\/etab.ac-reunion.fr\/clg-adam-de-villiers\/administration\/linfirmerie\/\"><span>Lire l&rsquo;article<\/span><i class=\"crycon-right-dir\"><\/i><\/a> <\/p>\n","protected":false},"author":9172,"featured_media":0,"parent":2452,"menu_order":5,"comment_status":"closed","ping_status":"closed","template":"","meta":{"_EventAllDay":false,"_EventTimezone":"","_EventStartDate":"","_EventEndDate":"","_EventStartDateUTC":"","_EventEndDateUTC":"","_EventShowMap":false,"_EventShowMapLink":false,"_EventURL":"","_EventCost":"","_EventCostDescription":"","_EventCurrencySymbol":"","_EventCurrencyCode":"","_EventCurrencyPosition":"","_EventDateTimeSeparator":"","_EventTimeRangeSeparator":"","_EventOrganizerID":[],"_EventVenueID":[],"_OrganizerEmail":"","_OrganizerPhone":"","_OrganizerWebsite":"","_VenueAddress":"","_VenueCity":"","_VenueCountry":"","_VenueProvince":"","_VenueState":"","_VenueZip":"","_VenuePhone":"","_VenueURL":"","_VenueStateProvince":"","_VenueLat":"","_VenueLng":"","_VenueShowMap":false,"_VenueShowMapLink":false,"footnotes":""},"class_list":["post-220","page","type-page","status-publish","hentry"],"_links":{"self":[{"href":"https:\/\/etab.ac-reunion.fr\/clg-adam-de-villiers\/wp-json\/wp\/v2\/pages\/220","targetHints":{"allow":["GET"]}}],"collection":[{"href":"https:\/\/etab.ac-reunion.fr\/clg-adam-de-villiers\/wp-json\/wp\/v2\/pages"}],"about":[{"href":"https:\/\/etab.ac-reunion.fr\/clg-adam-de-villiers\/wp-json\/wp\/v2\/types\/page"}],"author":[{"embeddable":true,"href":"https:\/\/etab.ac-reunion.fr\/clg-adam-de-villiers\/wp-json\/wp\/v2\/users\/9172"}],"replies":[{"embeddable":true,"href":"https:\/\/etab.ac-reunion.fr\/clg-adam-de-villiers\/wp-json\/wp\/v2\/comments?post=220"}],"version-history":[{"count":36,"href":"https:\/\/etab.ac-reunion.fr\/clg-adam-de-villiers\/wp-json\/wp\/v2\/pages\/220\/revisions"}],"predecessor-version":[{"id":10598,"href":"https:\/\/etab.ac-reunion.fr\/clg-adam-de-villiers\/wp-json\/wp\/v2\/pages\/220\/revisions\/10598"}],"up":[{"embeddable":true,"href":"https:\/\/etab.ac-reunion.fr\/clg-adam-de-villiers\/wp-json\/wp\/v2\/pages\/2452"}],"wp:attachment":[{"href":"https:\/\/etab.ac-reunion.fr\/clg-adam-de-villiers\/wp-json\/wp\/v2\/media?parent=220"}],"curies":[{"name":"wp","href":"https:\/\/api.w.org\/{rel}","templated":true}]}}