{"id":404,"date":"2021-02-19T10:00:30","date_gmt":"2021-02-19T06:00:30","guid":{"rendered":"https:\/\/portail.college-adamdevilliers.re\/wordpress\/?page_id=404"},"modified":"2023-02-05T12:44:00","modified_gmt":"2023-02-05T08:44:00","slug":"marches-attribues","status":"publish","type":"page","link":"https:\/\/etab.ac-reunion.fr\/clg-adam-de-villiers\/marches-publics\/marches-attribues\/","title":{"rendered":"March\u00e9s attribu\u00e9s"},"content":{"rendered":"<h2><a href=\"https:\/\/etab.ac-reunion.fr\/clg-adam-de-villiers\/wp-content\/uploads\/sites\/134\/2012\/07\/Logo-Coll\u00e8ge.jpg\"><img loading=\"lazy\" decoding=\"async\" class=\"wp-image-9834 size-full alignleft\" src=\"https:\/\/etab.ac-reunion.fr\/clg-adam-de-villiers\/wp-content\/uploads\/sites\/134\/2023\/02\/Logo-clg-adam-de-villiers-100x213-1.jpg\" alt=\"\" width=\"213\" height=\"100\" srcset=\"https:\/\/etab.ac-reunion.fr\/clg-adam-de-villiers\/wp-content\/uploads\/sites\/134\/2023\/02\/Logo-clg-adam-de-villiers-100x213-1.jpg 213w, https:\/\/etab.ac-reunion.fr\/clg-adam-de-villiers\/wp-content\/uploads\/sites\/134\/2023\/02\/Logo-clg-adam-de-villiers-100x213-1-150x70.jpg 150w\" sizes=\"auto, (max-width: 213px) 100vw, 213px\" \/><\/a><\/h2>\n<h4><\/h4>\n<h4><\/h4>\n<h4><span style=\"color: #800000\"><strong><span style=\"text-decoration: underline\">Vous trouverez ci dessous les listes des march\u00e9s attribu\u00e9s, class\u00e9es par ann\u00e9e<\/span> :<\/strong><\/span><\/h4>\n<ul>\n<li><span style=\"color: #000080\"><strong><a style=\"color: #000080\" href=\"https:\/\/etab.ac-reunion.fr\/clg-adam-de-villiers\/wp-content\/uploads\/sites\/134\/2020\/02\/March\u00e9s-attribu\u00e9s-en-2019.pdf\"><em>March\u00e9s attribu\u00e9s en 2019<\/em><\/a><\/strong><\/span><\/li>\n<li><strong><span style=\"color: #0000ff\"><em><a style=\"color: #0000ff\" href=\"https:\/\/etab.ac-reunion.fr\/clg-adam-de-villiers\/wp-content\/uploads\/sites\/134\/2021\/06\/Marches-attribues-en-2020.pdf\">March\u00e9s attribu\u00e9s en 2020<\/a><\/em><\/span><\/strong><\/li>\n<\/ul>\n","protected":false},"excerpt":{"rendered":"<p>Vous trouverez ci dessous les listes des march\u00e9s attribu\u00e9s, class\u00e9es par ann\u00e9e : March\u00e9s attribu\u00e9s en 2019 March\u00e9s attribu\u00e9s en 2020<\/p>\n<p> <a class=\"continue-reading-link\" href=\"https:\/\/etab.ac-reunion.fr\/clg-adam-de-villiers\/marches-publics\/marches-attribues\/\"><span>Lire l&rsquo;article<\/span><i class=\"crycon-right-dir\"><\/i><\/a> <\/p>\n","protected":false},"author":10418,"featured_media":0,"parent":2472,"menu_order":4,"comment_status":"closed","ping_status":"closed","template":"","meta":{"_EventAllDay":false,"_EventTimezone":"","_EventStartDate":"","_EventEndDate":"","_EventStartDateUTC":"","_EventEndDateUTC":"","_EventShowMap":false,"_EventShowMapLink":false,"_EventURL":"","_EventCost":"","_EventCostDescription":"","_EventCurrencySymbol":"","_EventCurrencyCode":"","_EventCurrencyPosition":"","_EventDateTimeSeparator":"","_EventTimeRangeSeparator":"","_EventOrganizerID":[],"_EventVenueID":[],"_OrganizerEmail":"","_OrganizerPhone":"","_OrganizerWebsite":"","_VenueAddress":"","_VenueCity":"","_VenueCountry":"","_VenueProvince":"","_VenueState":"","_VenueZip":"","_VenuePhone":"","_VenueURL":"","_VenueStateProvince":"","_VenueLat":"","_VenueLng":"","_VenueShowMap":false,"_VenueShowMapLink":false,"footnotes":""},"class_list":["post-404","page","type-page","status-publish","hentry"],"_links":{"self":[{"href":"https:\/\/etab.ac-reunion.fr\/clg-adam-de-villiers\/wp-json\/wp\/v2\/pages\/404","targetHints":{"allow":["GET"]}}],"collection":[{"href":"https:\/\/etab.ac-reunion.fr\/clg-adam-de-villiers\/wp-json\/wp\/v2\/pages"}],"about":[{"href":"https:\/\/etab.ac-reunion.fr\/clg-adam-de-villiers\/wp-json\/wp\/v2\/types\/page"}],"author":[{"embeddable":true,"href":"https:\/\/etab.ac-reunion.fr\/clg-adam-de-villiers\/wp-json\/wp\/v2\/users\/10418"}],"replies":[{"embeddable":true,"href":"https:\/\/etab.ac-reunion.fr\/clg-adam-de-villiers\/wp-json\/wp\/v2\/comments?post=404"}],"version-history":[{"count":26,"href":"https:\/\/etab.ac-reunion.fr\/clg-adam-de-villiers\/wp-json\/wp\/v2\/pages\/404\/revisions"}],"predecessor-version":[{"id":9836,"href":"https:\/\/etab.ac-reunion.fr\/clg-adam-de-villiers\/wp-json\/wp\/v2\/pages\/404\/revisions\/9836"}],"up":[{"embeddable":true,"href":"https:\/\/etab.ac-reunion.fr\/clg-adam-de-villiers\/wp-json\/wp\/v2\/pages\/2472"}],"wp:attachment":[{"href":"https:\/\/etab.ac-reunion.fr\/clg-adam-de-villiers\/wp-json\/wp\/v2\/media?parent=404"}],"curies":[{"name":"wp","href":"https:\/\/api.w.org\/{rel}","templated":true}]}}