{"id":8276,"date":"2022-03-10T06:12:21","date_gmt":"2022-03-10T02:12:21","guid":{"rendered":"http:\/\/college-adam-de-villiers.ac-reunion.fr\/?page_id=8276"},"modified":"2022-03-12T15:25:26","modified_gmt":"2022-03-12T11:25:26","slug":"vie-du-college","status":"publish","type":"page","link":"https:\/\/etab.ac-reunion.fr\/clg-adam-de-villiers\/vie-du-college\/","title":{"rendered":"Vie du Coll\u00e8ge"},"content":{"rendered":"<h4>Crise CoVid-19<\/h4>\n<h4>Manifestations<\/h4>\n<h4>Ouverture \u00e0 l&rsquo;international<\/h4>\n<h4>Vie Scolaire<\/h4>\n<h4>CDI<\/h4>\n<h4>Actions p\u00e9dagogiques<\/h4>\n<h4>Disciplines<\/h4>\n<h4>Education au D\u00e9veloppement Durable<\/h4>\n<h4>Dispositif ULIS<\/h4>\n","protected":false},"excerpt":{"rendered":"<p>Crise CoVid-19 Manifestations Ouverture \u00e0 l&rsquo;international Vie Scolaire CDI Actions p\u00e9dagogiques Disciplines Education au D\u00e9veloppement Durable Dispositif ULIS<\/p>\n<p> <a class=\"continue-reading-link\" href=\"https:\/\/etab.ac-reunion.fr\/clg-adam-de-villiers\/vie-du-college\/\"><span>Lire l&rsquo;article<\/span><i class=\"crycon-right-dir\"><\/i><\/a> <\/p>\n","protected":false},"author":9172,"featured_media":0,"parent":0,"menu_order":4,"comment_status":"closed","ping_status":"closed","template":"","meta":{"_EventAllDay":false,"_EventTimezone":"","_EventStartDate":"","_EventEndDate":"","_EventStartDateUTC":"","_EventEndDateUTC":"","_EventShowMap":false,"_EventShowMapLink":false,"_EventURL":"","_EventCost":"","_EventCostDescription":"","_EventCurrencySymbol":"","_EventCurrencyCode":"","_EventCurrencyPosition":"","_EventDateTimeSeparator":"","_EventTimeRangeSeparator":"","_EventOrganizerID":[],"_EventVenueID":[],"_OrganizerEmail":"","_OrganizerPhone":"","_OrganizerWebsite":"","_VenueAddress":"","_VenueCity":"","_VenueCountry":"","_VenueProvince":"","_VenueState":"","_VenueZip":"","_VenuePhone":"","_VenueURL":"","_VenueStateProvince":"","_VenueLat":"","_VenueLng":"","_VenueShowMap":false,"_VenueShowMapLink":false,"footnotes":""},"class_list":["post-8276","page","type-page","status-publish","hentry"],"_links":{"self":[{"href":"https:\/\/etab.ac-reunion.fr\/clg-adam-de-villiers\/wp-json\/wp\/v2\/pages\/8276","targetHints":{"allow":["GET"]}}],"collection":[{"href":"https:\/\/etab.ac-reunion.fr\/clg-adam-de-villiers\/wp-json\/wp\/v2\/pages"}],"about":[{"href":"https:\/\/etab.ac-reunion.fr\/clg-adam-de-villiers\/wp-json\/wp\/v2\/types\/page"}],"author":[{"embeddable":true,"href":"https:\/\/etab.ac-reunion.fr\/clg-adam-de-villiers\/wp-json\/wp\/v2\/users\/9172"}],"replies":[{"embeddable":true,"href":"https:\/\/etab.ac-reunion.fr\/clg-adam-de-villiers\/wp-json\/wp\/v2\/comments?post=8276"}],"version-history":[{"count":1,"href":"https:\/\/etab.ac-reunion.fr\/clg-adam-de-villiers\/wp-json\/wp\/v2\/pages\/8276\/revisions"}],"predecessor-version":[{"id":8277,"href":"https:\/\/etab.ac-reunion.fr\/clg-adam-de-villiers\/wp-json\/wp\/v2\/pages\/8276\/revisions\/8277"}],"wp:attachment":[{"href":"https:\/\/etab.ac-reunion.fr\/clg-adam-de-villiers\/wp-json\/wp\/v2\/media?parent=8276"}],"curies":[{"name":"wp","href":"https:\/\/api.w.org\/{rel}","templated":true}]}}

Vie du Collège

<h4>Crise CoVid-19</h4>
<h4>Manifestations</h4>
<h4>Ouverture à l&rsquo;international</h4>
<h4>Vie Scolaire</h4>
<h4>CDI</h4>
<h4>Actions pédagogiques</h4>
<h4>Disciplines</h4>
<h4>Education au Développement Durable</h4>
<h4>Dispositif ULIS</h4>

<p>Crise CoVid-19 Manifestations Ouverture à l&rsquo;international Vie Scolaire CDI Actions pédagogiques Disciplines Education au Développement Durable Dispositif ULIS</p>
<p> <a class="continue-reading-link" href="https://etab.ac-reunion.fr/clg-adam-de-villiers/vie-du-college/"><span>Lire l&rsquo;article</span><i class="crycon-right-dir"></i></a> </p>
