{"id":4629,"date":"2018-10-16T16:13:49","date_gmt":"2018-10-16T12:13:49","guid":{"rendered":"http:\/\/college-adrien-cerneau.ac-reunion.fr\/?page_id=4629"},"modified":"2022-10-26T15:38:28","modified_gmt":"2022-10-26T11:38:28","slug":"bourses","status":"publish","type":"page","link":"https:\/\/etab.ac-reunion.fr\/clg-adrien-cerneau\/bourses\/","title":{"rendered":"Bourses"},"content":{"rendered":"[et_pb_section fb_built=\u00a0\u00bb1&Prime; _builder_version=\u00a0\u00bb4.16&Prime; custom_padding=\u00a0\u00bb2px||0px|||\u00a0\u00bb global_colors_info=\u00a0\u00bb{}\u00a0\u00bb][et_pb_row _builder_version=\u00a0\u00bb4.16&Prime; custom_margin=\u00a0\u00bb|||55px|false|false\u00a0\u00bb custom_padding=\u00a0\u00bb5px||0px||false|false\u00a0\u00bb global_colors_info=\u00a0\u00bb{}\u00a0\u00bb][et_pb_column type=\u00a0\u00bb4_4&Prime; _builder_version=\u00a0\u00bb4.16&Prime; global_colors_info=\u00a0\u00bb{}\u00a0\u00bb][et_pb_text _builder_version=\u00a0\u00bb4.16&Prime; text_font=\u00a0\u00bbAlegreya SC|||on|||||\u00a0\u00bb text_font_size=\u00a0\u00bb30px\u00a0\u00bb text_letter_spacing=\u00a0\u00bb18px\u00a0\u00bb custom_margin=\u00a0\u00bb||2px|||\u00a0\u00bb text_font_size_tablet=\u00a0\u00bb\u00a0\u00bb text_font_size_phone=\u00a0\u00bb20px\u00a0\u00bb text_font_size_last_edited=\u00a0\u00bbon|phone\u00a0\u00bb text_letter_spacing_tablet=\u00a0\u00bb\u00a0\u00bb text_letter_spacing_phone=\u00a0\u00bb0px\u00a0\u00bb text_letter_spacing_last_edited=\u00a0\u00bbon|phone\u00a0\u00bb global_colors_info=\u00a0\u00bb{}\u00a0\u00bb]\n<p>Bourses<\/p>\n[\/et_pb_text][et_pb_divider divider_style=\u00a0\u00bbdotted\u00a0\u00bb _builder_version=\u00a0\u00bb4.16&Prime; custom_margin=\u00a0\u00bb||-22px|||\u00a0\u00bb global_colors_info=\u00a0\u00bb{}\u00a0\u00bb][\/et_pb_divider][et_pb_post_nav show_next=\u00a0\u00bboff\u00a0\u00bb _builder_version=\u00a0\u00bb4.16&Prime; global_colors_info=\u00a0\u00bb{}\u00a0\u00bb][\/et_pb_post_nav][\/et_pb_column][\/et_pb_row][\/et_pb_section][et_pb_section fb_built=\u00a0\u00bb1&Prime; _builder_version=\u00a0\u00bb4.16&Prime; custom_padding=\u00a0\u00bb0px||0px|||\u00a0\u00bb global_colors_info=\u00a0\u00bb{}\u00a0\u00bb][et_pb_row _builder_version=\u00a0\u00bb4.16&Prime; global_colors_info=\u00a0\u00bb{}\u00a0\u00bb][et_pb_column type=\u00a0\u00bb4_4&Prime; _builder_version=\u00a0\u00bb4.16&Prime; global_colors_info=\u00a0\u00bb{}\u00a0\u00bb][et_pb_team_member name=\u00a0\u00bbQu&rsquo;est-ce que la bourse ?\u00a0\u00bb position=\u00a0\u00bbColl\u00e8ge Adrien Cerneau\u00a0\u00bb image_url=\u00a0\u00bbhttps:\/\/etab.ac-reunion.fr\/clg-adrien-cerneau\/wp-content\/uploads\/sites\/68\/2020\/05\/silver-coins-on-white-surface-3943727-scaled.jpg\u00a0\u00bb _builder_version=\u00a0\u00bb4.16&Prime; header_level=\u00a0\u00bbh1&Prime; position_text_color=\u00a0\u00bb#0c71c3&Prime; body_link_font=\u00a0\u00bb||on||on||||\u00a0\u00bb border_radii_image=\u00a0\u00bbon|7px|7px|7px|7px\u00a0\u00bb global_colors_info=\u00a0\u00bb{}\u00a0\u00bb]\n<p><span>Les bourses de coll\u00e8ge sont attribu\u00e9es en m\u00e9tropole et dans les d\u00e9partements d&rsquo;outre-mer pour les \u00e9l\u00e8ves.\u00a0<\/span><\/p>\n<p>La bourse de coll\u00e8ge accord\u00e9e au titre d&rsquo;une ann\u00e9e scolaire est vers\u00e9e en trois parts trimestrielles \u00e9gales. Elle est vers\u00e9e au responsable de l&rsquo;\u00e9l\u00e8ve ayant formul\u00e9 la demande de bourse.<\/p>\n<p>Son paiement est subordonn\u00e9 \u00e0 la fr\u00e9quentation <strong>assidue<\/strong> par l&rsquo;\u00e9l\u00e8ve des cours de l&rsquo;\u00e9tablissement o\u00f9 il est inscrit dans les conditions rappel\u00e9es.<\/p>\n<p>Pour les b\u00e9n\u00e9ficiaires ayant la qualit\u00e9 de demi-pensionnaire ou de pensionnaire, la bourse de coll\u00e8ge est vers\u00e9e apr\u00e8s d\u00e9duction du montant des frais d&rsquo;h\u00e9bergement et de restauration.<a href=\"https:\/\/www.education.gouv.fr\/bo\/18\/Hebdo30\/MENE1818323C.htm?cid_bo=132506\">source<\/a><\/p>\n[\/et_pb_team_member][et_pb_divider _builder_version=\u00a0\u00bb4.16&Prime; _module_preset=\u00a0\u00bbdefault\u00a0\u00bb global_colors_info=\u00a0\u00bb{}\u00a0\u00bb][\/et_pb_divider][et_pb_text _builder_version=\u00a0\u00bb4.18.0&Prime; _module_preset=\u00a0\u00bbdefault\u00a0\u00bb hover_enabled=\u00a0\u00bb0&Prime; global_colors_info=\u00a0\u00bb{}\u00a0\u00bb sticky_enabled=\u00a0\u00bb0&Prime;]\n<p style=\"text-align: center\"><strong>Demande de bourse 2022-2023<\/strong><\/p>\n<p><u>A l\u2019attention des parents d\u2019\u00e9l\u00e8ves tous niveaux<\/u><\/p>\n<p>Nous vous informons que le d\u00e9p\u00f4t des demandes de bourse en ligne se fera du 1er septembre au 15 octobre 2022 par le responsable l\u00e9gal. La saisie se fait \u00e0 l\u2019adresse : <span><a href=\"http:\/\/metice.ac-reunion.fr\">metice.ac-reunion.fr<\/a><\/span>\u00a0 (partie T\u00e9l\u00e9-services \u2013 bourses).<\/p>\n<ul>\n<li>Vous devez cr\u00e9er votre compte Educonnect<\/li>\n<li>Faire la demande de bourse\u00a0: <span><a href=\"https:\/\/sso.ac-reunion.fr\/\">https:\/\/sso.ac-reunion.fr\/<\/a><\/span><\/li>\n<\/ul>\n<p><strong>Attention, il est indispensable d\u2019avoir une adresse mail, pour activer votre compte Scolarit\u00e9 Services et personnaliser votre mot de passe.<\/strong><\/p>\n<p><strong>Laissez-vous guider par la vid\u00e9o explicative pour la demande de bourse en ligne\u00a0ou le mode d\u2019emploi en pdf<\/strong><\/p>\n<p>VIDEO YOUTUBE\u00a0: <a href=\"https:\/\/www.youtube.com\/watch?v=D_gGag9bMgg\">https:\/\/www.youtube.com\/watch?v=D_gGag9bMgg<\/a><\/p>\n<p><span style=\"font-size: 17px\"><\/span><\/p>\n<p>Pour toute information, merci de vous adresser au service intendance (0262 53 40 54)<\/p>\n<p>Attention\u00a0: les dossiers ne pourront pas \u00eatre trait\u00e9s en-dehors des dates indiqu\u00e9es.<\/p>\n<p style=\"text-align: center\">La Direction<\/p>\n[\/et_pb_text][et_pb_text _builder_version=\u00a0\u00bb4.16&Prime; _module_preset=\u00a0\u00bbdefault\u00a0\u00bb global_colors_info=\u00a0\u00bb{}\u00a0\u00bb]\n<div><\/div>\n[\/et_pb_text][et_pb_image src=\u00a0\u00bbhttps:\/\/etab.ac-reunion.fr\/clg-adrien-cerneau\/wp-content\/uploads\/sites\/68\/2022\/10\/2022_bourses_college_flyer_septembre_0-1.jpg\u00a0\u00bb _builder_version=\u00a0\u00bb4.18.0&Prime; _module_preset=\u00a0\u00bbdefault\u00a0\u00bb hover_enabled=\u00a0\u00bb0&Prime; global_colors_info=\u00a0\u00bb{}\u00a0\u00bb title_text=\u00a0\u00bb2022_bourses_college_flyer_septembre_0-1&Prime; sticky_enabled=\u00a0\u00bb0&Prime; align=\u00a0\u00bbcenter\u00a0\u00bb force_fullwidth=\u00a0\u00bbon\u00a0\u00bb][\/et_pb_image][\/et_pb_column][\/et_pb_row][\/et_pb_section][et_pb_section fb_built=\u00a0\u00bb1&Prime; _builder_version=\u00a0\u00bb4.16&Prime; custom_padding=\u00a0\u00bb0px||0px|||\u00a0\u00bb global_colors_info=\u00a0\u00bb{}\u00a0\u00bb][et_pb_row _builder_version=\u00a0\u00bb4.18.0&Prime; _module_preset=\u00a0\u00bbdefault\u00a0\u00bb hover_enabled=\u00a0\u00bb0&Prime; global_colors_info=\u00a0\u00bb{}\u00a0\u00bb sticky_enabled=\u00a0\u00bb0&Prime;][et_pb_column type=\u00a0\u00bb4_4&Prime; _builder_version=\u00a0\u00bb4.16&Prime; _module_preset=\u00a0\u00bbdefault\u00a0\u00bb global_colors_info=\u00a0\u00bb{}\u00a0\u00bb][et_pb_gallery _builder_version=\u00a0\u00bb4.18.0&Prime; _module_preset=\u00a0\u00bbdefault\u00a0\u00bb gallery_ids=\u00a0\u00bb11340,11345,11343,11342,11341&Prime; hover_enabled=\u00a0\u00bb0&Prime; sticky_enabled=\u00a0\u00bb0&Prime; fullwidth=\u00a0\u00bbon\u00a0\u00bb][\/et_pb_gallery][\/et_pb_column][\/et_pb_row][\/et_pb_section]\n","protected":false},"excerpt":{"rendered":"<p>BoursesLes bourses de coll\u00e8ge sont attribu\u00e9es en m\u00e9tropole et dans les d\u00e9partements d&rsquo;outre-mer pour les \u00e9l\u00e8ves.\u00a0 La bourse de coll\u00e8ge accord\u00e9e au titre d&rsquo;une ann\u00e9e scolaire est vers\u00e9e en trois parts trimestrielles \u00e9gales. Elle est vers\u00e9e au responsable de l&rsquo;\u00e9l\u00e8ve ayant formul\u00e9 la demande de bourse. Son paiement est subordonn\u00e9 \u00e0 la fr\u00e9quentation assidue par [&hellip;]<\/p>\n","protected":false},"author":19616,"featured_media":0,"parent":0,"menu_order":0,"comment_status":"closed","ping_status":"closed","template":"","meta":{"_et_pb_use_builder":"on","_et_pb_old_content":"","_et_gb_content_width":"","footnotes":""},"class_list":["post-4629","page","type-page","status-publish","hentry"],"_links":{"self":[{"href":"https:\/\/etab.ac-reunion.fr\/clg-adrien-cerneau\/wp-json\/wp\/v2\/pages\/4629","targetHints":{"allow":["GET"]}}],"collection":[{"href":"https:\/\/etab.ac-reunion.fr\/clg-adrien-cerneau\/wp-json\/wp\/v2\/pages"}],"about":[{"href":"https:\/\/etab.ac-reunion.fr\/clg-adrien-cerneau\/wp-json\/wp\/v2\/types\/page"}],"author":[{"embeddable":true,"href":"https:\/\/etab.ac-reunion.fr\/clg-adrien-cerneau\/wp-json\/wp\/v2\/users\/19616"}],"replies":[{"embeddable":true,"href":"https:\/\/etab.ac-reunion.fr\/clg-adrien-cerneau\/wp-json\/wp\/v2\/comments?post=4629"}],"version-history":[{"count":36,"href":"https:\/\/etab.ac-reunion.fr\/clg-adrien-cerneau\/wp-json\/wp\/v2\/pages\/4629\/revisions"}],"predecessor-version":[{"id":11346,"href":"https:\/\/etab.ac-reunion.fr\/clg-adrien-cerneau\/wp-json\/wp\/v2\/pages\/4629\/revisions\/11346"}],"wp:attachment":[{"href":"https:\/\/etab.ac-reunion.fr\/clg-adrien-cerneau\/wp-json\/wp\/v2\/media?parent=4629"}],"curies":[{"name":"wp","href":"https:\/\/api.w.org\/{rel}","templated":true}]}}