{"id":9721,"date":"2018-10-16T16:20:36","date_gmt":"2018-10-16T12:20:36","guid":{"rendered":"http:\/\/college-adrien-cerneau.ac-reunion.fr\/?page_id=9721"},"modified":"2020-05-28T21:37:00","modified_gmt":"2020-05-28T17:37:00","slug":"sante-infirmerie","status":"publish","type":"page","link":"https:\/\/etab.ac-reunion.fr\/clg-adrien-cerneau\/sante-infirmerie\/","title":{"rendered":"Sant\u00e9 &#8211; Infirmerie"},"content":{"rendered":"[et_pb_section fb_built=\u00a0\u00bb1&Prime; _builder_version=\u00a0\u00bb4.4.3&Prime; custom_padding=\u00a0\u00bb2px||0px|||\u00a0\u00bb][et_pb_row _builder_version=\u00a0\u00bb4.4.3&Prime; custom_margin=\u00a0\u00bb|||55px|false|false\u00a0\u00bb custom_padding=\u00a0\u00bb5px||0px||false|false\u00a0\u00bb][et_pb_column type=\u00a0\u00bb4_4&Prime; _builder_version=\u00a0\u00bb4.4.3&Prime;][et_pb_text _builder_version=\u00a0\u00bb4.4.6&Prime; text_font=\u00a0\u00bbAlegreya SC|||on|||||\u00a0\u00bb text_font_size=\u00a0\u00bb30px\u00a0\u00bb text_letter_spacing=\u00a0\u00bb18px\u00a0\u00bb custom_margin=\u00a0\u00bb||2px|||\u00a0\u00bb text_font_size_tablet=\u00a0\u00bb\u00a0\u00bb text_font_size_phone=\u00a0\u00bb20px\u00a0\u00bb text_font_size_last_edited=\u00a0\u00bbon|phone\u00a0\u00bb text_letter_spacing_tablet=\u00a0\u00bb\u00a0\u00bb text_letter_spacing_phone=\u00a0\u00bb0px\u00a0\u00bb text_letter_spacing_last_edited=\u00a0\u00bbon|phone\u00a0\u00bb]\n<p>Sant\u00e9 &#8211; infirmerie<\/p>\n[\/et_pb_text][et_pb_divider divider_style=\u00a0\u00bbdotted\u00a0\u00bb _builder_version=\u00a0\u00bb4.4.5&Prime; custom_margin=\u00a0\u00bb||-22px|||\u00a0\u00bb][\/et_pb_divider][et_pb_post_nav show_prev=\u00a0\u00bboff\u00a0\u00bb _builder_version=\u00a0\u00bb4.4.6&Prime;][\/et_pb_post_nav][\/et_pb_column][\/et_pb_row][\/et_pb_section][et_pb_section fb_built=\u00a0\u00bb1&Prime; _builder_version=\u00a0\u00bb4.4.5&Prime; custom_padding=\u00a0\u00bb0px||0px|||\u00a0\u00bb][et_pb_row _builder_version=\u00a0\u00bb4.4.5&Prime;][et_pb_column type=\u00a0\u00bb4_4&Prime; _builder_version=\u00a0\u00bb4.4.5&Prime;][et_pb_team_member name=\u00a0\u00bbLe r\u00f4le du m\u00e9decin du coll\u00e8ge \u00a0\u00bb position=\u00a0\u00bbColl\u00e8ge Adrien Cerneau\u00a0\u00bb image_url=\u00a0\u00bbhttps:\/\/etab.ac-reunion.fr\/clg-adrien-cerneau\/wp-content\/uploads\/sites\/68\/2020\/05\/crop-doctor-with-stethoscope-preparing-for-surgery-in-3825586-scaled.jpg\u00a0\u00bb _builder_version=\u00a0\u00bb4.4.6&Prime; header_level=\u00a0\u00bbh1&Prime; position_text_color=\u00a0\u00bb#0c71c3&Prime; body_link_font=\u00a0\u00bb||on||on||||\u00a0\u00bb border_radii_image=\u00a0\u00bbon|7px|7px|7px|7px\u00a0\u00bb]\n<p><strong>L\u2019infirmier de l\u2019\u00c9ducation nationale participe au suivi de l&rsquo;\u00e9tat de sant\u00e9 des \u00e9l\u00e8ves, \u00e0 la surveillance des jeunes expos\u00e9s \u00e0 des nuisances sp\u00e9cifiques, \u00e0 la surveillance sanitaire de l&rsquo;hygi\u00e8ne g\u00e9n\u00e9rale en milieu scolaire, \u00e0 l&rsquo;\u00e9ducation \u00e0 la sant\u00e9 et \u00e0 la s\u00e9curit\u00e9<\/strong><span>. L&rsquo;infirmier assure la visite de d\u00e9pistage de la douzi\u00e8me ann\u00e9e. Il assure les soins infirmiers pr\u00e9ventifs et curatifs et con\u00e7oit, \u00e9value et met en \u0153uvre des actions d&rsquo;\u00e9ducation \u00e0 la sant\u00e9 tant dans le champ individuel que collectif. Il assure des missions d\u2019accueil et d\u2019\u00e9coute des \u00e9l\u00e8ves qui lui sont confi\u00e9es afin de d\u00e9terminer leurs besoins de sant\u00e9, de contribuer \u00e0 leur \u00e9ducation en vue de leur insertion sociale et professionnelle. Il les aide \u00e0 d\u00e9velopper leur esprit critique, \u00e0 construire leur autonomie et \u00e0 \u00e9laborer un projet personnel en mati\u00e8re de sant\u00e9. Il se pr\u00e9occupe \u00e9galement de d\u00e9velopper la r\u00e9flexion des \u00e9l\u00e8ves sur le sens et la port\u00e9e des valeurs qui sont \u00e0 la base de nos institutions, et de les pr\u00e9parer au plein exercice de la citoyennet\u00e9.<a href=\"https:\/\/www.education.gouv.fr\/les-personnels-de-sante-et-d-action-sociale-2633\">source<\/a><\/span><\/p>\n[\/et_pb_team_member][\/et_pb_column][\/et_pb_row][\/et_pb_section][et_pb_section fb_built=\u00a0\u00bb1&Prime; module_id=\u00a0\u00bbvideo\u00a0\u00bb _builder_version=\u00a0\u00bb4.4.6&Prime; custom_padding=\u00a0\u00bb0px||0px|||\u00a0\u00bb][et_pb_row _builder_version=\u00a0\u00bb4.4.6&Prime;][et_pb_column type=\u00a0\u00bb4_4&Prime; _builder_version=\u00a0\u00bb4.4.6&Prime;][et_pb_divider color=\u00a0\u00bb#000000&Prime; _builder_version=\u00a0\u00bb4.4.6&Prime;][\/et_pb_divider][et_pb_text _builder_version=\u00a0\u00bb4.4.7&Prime; text_orientation=\u00a0\u00bbcenter\u00a0\u00bb hover_enabled=\u00a0\u00bb0&Prime;]\n<h1>protocole sanitaire Covid-19<\/h1>\n[\/et_pb_text][\/et_pb_column][\/et_pb_row][et_pb_row column_structure=\u00a0\u00bb1_2,1_2&Prime; _builder_version=\u00a0\u00bb4.4.6&Prime;][et_pb_column type=\u00a0\u00bb1_2&Prime; _builder_version=\u00a0\u00bb4.4.6&Prime;][et_pb_video src=\u00a0\u00bbhttps:\/\/etab.ac-reunion.fr\/clg-adrien-cerneau\/wp-content\/uploads\/sites\/68\/2020\/05\/Coronavirus-comment-bien-se-laver-les-mains.mp4&Prime; thumbnail_overlay_color=\u00a0\u00bbrgba(0,0,0,0.6)\u00a0\u00bb _builder_version=\u00a0\u00bb4.4.6&Prime;][\/et_pb_video][et_pb_text _builder_version=\u00a0\u00bb4.4.6&Prime; text_orientation=\u00a0\u00bbcenter\u00a0\u00bb]\n<h2>Comment bien se laver les mains<\/h2>\n[\/et_pb_text][\/et_pb_column][et_pb_column type=\u00a0\u00bb1_2&Prime; _builder_version=\u00a0\u00bb4.4.6&Prime;][et_pb_video src=\u00a0\u00bbhttps:\/\/etab.ac-reunion.fr\/clg-adrien-cerneau\/wp-content\/uploads\/sites\/68\/2020\/05\/COVID-19-Comment-mettre-ou-enlever-son-masque.mp4&Prime; thumbnail_overlay_color=\u00a0\u00bbrgba(0,0,0,0.6)\u00a0\u00bb _builder_version=\u00a0\u00bb4.4.6&Prime;][\/et_pb_video][et_pb_text _builder_version=\u00a0\u00bb4.4.6&Prime; text_orientation=\u00a0\u00bbcenter\u00a0\u00bb]\n<h2>Comment mettre et enlever un masque<\/h2>\n[\/et_pb_text][\/et_pb_column][\/et_pb_row][\/et_pb_section]\n","protected":false},"excerpt":{"rendered":"<p>Sant\u00e9 &#8211; infirmerieL\u2019infirmier de l\u2019\u00c9ducation nationale participe au suivi de l&rsquo;\u00e9tat de sant\u00e9 des \u00e9l\u00e8ves, \u00e0 la surveillance des jeunes expos\u00e9s \u00e0 des nuisances sp\u00e9cifiques, \u00e0 la surveillance sanitaire de l&rsquo;hygi\u00e8ne g\u00e9n\u00e9rale en milieu scolaire, \u00e0 l&rsquo;\u00e9ducation \u00e0 la sant\u00e9 et \u00e0 la s\u00e9curit\u00e9. L&rsquo;infirmier assure la visite de d\u00e9pistage de la douzi\u00e8me ann\u00e9e. Il [&hellip;]<\/p>\n","protected":false},"author":19616,"featured_media":0,"parent":0,"menu_order":0,"comment_status":"closed","ping_status":"closed","template":"","meta":{"_et_pb_use_builder":"on","_et_pb_old_content":"","_et_gb_content_width":"","footnotes":""},"class_list":["post-9721","page","type-page","status-publish","hentry"],"_links":{"self":[{"href":"https:\/\/etab.ac-reunion.fr\/clg-adrien-cerneau\/wp-json\/wp\/v2\/pages\/9721","targetHints":{"allow":["GET"]}}],"collection":[{"href":"https:\/\/etab.ac-reunion.fr\/clg-adrien-cerneau\/wp-json\/wp\/v2\/pages"}],"about":[{"href":"https:\/\/etab.ac-reunion.fr\/clg-adrien-cerneau\/wp-json\/wp\/v2\/types\/page"}],"author":[{"embeddable":true,"href":"https:\/\/etab.ac-reunion.fr\/clg-adrien-cerneau\/wp-json\/wp\/v2\/users\/19616"}],"replies":[{"embeddable":true,"href":"https:\/\/etab.ac-reunion.fr\/clg-adrien-cerneau\/wp-json\/wp\/v2\/comments?post=9721"}],"version-history":[{"count":10,"href":"https:\/\/etab.ac-reunion.fr\/clg-adrien-cerneau\/wp-json\/wp\/v2\/pages\/9721\/revisions"}],"predecessor-version":[{"id":9993,"href":"https:\/\/etab.ac-reunion.fr\/clg-adrien-cerneau\/wp-json\/wp\/v2\/pages\/9721\/revisions\/9993"}],"wp:attachment":[{"href":"https:\/\/etab.ac-reunion.fr\/clg-adrien-cerneau\/wp-json\/wp\/v2\/media?parent=9721"}],"curies":[{"name":"wp","href":"https:\/\/api.w.org\/{rel}","templated":true}]}}