{"id":113,"date":"2013-11-28T05:53:19","date_gmt":"2013-11-28T04:53:19","guid":{"rendered":"http:\/\/college-aime-cesaire-tmp.ac-reunion.fr\/?page_id=113"},"modified":"2014-06-04T08:48:34","modified_gmt":"2014-06-04T04:48:34","slug":"f-s-e","status":"publish","type":"page","link":"https:\/\/etab.ac-reunion.fr\/clg-aime-cesaire\/f-s-e\/","title":{"rendered":"F.S.E."},"content":{"rendered":"<p style=\"text-align: justify\" align=\"justify\"><strong>Le Foyer Socio \u00c9ducatif (FSE)<\/strong> est une association\u00a0dont le but est de promouvoir les activit\u00e9s p\u00e9riscolaires dans le cadre la\u00efc et pluraliste de l\u2019\u00e9cole publique. Il propose des clubs divers, encadr\u00e9s par des assistants d\u2019\u00e9ducation ou des professeurs. L\u2019adh\u00e9sion au F.S.E. est facultative. Elle peut se faire \u00e0 l\u2019inscription ou \u00e0 la rentr\u00e9e. Elle implique le paiement d\u2019une cotisation.\u00a0<strong>Le F.S.E. Propose en particulier la fr\u00e9quentation du foyer des \u00e9l\u00e8ves.<\/strong><\/p>\n<p style=\"text-align: justify\" align=\"justify\"><span style=\"text-decoration: underline\">Ouvert les lundi, mardi, jeudi et vendredi entre 12h et 13h30, le foyer propose les activit\u00e9s suivantes:<\/span><\/p>\n<ul>\n<li>Billard<\/li>\n<li>Tennis de table<\/li>\n<li>Baby-foot<\/li>\n<li>Activit\u00e9s artistiques diverses<\/li>\n<li>&#8230;<\/li>\n<\/ul>\n<a href=\"https:\/\/etab.ac-reunion.fr\/clg-aime-cesaire\/wp-content\/uploads\/sites\/27\/2013\/11\/Prospectus-fse.pdf\" class=\"su-button su-button-style-default\" style=\"color:#FFFFFF;background-color:#2D89EF;border-color:#246ec0;border-radius:5px\" target=\"_blank\" rel=\"noopener noreferrer\"><span style=\"color:#FFFFFF;padding:0px 16px;font-size:13px;line-height:26px;border-color:#6cadf4;border-radius:5px;text-shadow:none\"> En savoir plus<\/span><\/a>\n","protected":false},"excerpt":{"rendered":"<p>Le Foyer Socio \u00c9ducatif (FSE) est une association\u00a0dont le but est de promouvoir les activit\u00e9s p\u00e9riscolaires dans le cadre la\u00efc et pluraliste de l\u2019\u00e9cole publique. Il propose des clubs divers, encadr\u00e9s par des assistants d\u2019\u00e9ducation ou des professeurs. L\u2019adh\u00e9sion au F.S.E. est facultative. Elle peut se faire \u00e0 l\u2019inscription ou&#8230;<\/p>\n<p> <a class=\"continue-reading-link\" href=\"https:\/\/etab.ac-reunion.fr\/clg-aime-cesaire\/f-s-e\/\"><span>Lire la suite<\/span><i class=\"crycon-right-dir\"><\/i><\/a> <\/p>\n","protected":false},"author":1,"featured_media":0,"parent":0,"menu_order":0,"comment_status":"closed","ping_status":"open","template":"page-full.php","meta":{"footnotes":""},"class_list":["post-113","page","type-page","status-publish","hentry"],"_links":{"self":[{"href":"https:\/\/etab.ac-reunion.fr\/clg-aime-cesaire\/wp-json\/wp\/v2\/pages\/113","targetHints":{"allow":["GET"]}}],"collection":[{"href":"https:\/\/etab.ac-reunion.fr\/clg-aime-cesaire\/wp-json\/wp\/v2\/pages"}],"about":[{"href":"https:\/\/etab.ac-reunion.fr\/clg-aime-cesaire\/wp-json\/wp\/v2\/types\/page"}],"author":[{"embeddable":true,"href":"https:\/\/etab.ac-reunion.fr\/clg-aime-cesaire\/wp-json\/wp\/v2\/users\/1"}],"replies":[{"embeddable":true,"href":"https:\/\/etab.ac-reunion.fr\/clg-aime-cesaire\/wp-json\/wp\/v2\/comments?post=113"}],"version-history":[{"count":9,"href":"https:\/\/etab.ac-reunion.fr\/clg-aime-cesaire\/wp-json\/wp\/v2\/pages\/113\/revisions"}],"predecessor-version":[{"id":1125,"href":"https:\/\/etab.ac-reunion.fr\/clg-aime-cesaire\/wp-json\/wp\/v2\/pages\/113\/revisions\/1125"}],"wp:attachment":[{"href":"https:\/\/etab.ac-reunion.fr\/clg-aime-cesaire\/wp-json\/wp\/v2\/media?parent=113"}],"curies":[{"name":"wp","href":"https:\/\/api.w.org\/{rel}","templated":true}]}}