{"id":239,"date":"2013-12-02T12:14:53","date_gmt":"2013-12-02T11:14:53","guid":{"rendered":"http:\/\/college-aime-cesaire-tmp.ac-reunion.fr\/?page_id=239"},"modified":"2018-12-19T10:37:14","modified_gmt":"2018-12-19T06:37:14","slug":"stages","status":"publish","type":"page","link":"https:\/\/etab.ac-reunion.fr\/clg-aime-cesaire\/stages\/","title":{"rendered":"Stages"},"content":{"rendered":"<p><span style=\"color: #0000ff\">Les<strong> stages ne sont pas r\u00e9serv\u00e9s \u00e0 la voie professionnelle ! D\u00e8s la classe de 3e, les coll\u00e9giens peuvent d\u00e9couvrir le monde du travail\u2026<\/strong><\/span><\/p>\n<h2>S\u00e9quence d&rsquo;observation en milieu professionnel<\/h2>\n<p style=\"text-align: justify\">En 3e, chaque coll\u00e9gien suit un stage obligatoire. Il peut \u00eatre guid\u00e9 dans ses recherches par le professeur principal, le CPE (conseiller principal d\u2019\u00e9ducation) ou par des COP (conseillers d\u2019orientation-psychologues). L&rsquo;entourage (parents, amis, associations) constitue aussi une aide pr\u00e9cieuse.<\/p>\n<p style=\"text-align: justify\"><b>Objectif :<\/b>\u00a0sensibiliser les \u00e9l\u00e8ves \u00e0 l&rsquo;environnement technologique, \u00e9conomique et professionnel. L&rsquo;\u00e9l\u00e8ve d\u00e9couvre le fonctionnement d\u2019une entreprise : son organisation, ses activit\u00e9s, les personnes qui collaborent, les rythmes de travail&#8230; Un moment pour s\u2019informer, tester ses go\u00fbts tout en int\u00e9grant les r\u00e8gles et les habitudes de l\u2019entreprise : ponctualit\u00e9, politesse, rigueur\u2026<\/p>\n<p><b>Dur\u00e9e :<\/b>\u00a01 semaine comprise dans l\u2019emploi du temps.<\/p>\n<p><b>Lieu o\u00f9 l&rsquo;\u00e9l\u00e8ve peut effectuer son stage :<\/b><\/p>\n<ul>\n<li>S&rsquo;il a 14 ans et plus : dans les entreprises, associations, administrations, \u00e9tablissements publics, collectivit\u00e9s territoriales.<\/li>\n<li>S&rsquo;il est \u00e2g\u00e9 de moins de 14 ans, il ne peut effectuer de s\u00e9quence d&rsquo;observation dans un \u00e9tablissement r\u00e9gi par le droit priv\u00e9 sauf dans les \u00e9tablissements o\u00f9 ne sont employ\u00e9s que les membres de la famille sous l&rsquo;autorit\u00e9 soit du p\u00e8re, soit de la m\u00e8re, soit du tuteur.<\/li>\n<\/ul>\n<p>Pour plus d&rsquo;informations, voir le\u00a0<a href=\"http:\/\/eduscol.education.fr\/cid46879\/sequence-d-observation-en-classe-de-troisieme.html#lien2\" target=\"_blank\" rel=\"noopener\">site Eduscol<\/a>.<\/p>\n<p><strong>Les stages d&rsquo;observations en milieu professionnel auront lieu pour l&rsquo;ann\u00e9e 2018\/2019 du 11 au 15 f\u00e9vrier 2019<\/strong><\/p>\n<p>&nbsp;<\/p>\n<p><a id=\"eztoc9550491_0_2\" name=\"eztoc9550491_0_2\"><\/a><\/p>\n","protected":false},"excerpt":{"rendered":"<p>Les stages ne sont pas r\u00e9serv\u00e9s \u00e0 la voie professionnelle ! D\u00e8s la classe de 3e, les coll\u00e9giens peuvent d\u00e9couvrir le monde du travail\u2026 S\u00e9quence d&rsquo;observation en milieu professionnel En 3e, chaque coll\u00e9gien suit un stage obligatoire. Il peut \u00eatre guid\u00e9 dans ses recherches par le professeur principal, le CPE&#8230;<\/p>\n<p> <a class=\"continue-reading-link\" href=\"https:\/\/etab.ac-reunion.fr\/clg-aime-cesaire\/stages\/\"><span>Lire la suite<\/span><i class=\"crycon-right-dir\"><\/i><\/a> <\/p>\n","protected":false},"author":2536,"featured_media":0,"parent":0,"menu_order":0,"comment_status":"closed","ping_status":"open","template":"page-full.php","meta":{"footnotes":""},"class_list":["post-239","page","type-page","status-publish","hentry"],"_links":{"self":[{"href":"https:\/\/etab.ac-reunion.fr\/clg-aime-cesaire\/wp-json\/wp\/v2\/pages\/239","targetHints":{"allow":["GET"]}}],"collection":[{"href":"https:\/\/etab.ac-reunion.fr\/clg-aime-cesaire\/wp-json\/wp\/v2\/pages"}],"about":[{"href":"https:\/\/etab.ac-reunion.fr\/clg-aime-cesaire\/wp-json\/wp\/v2\/types\/page"}],"author":[{"embeddable":true,"href":"https:\/\/etab.ac-reunion.fr\/clg-aime-cesaire\/wp-json\/wp\/v2\/users\/2536"}],"replies":[{"embeddable":true,"href":"https:\/\/etab.ac-reunion.fr\/clg-aime-cesaire\/wp-json\/wp\/v2\/comments?post=239"}],"version-history":[{"count":9,"href":"https:\/\/etab.ac-reunion.fr\/clg-aime-cesaire\/wp-json\/wp\/v2\/pages\/239\/revisions"}],"predecessor-version":[{"id":3599,"href":"https:\/\/etab.ac-reunion.fr\/clg-aime-cesaire\/wp-json\/wp\/v2\/pages\/239\/revisions\/3599"}],"wp:attachment":[{"href":"https:\/\/etab.ac-reunion.fr\/clg-aime-cesaire\/wp-json\/wp\/v2\/media?parent=239"}],"curies":[{"name":"wp","href":"https:\/\/api.w.org\/{rel}","templated":true}]}}