{"id":614,"date":"2014-03-26T08:39:55","date_gmt":"2014-03-26T04:39:55","guid":{"rendered":"http:\/\/college-aime-cesaire-tmp.ac-reunion.fr\/?page_id=614"},"modified":"2022-12-14T12:35:47","modified_gmt":"2022-12-14T08:35:47","slug":"d-p-3","status":"publish","type":"page","link":"https:\/\/etab.ac-reunion.fr\/clg-aime-cesaire\/le-coin-des-3eme\/d-p-3\/","title":{"rendered":"Pr\u00e9pa m\u00e9tier"},"content":{"rendered":"\n<p>Retrouvez sur cette page tous nos articles concernant la classe de pr\u00e9pa m\u00e9tier ! <\/p>\n\n\n\n<h4 class=\"has-text-align-center wp-block-heading\">Derniers articles<\/h4>\n\n\n\n<div style=\"height:100px\" aria-hidden=\"true\" class=\"wp-block-spacer\"><\/div>\n\n\n<ul class=\"wp-block-latest-posts__list is-grid columns-3 wp-block-latest-posts\"><li><div class=\"wp-block-latest-posts__featured-image\"><a href=\"https:\/\/etab.ac-reunion.fr\/clg-aime-cesaire\/2022\/12\/14\/le-sejour-des-3t-a-cilaos\/\" aria-label=\"LE S\u00c9JOUR DES 3\u00b0T \u00c0 CILAOS\"><a href=\"https:\/\/etab.ac-reunion.fr\/clg-aime-cesaire\/2022\/12\/14\/le-sejour-des-3t-a-cilaos\/\" title=\"LE S\u00c9JOUR DES 3\u00b0T \u00c0 CILAOS\"><img loading=\"lazy\" decoding=\"async\" width=\"300\" height=\"225\" src=\"https:\/\/etab.ac-reunion.fr\/clg-aime-cesaire\/wp-content\/uploads\/sites\/27\/2022\/12\/IMG-20221201-WA0005-300x225.jpg\" class=\"attachment-medium size-medium wp-post-image\" alt=\"\" style=\"\" srcset=\"https:\/\/etab.ac-reunion.fr\/clg-aime-cesaire\/wp-content\/uploads\/sites\/27\/2022\/12\/IMG-20221201-WA0005-300x225.jpg 300w, https:\/\/etab.ac-reunion.fr\/clg-aime-cesaire\/wp-content\/uploads\/sites\/27\/2022\/12\/IMG-20221201-WA0005-1024x768.jpg 1024w, https:\/\/etab.ac-reunion.fr\/clg-aime-cesaire\/wp-content\/uploads\/sites\/27\/2022\/12\/IMG-20221201-WA0005-768x576.jpg 768w, https:\/\/etab.ac-reunion.fr\/clg-aime-cesaire\/wp-content\/uploads\/sites\/27\/2022\/12\/IMG-20221201-WA0005-150x113.jpg 150w, https:\/\/etab.ac-reunion.fr\/clg-aime-cesaire\/wp-content\/uploads\/sites\/27\/2022\/12\/IMG-20221201-WA0005.jpg 1280w\" sizes=\"auto, (max-width: 300px) 100vw, 300px\" \/><\/a><\/a><\/div><a class=\"wp-block-latest-posts__post-title\" href=\"https:\/\/etab.ac-reunion.fr\/clg-aime-cesaire\/2022\/12\/14\/le-sejour-des-3t-a-cilaos\/\">LE S\u00c9JOUR DES 3\u00b0T \u00c0 CILAOS<\/a><div class=\"wp-block-latest-posts__post-excerpt\">Nous sommes all\u00e9s en s\u00e9jour d\u2019int\u00e9gration \u00e0 Cilaos du mercredi 5 au vendredi 7 octobre 2022 . Nous avons log\u00e9 \u00e0 l\u2019\u00eelet Chicot dans les cabanes et dortoirs de M. Hoareau. Il faisait la cuisine au feu de bois, c\u2019\u00e9tait d\u00e9licieux, on a mang\u00e9 du civet de dinde et du carry poulet-pommes de terre. Nous&#8230;<p> <a class=\"continue-reading-link\" href=\"https:\/\/etab.ac-reunion.fr\/clg-aime-cesaire\/2022\/12\/14\/le-sejour-des-3t-a-cilaos\/\"><span>Lire la suite<\/span><i class=\"crycon-right-dir\"><\/i><\/a> <\/p><\/div><\/li>\n<\/ul>","protected":false},"excerpt":{"rendered":"<p>Retrouvez sur cette page tous nos articles concernant la classe de pr\u00e9pa m\u00e9tier ! Derniers articles<\/p>\n<p> <a class=\"continue-reading-link\" href=\"https:\/\/etab.ac-reunion.fr\/clg-aime-cesaire\/le-coin-des-3eme\/d-p-3\/\"><span>Lire la suite<\/span><i class=\"crycon-right-dir\"><\/i><\/a> <\/p>\n","protected":false},"author":2536,"featured_media":0,"parent":227,"menu_order":0,"comment_status":"closed","ping_status":"open","template":"","meta":{"footnotes":""},"class_list":["post-614","page","type-page","status-publish","hentry"],"_links":{"self":[{"href":"https:\/\/etab.ac-reunion.fr\/clg-aime-cesaire\/wp-json\/wp\/v2\/pages\/614","targetHints":{"allow":["GET"]}}],"collection":[{"href":"https:\/\/etab.ac-reunion.fr\/clg-aime-cesaire\/wp-json\/wp\/v2\/pages"}],"about":[{"href":"https:\/\/etab.ac-reunion.fr\/clg-aime-cesaire\/wp-json\/wp\/v2\/types\/page"}],"author":[{"embeddable":true,"href":"https:\/\/etab.ac-reunion.fr\/clg-aime-cesaire\/wp-json\/wp\/v2\/users\/2536"}],"replies":[{"embeddable":true,"href":"https:\/\/etab.ac-reunion.fr\/clg-aime-cesaire\/wp-json\/wp\/v2\/comments?post=614"}],"version-history":[{"count":9,"href":"https:\/\/etab.ac-reunion.fr\/clg-aime-cesaire\/wp-json\/wp\/v2\/pages\/614\/revisions"}],"predecessor-version":[{"id":5763,"href":"https:\/\/etab.ac-reunion.fr\/clg-aime-cesaire\/wp-json\/wp\/v2\/pages\/614\/revisions\/5763"}],"up":[{"embeddable":true,"href":"https:\/\/etab.ac-reunion.fr\/clg-aime-cesaire\/wp-json\/wp\/v2\/pages\/227"}],"wp:attachment":[{"href":"https:\/\/etab.ac-reunion.fr\/clg-aime-cesaire\/wp-json\/wp\/v2\/media?parent=614"}],"curies":[{"name":"wp","href":"https:\/\/api.w.org\/{rel}","templated":true}]}}