{"id":680,"date":"2014-04-02T11:18:18","date_gmt":"2014-04-02T07:18:18","guid":{"rendered":"http:\/\/college-aime-cesaire-tmp.ac-reunion.fr\/?page_id=680"},"modified":"2014-04-02T11:18:47","modified_gmt":"2014-04-02T07:18:47","slug":"epreuve-de-francais","status":"publish","type":"page","link":"https:\/\/etab.ac-reunion.fr\/clg-aime-cesaire\/le-d-n-b\/epreuve-de-francais\/","title":{"rendered":"Epreuve de Fran\u00e7ais"},"content":{"rendered":"<p>Dur\u00e9e de l&rsquo;\u00e9preuve : 3 heures<\/p>\n<p><b>Premi\u00e8re partie : Compr\u00e9hension de texte, r\u00e9\u00e9criture et dict\u00e9e<\/b>\u00a0(1 heure 30)<br \/>\nUn texte d&rsquo;une trentaine de lignes maximum, d&rsquo;un auteur de langue fran\u00e7aise, est remis au candidat.<\/p>\n<ul>\n<li>La compr\u00e9hension du texte est \u00e9valu\u00e9e par une s\u00e9rie de questions qui prennent appui sur le texte distribu\u00e9. Certaines de ces questions sont d&rsquo;ordre lexical et grammatical. D&rsquo;autres engagent le candidat \u00e0 r\u00e9agir \u00e0 sa lecture en justifiant son point de vue.<\/li>\n<\/ul>\n<ul>\n<li>La ma\u00eetrise de la langue et de l&rsquo;orthographe est \u00e9valu\u00e9e :<\/li>\n<li>\n<ul>\n<li>par la r\u00e9\u00e9criture, en fonction de diverses contraintes grammaticales, d&rsquo;un passage ou de plusieurs passages du texte propos\u00e9 au candidat. Le sujet donne des consignes pr\u00e9cises sur les modalit\u00e9s de cette reformulation (modification de formes verbales, changement de l&rsquo;ordre des mots, de genre, de nombre, etc.). Elles entra\u00eenent des transformations orthographiques que le candidat doit effectuer en r\u00e9\u00e9crivant le texte initial ;<\/li>\n<li>par la dict\u00e9e d&rsquo;un texte de 600 \u00e0 800 signes, de difficult\u00e9 r\u00e9f\u00e9renc\u00e9e aux attentes orthographiques des programmes.<\/li>\n<\/ul>\n<\/li>\n<\/ul>\n<p>Cette dict\u00e9e est effectu\u00e9e au cours des trente derni\u00e8res minutes de cette premi\u00e8re partie d&rsquo;\u00e9preuve.<br \/>\nLes candidats pr\u00e9sentant un handicap peuvent demander \u00e0 composer sur le texte de dict\u00e9e am\u00e9nag\u00e9e.<\/p>\n<p><b>Seconde partie : R\u00e9daction<\/b>\u00a0(1 heure 30)<br \/>\nDeux sujets de r\u00e9daction au choix sont propos\u00e9s aux candidats.<br \/>\nL&rsquo;un fait essentiellement appel \u00e0 l&rsquo;imagination et prend appui sur le texte initial ; l&rsquo;autre demande une r\u00e9flexion sur une question ou un th\u00e8me en relation avec le sens du texte.<br \/>\nLes candidats doivent produire un texte correct et coh\u00e9rent, d&rsquo;une longueur de deux pages au moins (environ trois cents mots). Ce texte doit \u00eatre structur\u00e9, construit en paragraphes, correctement ponctu\u00e9.<br \/>\nDans l&rsquo;\u00e9valuation de la r\u00e9daction, il est tenu compte de la ma\u00eetrise de la langue (orthographe, syntaxe, pr\u00e9sentation).<\/p>\n<p><b>Notation de l&rsquo;\u00e9preuve<\/b><br \/>\nL&rsquo;\u00e9preuve est not\u00e9e sur 40 points.<br \/>\nQuestions de compr\u00e9hension : 15 points<br \/>\nDict\u00e9e et r\u00e9\u00e9criture : 10 points<br \/>\nR\u00e9daction : 15 points<\/p>\n","protected":false},"excerpt":{"rendered":"<p>Dur\u00e9e de l&rsquo;\u00e9preuve : 3 heures Premi\u00e8re partie : Compr\u00e9hension de texte, r\u00e9\u00e9criture et dict\u00e9e\u00a0(1 heure 30) Un texte d&rsquo;une trentaine de lignes maximum, d&rsquo;un auteur de langue fran\u00e7aise, est remis au candidat. La compr\u00e9hension du texte est \u00e9valu\u00e9e par une s\u00e9rie de questions qui prennent appui sur le texte&#8230;<\/p>\n<p> <a class=\"continue-reading-link\" href=\"https:\/\/etab.ac-reunion.fr\/clg-aime-cesaire\/le-d-n-b\/epreuve-de-francais\/\"><span>Lire la suite<\/span><i class=\"crycon-right-dir\"><\/i><\/a> <\/p>\n","protected":false},"author":1,"featured_media":0,"parent":75,"menu_order":0,"comment_status":"closed","ping_status":"open","template":"page-full.php","meta":{"footnotes":""},"class_list":["post-680","page","type-page","status-publish","hentry"],"_links":{"self":[{"href":"https:\/\/etab.ac-reunion.fr\/clg-aime-cesaire\/wp-json\/wp\/v2\/pages\/680","targetHints":{"allow":["GET"]}}],"collection":[{"href":"https:\/\/etab.ac-reunion.fr\/clg-aime-cesaire\/wp-json\/wp\/v2\/pages"}],"about":[{"href":"https:\/\/etab.ac-reunion.fr\/clg-aime-cesaire\/wp-json\/wp\/v2\/types\/page"}],"author":[{"embeddable":true,"href":"https:\/\/etab.ac-reunion.fr\/clg-aime-cesaire\/wp-json\/wp\/v2\/users\/1"}],"replies":[{"embeddable":true,"href":"https:\/\/etab.ac-reunion.fr\/clg-aime-cesaire\/wp-json\/wp\/v2\/comments?post=680"}],"version-history":[{"count":1,"href":"https:\/\/etab.ac-reunion.fr\/clg-aime-cesaire\/wp-json\/wp\/v2\/pages\/680\/revisions"}],"predecessor-version":[{"id":681,"href":"https:\/\/etab.ac-reunion.fr\/clg-aime-cesaire\/wp-json\/wp\/v2\/pages\/680\/revisions\/681"}],"up":[{"embeddable":true,"href":"https:\/\/etab.ac-reunion.fr\/clg-aime-cesaire\/wp-json\/wp\/v2\/pages\/75"}],"wp:attachment":[{"href":"https:\/\/etab.ac-reunion.fr\/clg-aime-cesaire\/wp-json\/wp\/v2\/media?parent=680"}],"curies":[{"name":"wp","href":"https:\/\/api.w.org\/{rel}","templated":true}]}}