{"id":2,"date":"2015-07-01T06:02:45","date_gmt":"2015-07-01T05:02:45","guid":{"rendered":"http:\/\/wpetab.ac-reunion.fr\/alsace-corre\/?page_id=2"},"modified":"2025-12-05T11:27:56","modified_gmt":"2025-12-05T07:27:56","slug":"le-college","status":"publish","type":"page","link":"https:\/\/etab.ac-reunion.fr\/clg-alsace-corre\/le-college\/","title":{"rendered":"Le coll\u00e8ge"},"content":{"rendered":"\n<div class=\"wp-block-media-text alignfull is-stacked-on-mobile is-vertically-aligned-center\"><figure class=\"wp-block-media-text__media\"><img loading=\"lazy\" decoding=\"async\" width=\"1024\" height=\"801\" src=\"https:\/\/etab.ac-reunion.fr\/clg-alsace-corre\/wp-content\/uploads\/sites\/128\/2022\/10\/received_567906608449213-1024x801.jpeg\" alt=\"\" class=\"wp-image-2230 size-full\" srcset=\"https:\/\/etab.ac-reunion.fr\/clg-alsace-corre\/wp-content\/uploads\/sites\/128\/2022\/10\/received_567906608449213-1024x801.jpeg 1024w, https:\/\/etab.ac-reunion.fr\/clg-alsace-corre\/wp-content\/uploads\/sites\/128\/2022\/10\/received_567906608449213-256x200.jpeg 256w, https:\/\/etab.ac-reunion.fr\/clg-alsace-corre\/wp-content\/uploads\/sites\/128\/2022\/10\/received_567906608449213-634x496.jpeg 634w, https:\/\/etab.ac-reunion.fr\/clg-alsace-corre\/wp-content\/uploads\/sites\/128\/2022\/10\/received_567906608449213-300x235.jpeg 300w, https:\/\/etab.ac-reunion.fr\/clg-alsace-corre\/wp-content\/uploads\/sites\/128\/2022\/10\/received_567906608449213-768x601.jpeg 768w, https:\/\/etab.ac-reunion.fr\/clg-alsace-corre\/wp-content\/uploads\/sites\/128\/2022\/10\/received_567906608449213-1536x1202.jpeg 1536w, https:\/\/etab.ac-reunion.fr\/clg-alsace-corre\/wp-content\/uploads\/sites\/128\/2022\/10\/received_567906608449213-150x117.jpeg 150w, https:\/\/etab.ac-reunion.fr\/clg-alsace-corre\/wp-content\/uploads\/sites\/128\/2022\/10\/received_567906608449213.jpeg 1600w\" sizes=\"(max-width: 1024px) 100vw, 1024px\" \/><\/figure><div class=\"wp-block-media-text__content\">\n<p class=\"has-text-align-center\" style=\"font-size:15px\">Le Coll\u00e8ge&nbsp;<a href=\"https:\/\/etab.ac-reunion.fr\/clg-alsace-corre\/qui-est-alsace-corre\/\" target=\"_blank\" rel=\"noreferrer noopener\">Alsace Corr\u00e9<\/a>&nbsp;est un \u00e9tablissement de l\u2019\u00c9ducation Prioritaire (Rep). Situ\u00e9 dans la commune de <a href=\"https:\/\/generationvoyage.fr\/cirques-et-caldeiras-la-reunion\/#cilaos-un-cirque-de-montagne-pittoresque\">Cilaos<\/a>, le r\u00e9seau est g\u00e9r\u00e9 depuis la circonscription de Saint Louis pour le primaire et \u00e0 Cilaos pour le secondaire.<\/p>\n\n\n\n<p class=\"has-small-font-size\">Plac\u00e9 au centre de cette caldeira, le coll\u00e8ge accueille tous les \u00e9l\u00e8ves de la circonscription, venant des \u00e9coles du centre du village et des \u00e9carts de Palmiste Rouge, de Mare S\u00e8che, de Bras Sec et d\u2019Ilet \u00e0 Cordes.<\/p>\n\n\n\n<p class=\"has-text-align-center\" style=\"font-size:15px\">C\u2019est un petit \u00e9tablissement qui compte 281 \u00e9l\u00e8ves, r\u00e9partis dans les 12 divisions dont une section RAID et une classe CHAAP ( Classe \u00e0 Horaire Adapt\u00e9e Art Plastique )<\/p>\n<\/div><\/div>\n","protected":false},"excerpt":{"rendered":"<p>Le Coll\u00e8ge&nbsp;Alsace Corr\u00e9&nbsp;est un \u00e9tablissement de l\u2019\u00c9ducation Prioritaire (Rep). Situ\u00e9 dans la commune de Cilaos, le r\u00e9seau est g\u00e9r\u00e9 depuis la circonscription de Saint Louis pour le primaire et \u00e0 [&hellip;]<\/p>\n","protected":false},"author":31029,"featured_media":0,"parent":0,"menu_order":0,"comment_status":"closed","ping_status":"closed","template":"","meta":{"_et_pb_use_builder":"","_et_pb_old_content":"","_et_gb_content_width":"","footnotes":""},"class_list":["post-2","page","type-page","status-publish","hentry"],"_links":{"self":[{"href":"https:\/\/etab.ac-reunion.fr\/clg-alsace-corre\/wp-json\/wp\/v2\/pages\/2","targetHints":{"allow":["GET"]}}],"collection":[{"href":"https:\/\/etab.ac-reunion.fr\/clg-alsace-corre\/wp-json\/wp\/v2\/pages"}],"about":[{"href":"https:\/\/etab.ac-reunion.fr\/clg-alsace-corre\/wp-json\/wp\/v2\/types\/page"}],"author":[{"embeddable":true,"href":"https:\/\/etab.ac-reunion.fr\/clg-alsace-corre\/wp-json\/wp\/v2\/users\/31029"}],"replies":[{"embeddable":true,"href":"https:\/\/etab.ac-reunion.fr\/clg-alsace-corre\/wp-json\/wp\/v2\/comments?post=2"}],"version-history":[{"count":48,"href":"https:\/\/etab.ac-reunion.fr\/clg-alsace-corre\/wp-json\/wp\/v2\/pages\/2\/revisions"}],"predecessor-version":[{"id":5845,"href":"https:\/\/etab.ac-reunion.fr\/clg-alsace-corre\/wp-json\/wp\/v2\/pages\/2\/revisions\/5845"}],"wp:attachment":[{"href":"https:\/\/etab.ac-reunion.fr\/clg-alsace-corre\/wp-json\/wp\/v2\/media?parent=2"}],"curies":[{"name":"wp","href":"https:\/\/api.w.org\/{rel}","templated":true}]}}