{"id":216,"date":"2015-07-03T10:22:21","date_gmt":"2015-07-03T09:22:21","guid":{"rendered":"http:\/\/college-alsace-corre-tmp.ac-reunion.fr\/?page_id=216"},"modified":"2023-04-04T10:50:13","modified_gmt":"2023-04-04T06:50:13","slug":"liens-utiles","status":"publish","type":"page","link":"https:\/\/etab.ac-reunion.fr\/clg-alsace-corre\/liens-utiles\/","title":{"rendered":"Liens utiles"},"content":{"rendered":"<p>Environnement num\u00e9rique de travail (ENT) : <a href=\"http:\/\/metice-dev.ac-reunion.fr\" target=\"_blank\" rel=\"noopener\">http:\/\/metice-dev.ac-reunion.fr<\/a><\/p>\n<p>Acc\u00e8s \u00e0 Pronote : <a href=\"https:\/\/9740096l.index-education.net\/pronote\/?login=true\">Pronote<\/a><\/p>\n<p>Site d&rsquo;information sur la r\u00e9alisation de votre site d&rsquo;\u00e9tablissement : <a href=\"http:\/\/wpetab.ac-reunion.fr\/\" target=\"_blank\" rel=\"noopener\">http:\/\/wpetab.ac-reunion.fr\/<\/a><\/p>\n<p>D\u00e9l\u00e9gation acad\u00e9mique au num\u00e9rique pour l&rsquo;\u00e9ducation : <a href=\"http:\/\/dane.ac-reunion.fr\/\" target=\"_blank\" rel=\"noopener\">http:\/\/dane.ac-reunion.fr\/<\/a><\/p>\n<p>Le site des TICE dans l&rsquo;Acad\u00e9mie de la R\u00e9union : <a href=\"http:\/\/tice974.ac-reunion.fr\/\" target=\"_blank\" rel=\"noopener\">http:\/\/tice974.ac-reunion.fr\/<\/a><\/p>\n<p>Le r\u00e9seau de cr\u00e9ation et d&rsquo;accompagnement p\u00e9dagogiques :\u00a0<a href=\"https:\/\/www.reseau-canope.fr\/\" target=\"_blank\" rel=\"noopener\">https:\/\/www.reseau-canope.fr\/<\/a> ; <a href=\"http:\/\/www.cndp.fr\/crdp-reunion\/\" target=\"_blank\" rel=\"noopener\">http:\/\/www.cndp.fr\/crdp-reunion\/<\/a><\/p>\n<p>R\u00e9initialisation du mot passe acad\u00e9mique : <a class=\"external-link-new-window\" title=\"Ouvre un lien externe dans une nouvelle fen\u00eatre\" href=\"https:\/\/bv.ac-reunion.fr\/mdp\/login.jsp\" target=\"_blank\" rel=\"noopener\">https:\/\/bv.ac-reunion.fr\/mdp\/login.jsp<\/a><\/p>\n<p>Intranet du r\u00e9seau p\u00e9dagogique : <a class=\"external-link-new-window\" title=\"Ouvre un lien externe dans une nouvelle fen\u00eatre\" href=\"https:\/\/scoens.ac-reunion.fr\/\" target=\"_blank\" rel=\"noopener\">Portail acad\u00e9mique du personnel enseignant<\/a><\/p>\n<p>Intranet du r\u00e9seau administratif :<\/p>\n<p><a class=\"external-link-new-window\" title=\"Ouvre un lien externe dans une nouvelle fen\u00eatre\" href=\"http:\/\/diff.ac-reunion.fr\/\" target=\"_blank\" rel=\"noopener\">Site de diffusion acad\u00e9mique<\/a><\/p>\n<p><a class=\"external-link-new-window\" title=\"Ouvre un lien externe dans une nouvelle fen\u00eatre\" href=\"https:\/\/scoweb.ac-reunion.fr\/\" target=\"_blank\" rel=\"noopener\">Portail acad\u00e9mique du personnels administratifs<\/a><\/p>\n<p>Site de l&rsquo;acad\u00e9mie de La R\u00e9union : <a href=\"http:\/\/www.ac-reunion.fr\" target=\"_blank\" rel=\"noopener\">http:\/\/www.ac-reunion.fr<\/a><\/p>\n<p>Site d&rsquo;information sur l&rsquo;ENT : <a href=\"http:\/\/infometice.ac-reunion.fr\" target=\"_blank\" rel=\"noopener\">http:\/\/infometice.ac-reunion.fr<\/a><\/p>\n<p>Retrouver l&rsquo;acad\u00e9mie sur facebook, twitter, dailymotion, et youtube :<\/p>\n<p><a href=\"http:\/\/www.facebook.com\/academielareunion\" target=\"_blank\" rel=\"noopener\">www.facebook.com\/academielareunion<\/a><\/p>\n<p><a href=\"https:\/\/twitter.com\/academiereunion\" target=\"_blank\" rel=\"noopener\">twitter.com\/academiereunion<\/a><\/p>\n<p><a href=\"http:\/\/www.dailymotion.com\/Academie_Reunion\" target=\"_blank\" rel=\"noopener\">dailymotion.com\/Academie_Reunion<\/a><\/p>\n<p><a href=\"https:\/\/www.youtube.com\/user\/AcademieReunion\" target=\"_blank\" rel=\"noopener\">youtube.com\/user\/AcademieReunion<\/a><\/p>\n<p>Autres liens :<\/p>\n<p><a class=\"external-link-new-window\" title=\"Ouvre un lien externe dans une nouvelle fen\u00eatre\" href=\"http:\/\/www.labomep.net\/\" target=\"_blank\" rel=\"noopener\">Labomep<\/a><\/p>\n<p><a class=\"external-link-new-window\" title=\"Ouvre un lien externe dans une nouvelle fen\u00eatre\" href=\"https:\/\/sacoche.sesamath.net\/sacoche\/\" target=\"_blank\" rel=\"noopener\">Sacoche<\/a><\/p>\n<p><a class=\"external-link-new-window\" title=\"Ouvre un lien externe dans une nouvelle fen\u00eatre\" href=\"http:\/\/dcol.fr\/\" target=\"_blank\" rel=\"noopener\">Accompagnement int\u00e9ractif du CNED (D&rsquo;COL)<\/a><\/p>\n","protected":false},"excerpt":{"rendered":"<p>Environnement num\u00e9rique de travail (ENT) : http:\/\/metice-dev.ac-reunion.fr Acc\u00e8s \u00e0 Pronote : Pronote Site d&rsquo;information sur la r\u00e9alisation de votre site d&rsquo;\u00e9tablissement : http:\/\/wpetab.ac-reunion.fr\/ D\u00e9l\u00e9gation acad\u00e9mique au num\u00e9rique pour l&rsquo;\u00e9ducation : [&hellip;]<\/p>\n","protected":false},"author":8019,"featured_media":0,"parent":0,"menu_order":0,"comment_status":"closed","ping_status":"closed","template":"","meta":{"_et_pb_use_builder":"","_et_pb_old_content":"","_et_gb_content_width":"","footnotes":""},"class_list":["post-216","page","type-page","status-publish","hentry"],"_links":{"self":[{"href":"https:\/\/etab.ac-reunion.fr\/clg-alsace-corre\/wp-json\/wp\/v2\/pages\/216","targetHints":{"allow":["GET"]}}],"collection":[{"href":"https:\/\/etab.ac-reunion.fr\/clg-alsace-corre\/wp-json\/wp\/v2\/pages"}],"about":[{"href":"https:\/\/etab.ac-reunion.fr\/clg-alsace-corre\/wp-json\/wp\/v2\/types\/page"}],"author":[{"embeddable":true,"href":"https:\/\/etab.ac-reunion.fr\/clg-alsace-corre\/wp-json\/wp\/v2\/users\/8019"}],"replies":[{"embeddable":true,"href":"https:\/\/etab.ac-reunion.fr\/clg-alsace-corre\/wp-json\/wp\/v2\/comments?post=216"}],"version-history":[{"count":12,"href":"https:\/\/etab.ac-reunion.fr\/clg-alsace-corre\/wp-json\/wp\/v2\/pages\/216\/revisions"}],"predecessor-version":[{"id":2812,"href":"https:\/\/etab.ac-reunion.fr\/clg-alsace-corre\/wp-json\/wp\/v2\/pages\/216\/revisions\/2812"}],"wp:attachment":[{"href":"https:\/\/etab.ac-reunion.fr\/clg-alsace-corre\/wp-json\/wp\/v2\/media?parent=216"}],"curies":[{"name":"wp","href":"https:\/\/api.w.org\/{rel}","templated":true}]}}