{"id":2179,"date":"2024-07-01T11:29:46","date_gmt":"2024-07-01T07:29:46","guid":{"rendered":"https:\/\/etab.ac-reunion.fr\/clg-alsace-corre\/?page_id=2179"},"modified":"2026-04-13T12:04:36","modified_gmt":"2026-04-13T08:04:36","slug":"horaire-de-linformaticien","status":"publish","type":"page","link":"https:\/\/etab.ac-reunion.fr\/clg-alsace-corre\/horaire-de-linformaticien\/","title":{"rendered":"Informaticien"},"content":{"rendered":"\n<p class=\"has-text-align-center has-black-color has-pale-cyan-blue-background-color has-text-color has-background\"><strong>Bonjour, je serai disponible aux cr\u00e9neaux horaires indiqu\u00e9s<\/strong> :<\/p>\n\n\n<a href=\"https:\/\/etab.ac-reunion.fr\/clg-alsace-corre\/wp-content\/uploads\/sites\/128\/2025\/11\/Horaire-Informaticien.pdf\" class=\"pdfemb-viewer\" style=\"\" data-width=\"max\" data-height=\"max\" data-toolbar=\"bottom\" data-toolbar-fixed=\"off\">Horaire-Informaticien<\/a>\n\n\n<p><\/p>\n\n\n\n<p class=\"has-medium-font-size\" style=\"text-decoration:underline\"><em><strong>Le r\u00f4le de l&rsquo;AED TICE<\/strong> :<\/em><\/p>\n\n\n\n<p><\/p>\n\n\n\n<ul style=\"background:linear-gradient(180deg,rgb(202,248,128) 0%,rgb(113,206,126) 100%)\" class=\"wp-block-list has-black-color has-text-color has-background has-link-color wp-elements-306a43c32d079c5a85680a75815a06d3\">\n<li class=\"has-medium-font-size\"><strong>Il accompagne les parents dans les d\u00e9marches sur EDUCONNECT ( La cr\u00e9ation du compte, la gestion de celui pour l&rsquo;acc\u00e8s \u00e0 l&rsquo;ENT et \u00e0 PRONOTE )<\/strong><\/li>\n\n\n\n<li class=\"has-medium-font-size\"><strong>Il accompagne les \u00e9l\u00e8ves pour l&rsquo;utilisation du mat\u00e9riel informatique, la cr\u00e9ation du mot passe pour l&rsquo;acc\u00e8s aux ordinateurs, \u00e0 leur compte METICE pour l&rsquo;acc\u00e8s \u00e0 leur ressource num\u00e9rique, l&rsquo;ENT et PRONOTE<\/strong><br><\/li>\n<\/ul>\n","protected":false},"excerpt":{"rendered":"<p>Bonjour, je serai disponible aux cr\u00e9neaux horaires indiqu\u00e9s : Le r\u00f4le de l&rsquo;AED TICE :<\/p>\n","protected":false},"author":31029,"featured_media":3719,"parent":0,"menu_order":0,"comment_status":"closed","ping_status":"closed","template":"","meta":{"_et_pb_use_builder":"","_et_pb_old_content":"","_et_gb_content_width":"","footnotes":""},"class_list":["post-2179","page","type-page","status-publish","has-post-thumbnail","hentry"],"_links":{"self":[{"href":"https:\/\/etab.ac-reunion.fr\/clg-alsace-corre\/wp-json\/wp\/v2\/pages\/2179","targetHints":{"allow":["GET"]}}],"collection":[{"href":"https:\/\/etab.ac-reunion.fr\/clg-alsace-corre\/wp-json\/wp\/v2\/pages"}],"about":[{"href":"https:\/\/etab.ac-reunion.fr\/clg-alsace-corre\/wp-json\/wp\/v2\/types\/page"}],"author":[{"embeddable":true,"href":"https:\/\/etab.ac-reunion.fr\/clg-alsace-corre\/wp-json\/wp\/v2\/users\/31029"}],"replies":[{"embeddable":true,"href":"https:\/\/etab.ac-reunion.fr\/clg-alsace-corre\/wp-json\/wp\/v2\/comments?post=2179"}],"version-history":[{"count":8,"href":"https:\/\/etab.ac-reunion.fr\/clg-alsace-corre\/wp-json\/wp\/v2\/pages\/2179\/revisions"}],"predecessor-version":[{"id":6417,"href":"https:\/\/etab.ac-reunion.fr\/clg-alsace-corre\/wp-json\/wp\/v2\/pages\/2179\/revisions\/6417"}],"wp:featuredmedia":[{"embeddable":true,"href":"https:\/\/etab.ac-reunion.fr\/clg-alsace-corre\/wp-json\/wp\/v2\/media\/3719"}],"wp:attachment":[{"href":"https:\/\/etab.ac-reunion.fr\/clg-alsace-corre\/wp-json\/wp\/v2\/media?parent=2179"}],"curies":[{"name":"wp","href":"https:\/\/api.w.org\/{rel}","templated":true}]}}

<p class="has-text-align-center has-black-color has-pale-cyan-blue-background-color has-text-color has-background"><strong>Bonjour, je serai disponible aux créneaux horaires indiqués</strong> :</p>


<a href="https://etab.ac-reunion.fr/clg-alsace-corre/wp-content/uploads/sites/128/2025/11/Horaire-Informaticien.pdf" class="pdfemb-viewer" style="" data-width="max" data-height="max" data-toolbar="bottom" data-toolbar-fixed="off">Horaire-Informaticien</a>


<p></p>



<p class="has-medium-font-size" style="text-decoration:underline"><em><strong>Le rôle de l&rsquo;AED TICE</strong> :</em></p>



<p></p>



<ul style="background:linear-gradient(180deg,rgb(202,248,128) 0%,rgb(113,206,126) 100%)" class="wp-block-list has-black-color has-text-color has-background has-link-color wp-elements-306a43c32d079c5a85680a75815a06d3">
<li class="has-medium-font-size"><strong>Il accompagne les parents dans les démarches sur EDUCONNECT ( La création du compte, la gestion de celui pour l&rsquo;accès à l&rsquo;ENT et à PRONOTE )</strong></li>



<li class="has-medium-font-size"><strong>Il accompagne les élèves pour l&rsquo;utilisation du matériel informatique, la création du mot passe pour l&rsquo;accès aux ordinateurs, à leur compte METICE pour l&rsquo;accès à leur ressource numérique, l&rsquo;ENT et PRONOTE</strong><br></li>
</ul>

<p>Bonjour, je serai disponible aux créneaux horaires indiqués : Le rôle de l&rsquo;AED TICE :</p>
