{"id":5437,"date":"2025-05-27T14:22:42","date_gmt":"2025-05-27T10:22:42","guid":{"rendered":"https:\/\/etab.ac-reunion.fr\/clg-alsace-corre\/?post_type=tribe_events&#038;p=5437"},"modified":"2025-05-27T14:33:37","modified_gmt":"2025-05-27T10:33:37","slug":"inscription-des-eleves-de-lecole-du-centre","status":"publish","type":"tribe_events","link":"https:\/\/etab.ac-reunion.fr\/clg-alsace-corre\/event\/inscription-des-eleves-de-lecole-du-centre\/","title":{"rendered":"INSCRIPTION DES ELEVES DE L&rsquo;ECOLE DU CENTRE"},"content":{"rendered":"<p><strong><span style=\"text-decoration: underline\">INSCRIPTION DES ELEVES DE L&rsquo;ECOLE DU CENTRE :<\/span><\/strong><\/p>\n<p><span style=\"color: #ff0000\"><strong>11 \u00e9l\u00e8ves le matin et 11 \u00e9l\u00e8ves l&rsquo;apr\u00e8s-midi<\/strong><\/span><\/p>\n","protected":false},"excerpt":{"rendered":"<p>INSCRIPTION DES ELEVES DE L&rsquo;ECOLE DU CENTRE : 11 \u00e9l\u00e8ves le matin et 11 \u00e9l\u00e8ves l&rsquo;apr\u00e8s-midi<\/p>\n","protected":false},"author":31029,"featured_media":5440,"template":"","meta":{"_et_pb_use_builder":"","_et_pb_old_content":"","_et_gb_content_width":"","_tribe_events_status":"","_tribe_events_status_reason":"","footnotes":""},"tags":[],"tribe_events_cat":[103],"class_list":["post-5437","tribe_events","type-tribe_events","status-publish","has-post-thumbnail","hentry","tribe_events_cat-inscriptions","cat_inscriptions"],"_links":{"self":[{"href":"https:\/\/etab.ac-reunion.fr\/clg-alsace-corre\/wp-json\/wp\/v2\/tribe_events\/5437","targetHints":{"allow":["GET"]}}],"collection":[{"href":"https:\/\/etab.ac-reunion.fr\/clg-alsace-corre\/wp-json\/wp\/v2\/tribe_events"}],"about":[{"href":"https:\/\/etab.ac-reunion.fr\/clg-alsace-corre\/wp-json\/wp\/v2\/types\/tribe_events"}],"author":[{"embeddable":true,"href":"https:\/\/etab.ac-reunion.fr\/clg-alsace-corre\/wp-json\/wp\/v2\/users\/31029"}],"version-history":[{"count":1,"href":"https:\/\/etab.ac-reunion.fr\/clg-alsace-corre\/wp-json\/wp\/v2\/tribe_events\/5437\/revisions"}],"predecessor-version":[{"id":5439,"href":"https:\/\/etab.ac-reunion.fr\/clg-alsace-corre\/wp-json\/wp\/v2\/tribe_events\/5437\/revisions\/5439"}],"wp:featuredmedia":[{"embeddable":true,"href":"https:\/\/etab.ac-reunion.fr\/clg-alsace-corre\/wp-json\/wp\/v2\/media\/5440"}],"wp:attachment":[{"href":"https:\/\/etab.ac-reunion.fr\/clg-alsace-corre\/wp-json\/wp\/v2\/media?parent=5437"}],"wp:term":[{"taxonomy":"post_tag","embeddable":true,"href":"https:\/\/etab.ac-reunion.fr\/clg-alsace-corre\/wp-json\/wp\/v2\/tags?post=5437"},{"taxonomy":"tribe_events_cat","embeddable":true,"href":"https:\/\/etab.ac-reunion.fr\/clg-alsace-corre\/wp-json\/wp\/v2\/tribe_events_cat?post=5437"}],"curies":[{"name":"wp","href":"https:\/\/api.w.org\/{rel}","templated":true}]}}

<p><strong><span style="text-decoration: underline">INSCRIPTION DES ELEVES DE L&rsquo;ECOLE DU CENTRE :</span></strong></p>
<p><span style="color: #ff0000"><strong>11 élèves le matin et 11 élèves l&rsquo;après-midi</strong></span></p>

<p>INSCRIPTION DES ELEVES DE L&rsquo;ECOLE DU CENTRE : 11 élèves le matin et 11 élèves l&rsquo;après-midi</p>
