{"id":5485,"date":"2025-06-06T11:35:23","date_gmt":"2025-06-06T07:35:23","guid":{"rendered":"https:\/\/etab.ac-reunion.fr\/clg-alsace-corre\/?post_type=tribe_events&#038;p=5485"},"modified":"2025-07-03T10:18:48","modified_gmt":"2025-07-03T06:18:48","slug":"rentree-scolaire-2025","status":"publish","type":"tribe_events","link":"https:\/\/etab.ac-reunion.fr\/clg-alsace-corre\/event\/rentree-scolaire-2025\/","title":{"rendered":"Rentr\u00e9e Scolaire 2025-2026 pour les \u00e9l\u00e8ves de 6\u00e8me"},"content":{"rendered":"<ul class=\"wp-block-list\">\n<li><strong>7h30-9h30 accueil des \u00e9l\u00e8ves par le professeur principal (1 seul des 2 parents peut accompagner son enfant\u00a0 et rester en classe pendant ces 2 heures)<\/strong><\/li>\n<li><strong>9h30 collation pour les nouveaux \u00e9l\u00e8ves<\/strong><\/li>\n<li><strong>\u00e0 partir de 9h30 tous les parents sont attendus pour une r\u00e9union d\u2019organisation du coll\u00e8ge et r\u00e9pondre aux questions<\/strong><\/li>\n<li><strong>10h retour en classe des \u00e9l\u00e8ves avec le professeur principal selon l\u2019organisation des ateliers<\/strong><\/li>\n<li><strong>11h30-13h20 d\u00e9jeuner \u00e0 la cantine pour les demi-pensionnaires (les externes rentrent chez eux d\u00e9jeuner et reviennent pour 13h20)<\/strong><\/li>\n<li><strong>13h30 atelier EPS (ramener la tenue d\u2019EPS dans un sac ainsi qu\u2019une gourde d\u2019eau et une casquette)<\/strong><\/li>\n<li><strong>16h35 fin de la journ\u00e9e<\/strong><\/li>\n<li><strong>mercredi 20 ao\u00fbt 2025 les \u00e9l\u00e8ves de 6\u00e8me n\u2019ont pas cours afin d\u2019accueillir les \u00e9l\u00e8ves de 5\u00e8me, de 4\u00e8me et de 3\u00e8me.<\/strong><\/li>\n<li><strong>le jeudi 21 ao\u00fbt 2025 reprise des cours selon l\u2019emploi du temps<\/strong><\/li>\n<\/ul>\n","protected":false},"excerpt":{"rendered":"<p>7h30-9h30 accueil des \u00e9l\u00e8ves par le professeur principal (1 seul des 2 parents peut accompagner son enfant\u00a0 et rester en classe pendant ces 2 heures) 9h30 collation pour les nouveaux [&hellip;]<\/p>\n","protected":false},"author":31029,"featured_media":5564,"template":"","meta":{"_et_pb_use_builder":"","_et_pb_old_content":"","_et_gb_content_width":"","_tribe_events_status":"","_tribe_events_status_reason":"","footnotes":""},"tags":[],"tribe_events_cat":[110],"class_list":["post-5485","tribe_events","type-tribe_events","status-publish","has-post-thumbnail","hentry","tribe_events_cat-rentree-scolaire","cat_rentree-scolaire"],"_links":{"self":[{"href":"https:\/\/etab.ac-reunion.fr\/clg-alsace-corre\/wp-json\/wp\/v2\/tribe_events\/5485","targetHints":{"allow":["GET"]}}],"collection":[{"href":"https:\/\/etab.ac-reunion.fr\/clg-alsace-corre\/wp-json\/wp\/v2\/tribe_events"}],"about":[{"href":"https:\/\/etab.ac-reunion.fr\/clg-alsace-corre\/wp-json\/wp\/v2\/types\/tribe_events"}],"author":[{"embeddable":true,"href":"https:\/\/etab.ac-reunion.fr\/clg-alsace-corre\/wp-json\/wp\/v2\/users\/31029"}],"version-history":[{"count":2,"href":"https:\/\/etab.ac-reunion.fr\/clg-alsace-corre\/wp-json\/wp\/v2\/tribe_events\/5485\/revisions"}],"predecessor-version":[{"id":5570,"href":"https:\/\/etab.ac-reunion.fr\/clg-alsace-corre\/wp-json\/wp\/v2\/tribe_events\/5485\/revisions\/5570"}],"wp:featuredmedia":[{"embeddable":true,"href":"https:\/\/etab.ac-reunion.fr\/clg-alsace-corre\/wp-json\/wp\/v2\/media\/5564"}],"wp:attachment":[{"href":"https:\/\/etab.ac-reunion.fr\/clg-alsace-corre\/wp-json\/wp\/v2\/media?parent=5485"}],"wp:term":[{"taxonomy":"post_tag","embeddable":true,"href":"https:\/\/etab.ac-reunion.fr\/clg-alsace-corre\/wp-json\/wp\/v2\/tags?post=5485"},{"taxonomy":"tribe_events_cat","embeddable":true,"href":"https:\/\/etab.ac-reunion.fr\/clg-alsace-corre\/wp-json\/wp\/v2\/tribe_events_cat?post=5485"}],"curies":[{"name":"wp","href":"https:\/\/api.w.org\/{rel}","templated":true}]}}

Rentrée Scolaire 2025-2026 pour les élèves de 6ème

<ul class="wp-block-list">
<li><strong>7h30-9h30 accueil des élèves par le professeur principal (1 seul des 2 parents peut accompagner son enfant  et rester en classe pendant ces 2 heures)</strong></li>
<li><strong>9h30 collation pour les nouveaux élèves</strong></li>
<li><strong>à partir de 9h30 tous les parents sont attendus pour une réunion d’organisation du collège et répondre aux questions</strong></li>
<li><strong>10h retour en classe des élèves avec le professeur principal selon l’organisation des ateliers</strong></li>
<li><strong>11h30-13h20 déjeuner à la cantine pour les demi-pensionnaires (les externes rentrent chez eux déjeuner et reviennent pour 13h20)</strong></li>
<li><strong>13h30 atelier EPS (ramener la tenue d’EPS dans un sac ainsi qu’une gourde d’eau et une casquette)</strong></li>
<li><strong>16h35 fin de la journée</strong></li>
<li><strong>mercredi 20 août 2025 les élèves de 6ème n’ont pas cours afin d’accueillir les élèves de 5ème, de 4ème et de 3ème.</strong></li>
<li><strong>le jeudi 21 août 2025 reprise des cours selon l’emploi du temps</strong></li>
</ul>

<p>7h30-9h30 accueil des élèves par le professeur principal (1 seul des 2 parents peut accompagner son enfant  et rester en classe pendant ces 2 heures) 9h30 collation pour les nouveaux [&hellip;]</p>
