{"id":5571,"date":"2025-07-03T10:12:49","date_gmt":"2025-07-03T06:12:49","guid":{"rendered":"https:\/\/etab.ac-reunion.fr\/clg-alsace-corre\/?post_type=tribe_events&#038;p=5571"},"modified":"2025-08-18T16:40:43","modified_gmt":"2025-08-18T12:40:43","slug":"rentree-scolaire-2025-2026-pour-les-eleves-de-5eme-4eme-et-3eme","status":"publish","type":"tribe_events","link":"https:\/\/etab.ac-reunion.fr\/clg-alsace-corre\/event\/rentree-scolaire-2025-2026-pour-les-eleves-de-5eme-4eme-et-3eme\/","title":{"rendered":"Rentr\u00e9e Scolaire 2025-2026 pour les \u00e9l\u00e8ves de 5\u00e8me, 4\u00e8me et 3\u00e8me"},"content":{"rendered":"<p><strong>Les \u00e9l\u00e8ves de 5\u00e8me, 4\u00e8me et 3\u00e8me feront leur rentr\u00e9e scolaire le mercredi 20 ao\u00fbt 2025 \u00e0 7h30 ( pas cours le 19\/08\/25 car accueil des 6\u00e8mes )<\/strong><\/p>\n","protected":false},"excerpt":{"rendered":"<p>Les \u00e9l\u00e8ves de 5\u00e8me, 4\u00e8me et 3\u00e8me feront leur rentr\u00e9e scolaire le mercredi 20 ao\u00fbt 2025 \u00e0 7h30 ( pas cours le 19\/08\/25 car accueil des 6\u00e8mes )<\/p>\n","protected":false},"author":31029,"featured_media":5564,"template":"","meta":{"_et_pb_use_builder":"","_et_pb_old_content":"","_et_gb_content_width":"","_tribe_events_status":"","_tribe_events_status_reason":"","footnotes":""},"tags":[],"tribe_events_cat":[110],"class_list":["post-5571","tribe_events","type-tribe_events","status-publish","has-post-thumbnail","hentry","tribe_events_cat-rentree-scolaire","cat_rentree-scolaire"],"_links":{"self":[{"href":"https:\/\/etab.ac-reunion.fr\/clg-alsace-corre\/wp-json\/wp\/v2\/tribe_events\/5571","targetHints":{"allow":["GET"]}}],"collection":[{"href":"https:\/\/etab.ac-reunion.fr\/clg-alsace-corre\/wp-json\/wp\/v2\/tribe_events"}],"about":[{"href":"https:\/\/etab.ac-reunion.fr\/clg-alsace-corre\/wp-json\/wp\/v2\/types\/tribe_events"}],"author":[{"embeddable":true,"href":"https:\/\/etab.ac-reunion.fr\/clg-alsace-corre\/wp-json\/wp\/v2\/users\/31029"}],"version-history":[{"count":1,"href":"https:\/\/etab.ac-reunion.fr\/clg-alsace-corre\/wp-json\/wp\/v2\/tribe_events\/5571\/revisions"}],"predecessor-version":[{"id":5572,"href":"https:\/\/etab.ac-reunion.fr\/clg-alsace-corre\/wp-json\/wp\/v2\/tribe_events\/5571\/revisions\/5572"}],"wp:featuredmedia":[{"embeddable":true,"href":"https:\/\/etab.ac-reunion.fr\/clg-alsace-corre\/wp-json\/wp\/v2\/media\/5564"}],"wp:attachment":[{"href":"https:\/\/etab.ac-reunion.fr\/clg-alsace-corre\/wp-json\/wp\/v2\/media?parent=5571"}],"wp:term":[{"taxonomy":"post_tag","embeddable":true,"href":"https:\/\/etab.ac-reunion.fr\/clg-alsace-corre\/wp-json\/wp\/v2\/tags?post=5571"},{"taxonomy":"tribe_events_cat","embeddable":true,"href":"https:\/\/etab.ac-reunion.fr\/clg-alsace-corre\/wp-json\/wp\/v2\/tribe_events_cat?post=5571"}],"curies":[{"name":"wp","href":"https:\/\/api.w.org\/{rel}","templated":true}]}}

Rentrée Scolaire 2025-2026 pour les élèves de 5ème, 4ème et 3ème

<p><strong>Les élèves de 5ème, 4ème et 3ème feront leur rentrée scolaire le mercredi 20 août 2025 à 7h30 ( pas cours le 19/08/25 car accueil des 6èmes )</strong></p>

<p>Les élèves de 5ème, 4ème et 3ème feront leur rentrée scolaire le mercredi 20 août 2025 à 7h30 ( pas cours le 19/08/25 car accueil des 6èmes )</p>
