{"id":5592,"date":"2025-09-05T11:31:45","date_gmt":"2025-09-05T07:31:45","guid":{"rendered":"https:\/\/etab.ac-reunion.fr\/clg-alsace-corre\/?post_type=tribe_events&#038;p=5592"},"modified":"2025-09-05T11:32:10","modified_gmt":"2025-09-05T07:32:10","slug":"election-eco-delegues","status":"publish","type":"tribe_events","link":"https:\/\/etab.ac-reunion.fr\/clg-alsace-corre\/event\/election-eco-delegues\/","title":{"rendered":"Election Eco-d\u00e9l\u00e9gu\u00e9s"},"content":{"rendered":"","protected":false},"excerpt":{"rendered":"","protected":false},"author":31029,"featured_media":5269,"template":"","meta":{"_et_pb_use_builder":"","_et_pb_old_content":"","_et_gb_content_width":"","_tribe_events_status":"","_tribe_events_status_reason":"","footnotes":""},"tags":[],"tribe_events_cat":[96],"class_list":["post-5592","tribe_events","type-tribe_events","status-publish","has-post-thumbnail","hentry","tribe_events_cat-eco-delegues","cat_eco-delegues"],"_links":{"self":[{"href":"https:\/\/etab.ac-reunion.fr\/clg-alsace-corre\/wp-json\/wp\/v2\/tribe_events\/5592","targetHints":{"allow":["GET"]}}],"collection":[{"href":"https:\/\/etab.ac-reunion.fr\/clg-alsace-corre\/wp-json\/wp\/v2\/tribe_events"}],"about":[{"href":"https:\/\/etab.ac-reunion.fr\/clg-alsace-corre\/wp-json\/wp\/v2\/types\/tribe_events"}],"author":[{"embeddable":true,"href":"https:\/\/etab.ac-reunion.fr\/clg-alsace-corre\/wp-json\/wp\/v2\/users\/31029"}],"version-history":[{"count":1,"href":"https:\/\/etab.ac-reunion.fr\/clg-alsace-corre\/wp-json\/wp\/v2\/tribe_events\/5592\/revisions"}],"predecessor-version":[{"id":5593,"href":"https:\/\/etab.ac-reunion.fr\/clg-alsace-corre\/wp-json\/wp\/v2\/tribe_events\/5592\/revisions\/5593"}],"wp:featuredmedia":[{"embeddable":true,"href":"https:\/\/etab.ac-reunion.fr\/clg-alsace-corre\/wp-json\/wp\/v2\/media\/5269"}],"wp:attachment":[{"href":"https:\/\/etab.ac-reunion.fr\/clg-alsace-corre\/wp-json\/wp\/v2\/media?parent=5592"}],"wp:term":[{"taxonomy":"post_tag","embeddable":true,"href":"https:\/\/etab.ac-reunion.fr\/clg-alsace-corre\/wp-json\/wp\/v2\/tags?post=5592"},{"taxonomy":"tribe_events_cat","embeddable":true,"href":"https:\/\/etab.ac-reunion.fr\/clg-alsace-corre\/wp-json\/wp\/v2\/tribe_events_cat?post=5592"}],"curies":[{"name":"wp","href":"https:\/\/api.w.org\/{rel}","templated":true}]}}

Election Eco-délégués
