{"id":5596,"date":"2025-09-05T11:34:05","date_gmt":"2025-09-05T07:34:05","guid":{"rendered":"https:\/\/etab.ac-reunion.fr\/clg-alsace-corre\/?post_type=tribe_events&#038;p=5596"},"modified":"2025-09-05T11:34:05","modified_gmt":"2025-09-05T07:34:05","slug":"election-eco-delegues-sur-pronote","status":"publish","type":"tribe_events","link":"https:\/\/etab.ac-reunion.fr\/clg-alsace-corre\/event\/election-eco-delegues-sur-pronote\/","title":{"rendered":"Election Eco-d\u00e9l\u00e9gu\u00e9s sur PRONOTE"},"content":{"rendered":"","protected":false},"excerpt":{"rendered":"","protected":false},"author":31029,"featured_media":5269,"template":"","meta":{"_et_pb_use_builder":"","_et_pb_old_content":"","_et_gb_content_width":"","_tribe_events_status":"","_tribe_events_status_reason":"","footnotes":""},"tags":[],"tribe_events_cat":[],"class_list":["post-5596","tribe_events","type-tribe_events","status-publish","has-post-thumbnail","hentry"],"_links":{"self":[{"href":"https:\/\/etab.ac-reunion.fr\/clg-alsace-corre\/wp-json\/wp\/v2\/tribe_events\/5596","targetHints":{"allow":["GET"]}}],"collection":[{"href":"https:\/\/etab.ac-reunion.fr\/clg-alsace-corre\/wp-json\/wp\/v2\/tribe_events"}],"about":[{"href":"https:\/\/etab.ac-reunion.fr\/clg-alsace-corre\/wp-json\/wp\/v2\/types\/tribe_events"}],"author":[{"embeddable":true,"href":"https:\/\/etab.ac-reunion.fr\/clg-alsace-corre\/wp-json\/wp\/v2\/users\/31029"}],"version-history":[{"count":1,"href":"https:\/\/etab.ac-reunion.fr\/clg-alsace-corre\/wp-json\/wp\/v2\/tribe_events\/5596\/revisions"}],"predecessor-version":[{"id":5597,"href":"https:\/\/etab.ac-reunion.fr\/clg-alsace-corre\/wp-json\/wp\/v2\/tribe_events\/5596\/revisions\/5597"}],"wp:featuredmedia":[{"embeddable":true,"href":"https:\/\/etab.ac-reunion.fr\/clg-alsace-corre\/wp-json\/wp\/v2\/media\/5269"}],"wp:attachment":[{"href":"https:\/\/etab.ac-reunion.fr\/clg-alsace-corre\/wp-json\/wp\/v2\/media?parent=5596"}],"wp:term":[{"taxonomy":"post_tag","embeddable":true,"href":"https:\/\/etab.ac-reunion.fr\/clg-alsace-corre\/wp-json\/wp\/v2\/tags?post=5596"},{"taxonomy":"tribe_events_cat","embeddable":true,"href":"https:\/\/etab.ac-reunion.fr\/clg-alsace-corre\/wp-json\/wp\/v2\/tribe_events_cat?post=5596"}],"curies":[{"name":"wp","href":"https:\/\/api.w.org\/{rel}","templated":true}]}}

Election Eco-délégués sur PRONOTE
