{"id":5453,"date":"2016-12-08T15:05:57","date_gmt":"2016-12-08T11:05:57","guid":{"rendered":"http:\/\/college-amiral-bouvet.ac-reunion.fr\/?page_id=5453"},"modified":"2026-02-26T14:09:35","modified_gmt":"2026-02-26T10:09:35","slug":"qui-etait-amiral-pierre-bouvet","status":"publish","type":"page","link":"https:\/\/etab.ac-reunion.fr\/clg-amiral-bouvet\/qui-etait-amiral-pierre-bouvet\/","title":{"rendered":"Qui \u00e9tait Amiral Pierre Bouvet?"},"content":{"rendered":"[et_pb_section fb_built=\u00a0\u00bb1&Prime; admin_label=\u00a0\u00bbsection\u00a0\u00bb _builder_version=\u00a0\u00bb4.27.5&Prime; hover_enabled=\u00a0\u00bb0&Prime; global_colors_info=\u00a0\u00bb{}\u00a0\u00bb use_background_color_gradient=\u00a0\u00bbon\u00a0\u00bb title_text=\u00a0\u00bbLogo College Fond 2 test\u00a0\u00bb background_image=\u00a0\u00bbhttps:\/\/etab.ac-reunion.fr\/clg-amiral-bouvet\/wp-content\/uploads\/sites\/47\/2026\/02\/Logo-College-Fond-2-test-.png\u00a0\u00bb sticky_enabled=\u00a0\u00bb0&Prime;][et_pb_row admin_label=\u00a0\u00bbLigne\u00a0\u00bb _builder_version=\u00a0\u00bb4.16&Prime; background_size=\u00a0\u00bbinitial\u00a0\u00bb background_position=\u00a0\u00bbtop_left\u00a0\u00bb background_repeat=\u00a0\u00bbrepeat\u00a0\u00bb global_colors_info=\u00a0\u00bb{}\u00a0\u00bb][et_pb_column type=\u00a0\u00bb4_4&Prime; _builder_version=\u00a0\u00bb4.16&Prime; custom_padding=\u00a0\u00bb|||\u00a0\u00bb global_colors_info=\u00a0\u00bb{}\u00a0\u00bb custom_padding__hover=\u00a0\u00bb|||\u00a0\u00bb][et_pb_image src=\u00a0\u00bbhttps:\/\/etab.ac-reunion.fr\/clg-amiral-bouvet\/wp-content\/uploads\/sites\/47\/2025\/08\/Pierre_Francois_Etienne_Bouvet_de_Maisonneuve-P6280072-1.jpg\u00a0\u00bb title_text=\u00a0\u00bbOLYMPUS DIGITAL CAMERA\u00a0\u00bb align=\u00a0\u00bbcenter\u00a0\u00bb force_fullwidth=\u00a0\u00bbon\u00a0\u00bb align_tablet=\u00a0\u00bbcenter\u00a0\u00bb align_phone=\u00a0\u00bb\u00a0\u00bb align_last_edited=\u00a0\u00bbon|desktop\u00a0\u00bb admin_label=\u00a0\u00bbImage\u00a0\u00bb _builder_version=\u00a0\u00bb4.27.4&Prime; height_tablet=\u00a0\u00bb478px\u00a0\u00bb height_phone=\u00a0\u00bb478px\u00a0\u00bb height_last_edited=\u00a0\u00bbon|phone\u00a0\u00bb animation_style=\u00a0\u00bbslide\u00a0\u00bb animation_direction=\u00a0\u00bbtop\u00a0\u00bb animation_duration=\u00a0\u00bb500ms\u00a0\u00bb animation_intensity_slide=\u00a0\u00bb10%\u00a0\u00bb sticky=\u00a0\u00bboff\u00a0\u00bb use_border_color=\u00a0\u00bboff\u00a0\u00bb border_color=\u00a0\u00bb#ffffff\u00a0\u00bb border_style=\u00a0\u00bbsolid\u00a0\u00bb always_center_on_mobile=\u00a0\u00bbon\u00a0\u00bb global_colors_info=\u00a0\u00bb{}\u00a0\u00bb] [\/et_pb_image][\/et_pb_column][\/et_pb_row][et_pb_row admin_label=\u00a0\u00bbrow\u00a0\u00bb _builder_version=\u00a0\u00bb4.16&Prime; background_size=\u00a0\u00bbinitial\u00a0\u00bb background_position=\u00a0\u00bbtop_left\u00a0\u00bb background_repeat=\u00a0\u00bbrepeat\u00a0\u00bb global_colors_info=\u00a0\u00bb{}\u00a0\u00bb][et_pb_column type=\u00a0\u00bb4_4&Prime; _builder_version=\u00a0\u00bb4.16&Prime; custom_padding=\u00a0\u00bb|||\u00a0\u00bb global_colors_info=\u00a0\u00bb{}\u00a0\u00bb custom_padding__hover=\u00a0\u00bb|||\u00a0\u00bb][et_pb_text admin_label=\u00a0\u00bbTexte\u00a0\u00bb _builder_version=\u00a0\u00bb4.16&Prime; background_size=\u00a0\u00bbinitial\u00a0\u00bb background_position=\u00a0\u00bbtop_left\u00a0\u00bb background_repeat=\u00a0\u00bbrepeat\u00a0\u00bb text_orientation=\u00a0\u00bbcenter\u00a0\u00bb module_alignment=\u00a0\u00bbcenter\u00a0\u00bb use_border_color=\u00a0\u00bboff\u00a0\u00bb border_color=\u00a0\u00bb#ffffff\u00a0\u00bb border_style=\u00a0\u00bbsolid\u00a0\u00bb global_colors_info=\u00a0\u00bb{}\u00a0\u00bb]\n<p><span style=\"font-size: x-large\"><strong>Pierre Henri Fran\u00e7ois Etienne Bouvet Contre-Amiral.<\/strong><\/span><\/p>\n<p>Pierre Fran\u00e7ois Henry \u00c9tienne Bouvet de Maisonneuve na\u00eet le 28 novembre 1775 \u00e0 Saint-Beno\u00eet, \u00eele Bourbon (aujourd\u2019hui La R\u00e9union), et meurt le 18 juin 1860 \u00e0 Saint-Servan, o\u00f9 il est inhum\u00e9.<br \/>Issu d\u2019une ancienne famille bourgeoise bretonne, il est le fils du capitaine de vaisseau Pierre Bouvet de Maisonneuve.<br \/>D\u00e8s 1786, il embarque comme volontaire sur la fl\u00fbte N\u00e9cessaire command\u00e9e par son p\u00e8re.<br \/>Il sert ensuite sur le Go\u00e9land puis sur le vaisseau Tourville.<br \/>Aspirant, il navigue sur la fr\u00e9gate Ar\u00e9thuse durant la campagne du contre-amiral Truguet.<br \/>En 1793, \u00e0 Toulon, il commande le vaisseau Patriote pour Brest, mais est emprisonn\u00e9 \u00e0 tort avec son p\u00e8re.<br \/>Lib\u00e9r\u00e9 en 1795, il retrouve son grade d\u2019enseigne, mais perd son p\u00e8re, d\u00e9c\u00e9d\u00e9 des suites de sa captivit\u00e9.<br \/>Il sert sur plusieurs fr\u00e9gates avant de tenter la course sur le corsaire Triton, captur\u00e9 en 1798.<br \/>Commandant du corsaire Furet, il est repris et gri\u00e8vement bless\u00e9 en 1799.<br \/>Promu lieutenant en 1801, il participe \u00e0 la campagne de Guadeloupe puis rejoint l\u2019oc\u00e9an Indien avec l\u2019amiral Linois.<br \/>Sur l\u2019Atalante puis l\u2019Ar\u00e9thuse, il capture plusieurs navires anglais et hollandais.<br \/>En 1808, avec un petit b\u00e2timent arm\u00e9 d\u2019un seul canon, il s\u2019empare du paquebot anglais Marguerite.<br \/>Commandant le brick Entreprenant, il r\u00e9alise plusieurs prises spectaculaires dont l\u2019Ovidor charg\u00e9 d\u2019or et d\u2019argent.<br \/>En 1809, il obtient \u00e0 Manille la lib\u00e9ration d\u2019un \u00e9quipage fran\u00e7ais injustement d\u00e9tenu.<br \/>Promu capitaine de fr\u00e9gate, il commande la Minerve et participe \u00e0 la bataille de Grand Port en 1810.<br \/>Il y remplace Duperr\u00e9 bless\u00e9 et conduit la division fran\u00e7aise \u00e0 une rare victoire contre quatre fr\u00e9gates anglaises.<br \/>Peu apr\u00e8s, il est captur\u00e9 lors de la chute de l\u2019\u00eele de France mais rentre en h\u00e9ros en m\u00e9tropole.<br \/>Il re\u00e7oit ensuite la fr\u00e9gate Clorinde puis retrouve l\u2019Ar\u00e9thuse en 1812.<br \/>Avec la Rubis, il m\u00e8ne une campagne victorieuse en Atlantique et affronte l\u2019Amelia lors d\u2019un combat acharn\u00e9 en 1813.<br \/>Il regagne Saint-Malo couvert d\u2019\u00e9loges mais se dit d\u00e9\u00e7u de la faible reconnaissance officielle.<br \/>Il introduit dans la marine fran\u00e7aise l\u2019usage anglais des hamacs suspendus en protection contre les \u00e9clats.<br \/>Il ne re\u00e7oit plus de commandement apr\u00e8s 1815, mais est promu capitaine de vaisseau de 1re classe en 1820.<br \/>En 1822, il prend sa retraite avec le grade et la pension de contre-amiral honoraire.<br \/>Il est \u00e9lu d\u00e9put\u00e9 d\u2019Ille-et-Vilaine en 1830, sans se repr\u00e9senter l\u2019ann\u00e9e suivante.<br \/>Il repr\u00e9sente ensuite La R\u00e9union au Conseil des Colonies en 1833.<br \/>Mari\u00e9, il eut quinze enfants mais subit de nombreux deuils familiaux.<br \/>Il est d\u00e9cor\u00e9 de la L\u00e9gion d\u2019honneur (chevalier en 1810, officier en 1813, commandeur en 1820, grand officier en 1831).<br \/>Cinq b\u00e2timents de la marine nationale fran\u00e7aise ont port\u00e9 son nom.<br \/>Plusieurs lieux portent \u00e9galement son nom \u00e0 La R\u00e9union, \u00e0 Saint-Malo et \u00e0 Cancale.<br \/>En 1900, une statue en bronze est \u00e9rig\u00e9e \u00e0 Saint-Servan en son hommage.<\/p>\n<h2><\/h2>\n<h2><\/h2>\n[\/et_pb_text][\/et_pb_column][\/et_pb_row][\/et_pb_section]\n","protected":false},"excerpt":{"rendered":"<p>Pierre Henri Fran\u00e7ois Etienne Bouvet Contre-Amiral. Pierre Fran\u00e7ois Henry \u00c9tienne Bouvet de Maisonneuve na\u00eet le 28 novembre 1775 \u00e0 Saint-Beno\u00eet, \u00eele Bourbon (aujourd\u2019hui La R\u00e9union), et meurt le 18 juin 1860 \u00e0 Saint-Servan, o\u00f9 il est inhum\u00e9.Issu d\u2019une ancienne famille bourgeoise bretonne, il est le fils du capitaine de vaisseau Pierre Bouvet de Maisonneuve.D\u00e8s 1786, [&hellip;]<\/p>\n","protected":false},"author":11699,"featured_media":0,"parent":0,"menu_order":0,"comment_status":"closed","ping_status":"closed","template":"","meta":{"_et_pb_use_builder":"on","_et_pb_old_content":"","_et_gb_content_width":"","footnotes":""},"class_list":["post-5453","page","type-page","status-publish","hentry"],"_links":{"self":[{"href":"https:\/\/etab.ac-reunion.fr\/clg-amiral-bouvet\/wp-json\/wp\/v2\/pages\/5453","targetHints":{"allow":["GET"]}}],"collection":[{"href":"https:\/\/etab.ac-reunion.fr\/clg-amiral-bouvet\/wp-json\/wp\/v2\/pages"}],"about":[{"href":"https:\/\/etab.ac-reunion.fr\/clg-amiral-bouvet\/wp-json\/wp\/v2\/types\/page"}],"author":[{"embeddable":true,"href":"https:\/\/etab.ac-reunion.fr\/clg-amiral-bouvet\/wp-json\/wp\/v2\/users\/11699"}],"replies":[{"embeddable":true,"href":"https:\/\/etab.ac-reunion.fr\/clg-amiral-bouvet\/wp-json\/wp\/v2\/comments?post=5453"}],"version-history":[{"count":11,"href":"https:\/\/etab.ac-reunion.fr\/clg-amiral-bouvet\/wp-json\/wp\/v2\/pages\/5453\/revisions"}],"predecessor-version":[{"id":9786,"href":"https:\/\/etab.ac-reunion.fr\/clg-amiral-bouvet\/wp-json\/wp\/v2\/pages\/5453\/revisions\/9786"}],"wp:attachment":[{"href":"https:\/\/etab.ac-reunion.fr\/clg-amiral-bouvet\/wp-json\/wp\/v2\/media?parent=5453"}],"curies":[{"name":"wp","href":"https:\/\/api.w.org\/{rel}","templated":true}]}}