{"id":7737,"date":"2020-09-07T10:46:05","date_gmt":"2020-09-07T06:46:05","guid":{"rendered":"http:\/\/college-amiral-bouvet.ac-reunion.fr\/?page_id=7737"},"modified":"2020-09-07T10:46:11","modified_gmt":"2020-09-07T06:46:11","slug":"espagnol","status":"publish","type":"page","link":"https:\/\/etab.ac-reunion.fr\/clg-amiral-bouvet\/espagnol\/","title":{"rendered":"Espagnol"},"content":{"rendered":"[et_pb_section fb_built=\u00a0\u00bb1&Prime; _builder_version=\u00a0\u00bb4.6.1&Prime; _module_preset=\u00a0\u00bbdefault\u00a0\u00bb][et_pb_row _builder_version=\u00a0\u00bb4.6.1&Prime; _module_preset=\u00a0\u00bbdefault\u00a0\u00bb use_custom_gutter=\u00a0\u00bbon\u00a0\u00bb width=\u00a0\u00bb100%\u00a0\u00bb hover_enabled=\u00a0\u00bb0&Prime; sticky_enabled=\u00a0\u00bb0&Prime; background_color=\u00a0\u00bb#d6d6d6&Prime;][et_pb_column _builder_version=\u00a0\u00bb4.6.1&Prime; _module_preset=\u00a0\u00bbdefault\u00a0\u00bb type=\u00a0\u00bb4_4&Prime;][et_pb_text _builder_version=\u00a0\u00bb4.6.1&Prime; _module_preset=\u00a0\u00bbdefault\u00a0\u00bb module_alignment=\u00a0\u00bbcenter\u00a0\u00bb text_font_size=\u00a0\u00bb28px\u00a0\u00bb hover_enabled=\u00a0\u00bb0&Prime; sticky_enabled=\u00a0\u00bb0&Prime;]\n<h1 style=\"text-align: center\"><span style=\"color: #ff0000\"><strong>ESPAGNOL<\/strong><\/span><\/h1>\n[\/et_pb_text][\/et_pb_column][\/et_pb_row][et_pb_row _builder_version=\u00a0\u00bb4.6.1&Prime; _module_preset=\u00a0\u00bbdefault\u00a0\u00bb custom_padding=\u00a0\u00bb1px||2px|||\u00a0\u00bb][et_pb_column _builder_version=\u00a0\u00bb4.6.1&Prime; _module_preset=\u00a0\u00bbdefault\u00a0\u00bb type=\u00a0\u00bb4_4&Prime;][et_pb_image src=\u00a0\u00bbhttps:\/\/etab.ac-reunion.fr\/clg-amiral-bouvet\/wp-content\/uploads\/sites\/47\/2020\/09\/image-1.jpg\u00a0\u00bb _builder_version=\u00a0\u00bb4.6.1&Prime; _module_preset=\u00a0\u00bbdefault\u00a0\u00bb title_text=\u00a0\u00bbimage 1&Prime; align=\u00a0\u00bbcenter\u00a0\u00bb hover_enabled=\u00a0\u00bb0&Prime; sticky_enabled=\u00a0\u00bb0&Prime;][\/et_pb_image][\/et_pb_column][\/et_pb_row][et_pb_row _builder_version=\u00a0\u00bb4.6.1&Prime; _module_preset=\u00a0\u00bbdefault\u00a0\u00bb column_structure=\u00a0\u00bb1_2,1_2&Prime; hover_enabled=\u00a0\u00bb0&Prime; sticky_enabled=\u00a0\u00bb0&Prime; custom_padding=\u00a0\u00bb88px|||||\u00a0\u00bb][et_pb_column _builder_version=\u00a0\u00bb4.6.1&Prime; _module_preset=\u00a0\u00bbdefault\u00a0\u00bb type=\u00a0\u00bb1_2&Prime;][et_pb_text _builder_version=\u00a0\u00bb4.6.1&Prime; _module_preset=\u00a0\u00bbdefault\u00a0\u00bb hover_enabled=\u00a0\u00bb0&Prime; sticky_enabled=\u00a0\u00bb0&Prime;]\n<p style=\"margin-top: 0.1cm;margin-bottom: 0.38cm;line-height: 150%;text-align: justify\"><span style=\"color: #202122\"><span style=\"font-size: medium\"><span style=\"background: #ffffff\">Au coll\u00e8ge Amiral Bouvet, les \u00e9l\u00e8ves ont la possibilit\u00e9 d\u2019\u00e9tudier l\u2019espagnol \u00e0<br \/> partir de la 5\u00e8me<\/span><\/span><\/span><span style=\"color: #202122\"><sup><span style=\"font-size: medium\"><span style=\"background: #ffffff\"> <\/span><\/span><\/sup><\/span><span style=\"color: #202122\"><span style=\"font-size: medium\"><span style=\"background: #ffffff\">\u00e0 raison de 2,5h par semaine.<\/span><\/span><\/span><span style=\"color: #202122\"><span style=\"font-size: medium\"><span style=\"background: #ffffff\"><br \/> Cette ann\u00e9e, nous avons aussi une 6\u00e8me<\/span><\/span><\/span><span style=\"color: #202122\"><sup><span style=\"font-size: medium\"><span style=\"background: #ffffff\"><\/span><\/span><\/sup><\/span><span style=\"color: #202122\"><span style=\"font-size: medium\"><span style=\"background: #ffffff\"> bilangue.<\/span><\/span><\/span><\/p>\n<p style=\"margin-top: 0.1cm;margin-bottom: 0.38cm;line-height: 150%;text-align: justify\"><span style=\"color: #202122\"><span style=\"font-size: medium\"><span style=\"background: #ffffff\">L&rsquo;espagnol est l&rsquo;une des principales\u00a0<\/span><\/span><\/span><span style=\"color: #ff0000\"><span style=\"font-size: medium\">langues de communication internationale<\/span><\/span><span style=\"color: #202122\"><span style=\"font-size: medium\"><span style=\"background: #ffffff\">,<\/span><\/span><\/span><span style=\"color: #ff0000\"><span style=\"font-size: medium\"><br \/> <\/span><\/span><span style=\"color: #202122\"><span style=\"font-size: medium\"><span style=\"background: #ffffff\">avec l&rsquo;<\/span><\/span><\/span><span style=\"color: #0000ff\"><span style=\"text-decoration: underline;font-size: medium\"><span><a href=\"https:\/\/fr.wikipedia.org\/wiki\/Anglais\" target=\"Anglais\" style=\"color: #0000ff\" rel=\"noopener noreferrer\"><span><span><span style=\"text-decoration: none\"><span style=\"background: #ffffff\">anglais<\/span><\/span><\/span><\/span><\/a><\/span><\/span><span><span style=\"font-size: medium\"><span style=\"background: #ffffff\">\u00a0<\/span><\/span><\/span><\/span><span style=\"color: #202122\"><span style=\"font-size: medium\"><span style=\"background: #ffffff\">et le\u00a0<\/span><\/span><\/span><span style=\"color: #0000ff\"><span style=\"text-decoration: underline;font-size: medium\"><span><a href=\"https:\/\/fr.wikipedia.org\/wiki\/Fran%C3%A7ais\" target=\"Fran\u00e7ais\" style=\"color: #0000ff;text-decoration: underline\" rel=\"noopener noreferrer\"><span><span><span style=\"text-decoration: none\"><span style=\"background: #ffffff\">fran\u00e7ais<\/span><\/span><\/span><\/span><\/a><\/span><\/span><span><span style=\"font-size: medium\">.<\/span><\/span><\/span><span style=\"font-size: medium\"><br \/> <span style=\"color: #000000\">Elle est parl\u00e9e en Espagne mais aussi dans de nombreux pays d\u2019Am\u00e9rique<\/span><br \/> <\/span><span style=\"color: #000000\"><span><span style=\"font-size: medium\"><span style=\"background: #ffffff\">et d&rsquo;autres territoires dans le monde.<\/span><\/span><\/span><span><span style=\"font-family: Arial, serif\"><span style=\"font-size: small\"><span style=\"background: #ffffff\"><\/span><\/span><\/span><\/span><\/span><\/p>\n<p style=\"text-align: justify\"><span style=\"font-size: medium;color: #000000\">Tout comme le fran\u00e7ais, c\u2019est une langue latine ce qui facilite son apprentissage\u00a0\ud83d\ude09<\/span><\/p>\n[\/et_pb_text][\/et_pb_column][et_pb_column _builder_version=\u00a0\u00bb4.6.1&Prime; _module_preset=\u00a0\u00bbdefault\u00a0\u00bb type=\u00a0\u00bb1_2&Prime;][et_pb_image src=\u00a0\u00bbhttps:\/\/etab.ac-reunion.fr\/clg-amiral-bouvet\/wp-content\/uploads\/sites\/47\/2020\/09\/image-2-espagnol.jpg\u00a0\u00bb _builder_version=\u00a0\u00bb4.6.1&Prime; _module_preset=\u00a0\u00bbdefault\u00a0\u00bb title_text=\u00a0\u00bbimage 2 espagnol\u00a0\u00bb hover_enabled=\u00a0\u00bb0&Prime; sticky_enabled=\u00a0\u00bb0&Prime; align=\u00a0\u00bbcenter\u00a0\u00bb][\/et_pb_image][\/et_pb_column][\/et_pb_row][\/et_pb_section]\n","protected":false},"excerpt":{"rendered":"<p>ESPAGNOL Au coll\u00e8ge Amiral Bouvet, les \u00e9l\u00e8ves ont la possibilit\u00e9 d\u2019\u00e9tudier l\u2019espagnol \u00e0 partir de la 5\u00e8me \u00e0 raison de 2,5h par semaine. Cette ann\u00e9e, nous avons aussi une 6\u00e8me bilangue. L&rsquo;espagnol est l&rsquo;une des principales\u00a0langues de communication internationale, avec l&rsquo;anglais\u00a0et le\u00a0fran\u00e7ais. Elle est parl\u00e9e en Espagne mais aussi dans de nombreux pays d\u2019Am\u00e9rique et [&hellip;]<\/p>\n","protected":false},"author":23746,"featured_media":0,"parent":0,"menu_order":0,"comment_status":"closed","ping_status":"closed","template":"","meta":{"_et_pb_use_builder":"on","_et_pb_old_content":"","_et_gb_content_width":"","footnotes":""},"class_list":["post-7737","page","type-page","status-publish","hentry"],"_links":{"self":[{"href":"https:\/\/etab.ac-reunion.fr\/clg-amiral-bouvet\/wp-json\/wp\/v2\/pages\/7737","targetHints":{"allow":["GET"]}}],"collection":[{"href":"https:\/\/etab.ac-reunion.fr\/clg-amiral-bouvet\/wp-json\/wp\/v2\/pages"}],"about":[{"href":"https:\/\/etab.ac-reunion.fr\/clg-amiral-bouvet\/wp-json\/wp\/v2\/types\/page"}],"author":[{"embeddable":true,"href":"https:\/\/etab.ac-reunion.fr\/clg-amiral-bouvet\/wp-json\/wp\/v2\/users\/23746"}],"replies":[{"embeddable":true,"href":"https:\/\/etab.ac-reunion.fr\/clg-amiral-bouvet\/wp-json\/wp\/v2\/comments?post=7737"}],"version-history":[{"count":2,"href":"https:\/\/etab.ac-reunion.fr\/clg-amiral-bouvet\/wp-json\/wp\/v2\/pages\/7737\/revisions"}],"predecessor-version":[{"id":7742,"href":"https:\/\/etab.ac-reunion.fr\/clg-amiral-bouvet\/wp-json\/wp\/v2\/pages\/7737\/revisions\/7742"}],"wp:attachment":[{"href":"https:\/\/etab.ac-reunion.fr\/clg-amiral-bouvet\/wp-json\/wp\/v2\/media?parent=7737"}],"curies":[{"name":"wp","href":"https:\/\/api.w.org\/{rel}","templated":true}]}}