{"id":7851,"date":"2020-09-10T20:27:45","date_gmt":"2020-09-10T16:27:45","guid":{"rendered":"http:\/\/college-amiral-bouvet.ac-reunion.fr\/?page_id=7851"},"modified":"2020-09-10T20:28:21","modified_gmt":"2020-09-10T16:28:21","slug":"mathematiques","status":"publish","type":"page","link":"https:\/\/etab.ac-reunion.fr\/clg-amiral-bouvet\/mathematiques\/","title":{"rendered":"Math\u00e9matiques"},"content":{"rendered":"[et_pb_section fb_built=\u00a0\u00bb1&Prime; _builder_version=\u00a0\u00bb4.6.1&Prime; _module_preset=\u00a0\u00bbdefault\u00a0\u00bb][et_pb_row _builder_version=\u00a0\u00bb4.6.1&Prime; _module_preset=\u00a0\u00bbdefault\u00a0\u00bb use_custom_gutter=\u00a0\u00bbon\u00a0\u00bb width=\u00a0\u00bb100%\u00a0\u00bb max_width=\u00a0\u00bb2560px\u00a0\u00bb module_alignment_last_edited=\u00a0\u00bbon|desktop\u00a0\u00bb hover_enabled=\u00a0\u00bb0&Prime; sticky_enabled=\u00a0\u00bb0&Prime; module_alignment_phone=\u00a0\u00bbcenter\u00a0\u00bb min_height=\u00a0\u00bb113px\u00a0\u00bb height=\u00a0\u00bb100px\u00a0\u00bb custom_padding=\u00a0\u00bb3px|||||\u00a0\u00bb][et_pb_column _builder_version=\u00a0\u00bb4.6.1&Prime; _module_preset=\u00a0\u00bbdefault\u00a0\u00bb type=\u00a0\u00bb4_4&Prime;][et_pb_text _builder_version=\u00a0\u00bb4.6.1&Prime; _module_preset=\u00a0\u00bbdefault\u00a0\u00bb hover_enabled=\u00a0\u00bb0&Prime; sticky_enabled=\u00a0\u00bb0&Prime; module_alignment=\u00a0\u00bbcenter\u00a0\u00bb module_alignment_last_edited=\u00a0\u00bbon|phone\u00a0\u00bb module_alignment_tablet=\u00a0\u00bbcenter\u00a0\u00bb module_alignment_phone=\u00a0\u00bbcenter\u00a0\u00bb background_color=\u00a0\u00bb#edf000&Prime; min_height=\u00a0\u00bb44px\u00a0\u00bb height=\u00a0\u00bb100px\u00a0\u00bb max_height=\u00a0\u00bb100px\u00a0\u00bb custom_padding=\u00a0\u00bb33px||0px||false|false\u00a0\u00bb custom_margin=\u00a0\u00bb||0px|||\u00a0\u00bb custom_padding_last_edited=\u00a0\u00bbon|desktop\u00a0\u00bb]\n<h1 style=\"text-align: center\"><span style=\"color: #800000\"><strong>Math\u00e9matiques<\/strong><\/span><\/h1>\n[\/et_pb_text][\/et_pb_column][\/et_pb_row][et_pb_row _builder_version=\u00a0\u00bb4.6.1&Prime; _module_preset=\u00a0\u00bbdefault\u00a0\u00bb custom_padding=\u00a0\u00bb0px||0px|||\u00a0\u00bb][et_pb_column _builder_version=\u00a0\u00bb4.6.1&Prime; _module_preset=\u00a0\u00bbdefault\u00a0\u00bb type=\u00a0\u00bb4_4&Prime;][et_pb_image src=\u00a0\u00bbhttps:\/\/etab.ac-reunion.fr\/clg-amiral-bouvet\/wp-content\/uploads\/sites\/47\/2020\/09\/image-1-3.jpg\u00a0\u00bb _builder_version=\u00a0\u00bb4.6.1&Prime; _module_preset=\u00a0\u00bbdefault\u00a0\u00bb title_text=\u00a0\u00bbimage 1&Prime; align=\u00a0\u00bbcenter\u00a0\u00bb align_last_edited=\u00a0\u00bbon|desktop\u00a0\u00bb hover_enabled=\u00a0\u00bb0&Prime; sticky_enabled=\u00a0\u00bb0&Prime;][\/et_pb_image][\/et_pb_column][\/et_pb_row][et_pb_row _builder_version=\u00a0\u00bb4.6.1&Prime; _module_preset=\u00a0\u00bbdefault\u00a0\u00bb][et_pb_column _builder_version=\u00a0\u00bb4.6.1&Prime; _module_preset=\u00a0\u00bbdefault\u00a0\u00bb type=\u00a0\u00bb4_4&Prime;][et_pb_text _builder_version=\u00a0\u00bb4.6.1&Prime; _module_preset=\u00a0\u00bbdefault\u00a0\u00bb hover_enabled=\u00a0\u00bb0&Prime; sticky_enabled=\u00a0\u00bb0&Prime;]\n<h4 style=\"text-align: justify\"><span style=\"color: #000000\">\u00a0 \u00a0 Au coll\u00e8ge, tous les \u00e9l\u00e8ves re\u00e7oivent un enseignement obligatoire de Math\u00e9matiques hebdomadaire. Son volume horaire est de 4,5 heures en classe de sixi\u00e8me et troisi\u00e8me pr\u00e9pa m\u00e9tier,\u00a0et de 3,5 heures pour les autres niveaux de classe. Les Math\u00e9matiques sont \u00e9valu\u00e9es au dipl\u00f4me national du brevet (DNB) en contr\u00f4le continu et lors d&rsquo;une \u00e9preuve \u00e9crite \u00e0 la fin de la troisi\u00e8me (100 points).<\/span><\/h4>\n<h4 style=\"text-align: justify\"><span style=\"color: #000000\">\u00a0<\/span><\/h4>\n<h4 style=\"text-align: justify\"><span style=\"color: #000000\">La mise en \u0153uvre du programme permet de d\u00e9velopper les <span style=\"color: #0c71c3\"><strong>six comp\u00e9tences<\/strong><\/span> majeures de l\u2019activit\u00e9 math\u00e9matique :<\/span><\/h4>\n<p style=\"text-align: justify\"><span style=\"color: #000000\"><\/span><\/p>\n<h4 style=\"text-align: justify\"><span style=\"color: #000000\">\u00a0\u00a0\u00a0\u00a0\u00a0<span style=\"font-size: large\">\u00a0 <span style=\"color: #0c71c3\">&#8211;\u00a0 chercher,<\/span><\/span><\/span><\/h4>\n<h4 style=\"text-align: justify\"><span style=\"color: #0c71c3;font-size: large\">\u00a0\u00a0\u00a0\u00a0\u00a0\u00a0 &#8211; mod\u00e9liser,<\/span><\/h4>\n<h4 style=\"text-align: justify\"><span style=\"color: #0c71c3;font-size: large\">\u00a0\u00a0\u00a0\u00a0\u00a0\u00a0 &#8211; repr\u00e9senter,<\/span><\/h4>\n<h4 style=\"text-align: justify\"><span style=\"color: #0c71c3;font-size: large\">\u00a0\u00a0\u00a0\u00a0\u00a0\u00a0 &#8211; raisonner,<\/span><\/h4>\n<h4 style=\"text-align: justify\"><span style=\"color: #0c71c3;font-size: large\">\u00a0\u00a0\u00a0\u00a0\u00a0\u00a0 &#8211; calculer,<\/span><\/h4>\n<p style=\"text-align: justify\"><span style=\"color: #0c71c3;font-size: large\">\u00a0\u00a0\u00a0\u00a0\u00a0\u00a0 &#8211; communiquer.<\/span><\/p>\n<p style=\"text-align: justify\"><span style=\"color: #000000\"><\/span><\/p>\n<p style=\"text-align: justify\"><span style=\"color: #000000\"><\/span><\/p>\n<h4 style=\"text-align: justify\"><span style=\"color: #000000\">Ce programme est ancr\u00e9 dans les <span style=\"color: #58bf20\"><strong>cinq domaines du socle<\/strong><\/span>, et il est structur\u00e9 selon les <span style=\"color: #e09900\"><strong>cinq th\u00e8mes<\/strong><\/span> suivants\u00a0:<\/span><\/h4>\n<h4 style=\"text-align: justify\"><span style=\"color: #000000\"><\/span><\/h4>\n<h4 style=\"text-align: justify\"><span style=\"color: #000000\"><\/span><\/h4>\n<h4 style=\"text-align: justify\"><span style=\"color: #000000\">\u00a0\u00a0<span style=\"font-size: large\">\u00a0\u00a0\u00a0<span style=\"color: #e09900\">\u00a0 &#8211; Nombres et calculs<\/span><\/span><\/span><\/h4>\n<h4 style=\"text-align: justify\"><span style=\"color: #e09900;font-size: large\">\u00a0\u00a0\u00a0\u00a0\u00a0\u00a0 &#8211; Organisation et gestion de donn\u00e9es, fonctions<\/span><\/h4>\n<p style=\"text-align: justify\"><span style=\"color: #e09900;font-size: large\">\u00a0\u00a0\u00a0\u00a0\u00a0\u00a0 &#8211; Grandeurs et mesures<\/span><\/p>\n<p style=\"text-align: justify\"><span style=\"color: #e09900;font-size: large\">\u00a0\u00a0\u00a0\u00a0\u00a0\u00a0 &#8211; Espace et g\u00e9om\u00e9trie<\/span><\/p>\n<p style=\"text-align: justify\"><span style=\"color: #e09900;font-size: large\">\u00a0\u00a0\u00a0\u00a0\u00a0\u00a0 &#8211; Algorithmique et programmation<\/span><\/p>\n<h4 style=\"text-align: justify\"><span style=\"color: #000000\">\u00a0<\/span><\/h4>\n<h4 style=\"text-align: justify\"><span style=\"color: #000000\">Pour ce faire, une place importante est accord\u00e9e \u00e0 la <span style=\"color: #e02b20\"><strong>r\u00e9solution de probl\u00e8mes<\/strong><\/span>, qu\u2019ils soient internes aux math\u00e9matiques, ou li\u00e9s \u00e0 des situations issues de la vie quotidienne ou d\u2019autres disciplines.<\/span><\/h4>\n[\/et_pb_text][\/et_pb_column][\/et_pb_row][\/et_pb_section]\n","protected":false},"excerpt":{"rendered":"<p>Math\u00e9matiques \u00a0 \u00a0 Au coll\u00e8ge, tous les \u00e9l\u00e8ves re\u00e7oivent un enseignement obligatoire de Math\u00e9matiques hebdomadaire. Son volume horaire est de 4,5 heures en classe de sixi\u00e8me et troisi\u00e8me pr\u00e9pa m\u00e9tier,\u00a0et de 3,5 heures pour les autres niveaux de classe. Les Math\u00e9matiques sont \u00e9valu\u00e9es au dipl\u00f4me national du brevet (DNB) en contr\u00f4le continu et lors d&rsquo;une [&hellip;]<\/p>\n","protected":false},"author":23746,"featured_media":0,"parent":0,"menu_order":0,"comment_status":"closed","ping_status":"closed","template":"","meta":{"_et_pb_use_builder":"on","_et_pb_old_content":"","_et_gb_content_width":"","footnotes":""},"class_list":["post-7851","page","type-page","status-publish","hentry"],"_links":{"self":[{"href":"https:\/\/etab.ac-reunion.fr\/clg-amiral-bouvet\/wp-json\/wp\/v2\/pages\/7851","targetHints":{"allow":["GET"]}}],"collection":[{"href":"https:\/\/etab.ac-reunion.fr\/clg-amiral-bouvet\/wp-json\/wp\/v2\/pages"}],"about":[{"href":"https:\/\/etab.ac-reunion.fr\/clg-amiral-bouvet\/wp-json\/wp\/v2\/types\/page"}],"author":[{"embeddable":true,"href":"https:\/\/etab.ac-reunion.fr\/clg-amiral-bouvet\/wp-json\/wp\/v2\/users\/23746"}],"replies":[{"embeddable":true,"href":"https:\/\/etab.ac-reunion.fr\/clg-amiral-bouvet\/wp-json\/wp\/v2\/comments?post=7851"}],"version-history":[{"count":4,"href":"https:\/\/etab.ac-reunion.fr\/clg-amiral-bouvet\/wp-json\/wp\/v2\/pages\/7851\/revisions"}],"predecessor-version":[{"id":7858,"href":"https:\/\/etab.ac-reunion.fr\/clg-amiral-bouvet\/wp-json\/wp\/v2\/pages\/7851\/revisions\/7858"}],"wp:attachment":[{"href":"https:\/\/etab.ac-reunion.fr\/clg-amiral-bouvet\/wp-json\/wp\/v2\/media?parent=7851"}],"curies":[{"name":"wp","href":"https:\/\/api.w.org\/{rel}","templated":true}]}}