{"id":9312,"date":"2025-05-28T10:51:16","date_gmt":"2025-05-28T06:51:16","guid":{"rendered":"https:\/\/etab.ac-reunion.fr\/clg-amiral-bouvet\/?page_id=9312"},"modified":"2025-11-04T15:17:16","modified_gmt":"2025-11-04T11:17:16","slug":"les-mobilites-sortantes-2","status":"publish","type":"page","link":"https:\/\/etab.ac-reunion.fr\/clg-amiral-bouvet\/les-mobilites-sortantes-2\/","title":{"rendered":"Les mobilit\u00e9s sortantes"},"content":{"rendered":"<p>Les mobilit\u00e9s sortantes<\/p>\n<a href=\"https:\/\/etab.ac-reunion.fr\/clg-amiral-bouvet\/wp-content\/uploads\/sites\/47\/2025\/10\/CR-mobilite-eleves-Grenade-mai-2025.pdf\" class=\"pdfemb-viewer\" style=\"\" data-width=\"max\" data-height=\"max\" data-toolbar=\"bottom\" data-toolbar-fixed=\"off\">CR mobilit\u00e9 \u00e9l\u00e8ves - Grenade mai 2025<\/a><a href=\"https:\/\/etab.ac-reunion.fr\/clg-amiral-bouvet\/wp-content\/uploads\/sites\/47\/2025\/10\/CR-Mobilite-Dublin-2025.pdf\" class=\"pdfemb-viewer\" style=\"\" data-width=\"max\" data-height=\"max\" data-toolbar=\"bottom\" data-toolbar-fixed=\"off\">CR Mobilit\u00e9 Dublin 2025<\/a><a href=\"https:\/\/etab.ac-reunion.fr\/clg-amiral-bouvet\/wp-content\/uploads\/sites\/47\/2025\/10\/CR-Mobilite-IES-PDF-DH-SEVILLE-MAI-2025.pdf\" class=\"pdfemb-viewer\" style=\"\" data-width=\"max\" data-height=\"max\" data-toolbar=\"bottom\" data-toolbar-fixed=\"off\">CR Mobilit\u00e9 IES PDF DH SEVILLE MAI 2025<\/a><a href=\"https:\/\/etab.ac-reunion.fr\/clg-amiral-bouvet\/wp-content\/uploads\/sites\/47\/2025\/10\/CR_MOBILITE_ERASMUS_SEVILLE_ESPAGNE_MAI-2025.pdf\" class=\"pdfemb-viewer\" style=\"\" data-width=\"max\" data-height=\"max\" data-toolbar=\"bottom\" data-toolbar-fixed=\"off\">CR_MOBILITE_ERASMUS_SEVILLE_ESPAGNE_MAI 2025<\/a><a href=\"https:\/\/etab.ac-reunion.fr\/clg-amiral-bouvet\/wp-content\/uploads\/sites\/47\/2025\/10\/CR-mobilite-eleves-Grenade-mai-2025.pdf\" class=\"pdfemb-viewer\" style=\"\" data-width=\"max\" data-height=\"max\" data-toolbar=\"bottom\" data-toolbar-fixed=\"off\">CR mobilit\u00e9 \u00e9l\u00e8ves - Grenade mai 2025<\/a>\n","protected":false},"excerpt":{"rendered":"<p>Les mobilit\u00e9s sortantes<\/p>\n","protected":false},"author":16831,"featured_media":0,"parent":0,"menu_order":0,"comment_status":"closed","ping_status":"closed","template":"","meta":{"_et_pb_use_builder":"","_et_pb_old_content":"","_et_gb_content_width":"","footnotes":""},"class_list":["post-9312","page","type-page","status-publish","hentry"],"_links":{"self":[{"href":"https:\/\/etab.ac-reunion.fr\/clg-amiral-bouvet\/wp-json\/wp\/v2\/pages\/9312","targetHints":{"allow":["GET"]}}],"collection":[{"href":"https:\/\/etab.ac-reunion.fr\/clg-amiral-bouvet\/wp-json\/wp\/v2\/pages"}],"about":[{"href":"https:\/\/etab.ac-reunion.fr\/clg-amiral-bouvet\/wp-json\/wp\/v2\/types\/page"}],"author":[{"embeddable":true,"href":"https:\/\/etab.ac-reunion.fr\/clg-amiral-bouvet\/wp-json\/wp\/v2\/users\/16831"}],"replies":[{"embeddable":true,"href":"https:\/\/etab.ac-reunion.fr\/clg-amiral-bouvet\/wp-json\/wp\/v2\/comments?post=9312"}],"version-history":[{"count":5,"href":"https:\/\/etab.ac-reunion.fr\/clg-amiral-bouvet\/wp-json\/wp\/v2\/pages\/9312\/revisions"}],"predecessor-version":[{"id":9542,"href":"https:\/\/etab.ac-reunion.fr\/clg-amiral-bouvet\/wp-json\/wp\/v2\/pages\/9312\/revisions\/9542"}],"wp:attachment":[{"href":"https:\/\/etab.ac-reunion.fr\/clg-amiral-bouvet\/wp-json\/wp\/v2\/media?parent=9312"}],"curies":[{"name":"wp","href":"https:\/\/api.w.org\/{rel}","templated":true}]}}

Les mobilités sortantes

<p>Les mobilités sortantes</p>
<a href="https://etab.ac-reunion.fr/clg-amiral-bouvet/wp-content/uploads/sites/47/2025/10/CR-mobilite-eleves-Grenade-mai-2025.pdf" class="pdfemb-viewer" style="" data-width="max" data-height="max" data-toolbar="bottom" data-toolbar-fixed="off">CR mobilité élèves - Grenade mai 2025</a><a href="https://etab.ac-reunion.fr/clg-amiral-bouvet/wp-content/uploads/sites/47/2025/10/CR-Mobilite-Dublin-2025.pdf" class="pdfemb-viewer" style="" data-width="max" data-height="max" data-toolbar="bottom" data-toolbar-fixed="off">CR Mobilité Dublin 2025</a><a href="https://etab.ac-reunion.fr/clg-amiral-bouvet/wp-content/uploads/sites/47/2025/10/CR-Mobilite-IES-PDF-DH-SEVILLE-MAI-2025.pdf" class="pdfemb-viewer" style="" data-width="max" data-height="max" data-toolbar="bottom" data-toolbar-fixed="off">CR Mobilité IES PDF DH SEVILLE MAI 2025</a><a href="https://etab.ac-reunion.fr/clg-amiral-bouvet/wp-content/uploads/sites/47/2025/10/CR_MOBILITE_ERASMUS_SEVILLE_ESPAGNE_MAI-2025.pdf" class="pdfemb-viewer" style="" data-width="max" data-height="max" data-toolbar="bottom" data-toolbar-fixed="off">CR_MOBILITE_ERASMUS_SEVILLE_ESPAGNE_MAI 2025</a><a href="https://etab.ac-reunion.fr/clg-amiral-bouvet/wp-content/uploads/sites/47/2025/10/CR-mobilite-eleves-Grenade-mai-2025.pdf" class="pdfemb-viewer" style="" data-width="max" data-height="max" data-toolbar="bottom" data-toolbar-fixed="off">CR mobilité élèves - Grenade mai 2025</a>

<p>Les mobilités sortantes</p>
