{"id":231070,"date":"2022-10-31T07:54:30","date_gmt":"2022-10-31T03:54:30","guid":{"rendered":"https:\/\/etab.ac-reunion.fr\/clg-beausejour\/?page_id=231070"},"modified":"2025-12-15T16:03:33","modified_gmt":"2025-12-15T12:03:33","slug":"le-c-d-i","status":"publish","type":"page","link":"https:\/\/etab.ac-reunion.fr\/clg-beausejour\/le-c-d-i\/","title":{"rendered":"Le Petit Journal"},"content":{"rendered":"[et_pb_section fb_built=\u00a0\u00bb1&Prime; background_color_2=\u00a0\u00bb#141617&Prime; admin_label=\u00a0\u00bbHeader\u00a0\u00bb _builder_version=\u00a0\u00bb4.16&Prime; use_background_color_gradient=\u00a0\u00bbon\u00a0\u00bb background_color_gradient_stops=\u00a0\u00bb#ffdb8b 0%|#fdb15b 100%\u00a0\u00bb background_color_gradient_start=\u00a0\u00bb#ffdb8b\u00a0\u00bb background_color_gradient_end=\u00a0\u00bb#fdb15b\u00a0\u00bb z_index=\u00a0\u00bb1&Prime; max_width=\u00a0\u00bb80vw\u00a0\u00bb overflow-y=\u00a0\u00bbvisible\u00a0\u00bb custom_margin=\u00a0\u00bb||50px|||\u00a0\u00bb custom_padding=\u00a0\u00bb|||||\u00a0\u00bb locked=\u00a0\u00bboff\u00a0\u00bb global_colors_info=\u00a0\u00bb{}\u00a0\u00bb theme_builder_area=\u00a0\u00bbpost_content\u00a0\u00bb][et_pb_row column_structure=\u00a0\u00bb1_2,1_2&Prime; custom_padding_last_edited=\u00a0\u00bbon|desktop\u00a0\u00bb _builder_version=\u00a0\u00bb4.16&Prime; use_background_color_gradient=\u00a0\u00bbon\u00a0\u00bb background_color_gradient_direction=\u00a0\u00bb162deg\u00a0\u00bb background_color_gradient_stops=\u00a0\u00bb#fd7b5b 0%|#a92200 100%\u00a0\u00bb background_color_gradient_start=\u00a0\u00bb#fd7b5b\u00a0\u00bb background_color_gradient_end=\u00a0\u00bb#a92200&Prime; transform_scale_tablet=\u00a0\u00bb\u00a0\u00bb transform_scale_phone=\u00a0\u00bb\u00a0\u00bb transform_scale_last_edited=\u00a0\u00bbon|desktop\u00a0\u00bb transform_translate=\u00a0\u00bb10vw|0px\u00a0\u00bb transform_translate_tablet=\u00a0\u00bb\u00a0\u00bb transform_translate_phone=\u00a0\u00bb5vw|0px\u00a0\u00bb transform_translate_last_edited=\u00a0\u00bbon|desktop\u00a0\u00bb transform_translate_linked=\u00a0\u00bboff\u00a0\u00bb transform_rotate_tablet=\u00a0\u00bb\u00a0\u00bb transform_rotate_phone=\u00a0\u00bb\u00a0\u00bb transform_rotate_last_edited=\u00a0\u00bbon|desktop\u00a0\u00bb transform_skew_tablet=\u00a0\u00bb\u00a0\u00bb transform_skew_phone=\u00a0\u00bb\u00a0\u00bb transform_skew_last_edited=\u00a0\u00bbon|desktop\u00a0\u00bb transform_origin_tablet=\u00a0\u00bb\u00a0\u00bb transform_origin_phone=\u00a0\u00bb\u00a0\u00bb transform_origin_last_edited=\u00a0\u00bbon|desktop\u00a0\u00bb transform_styles_last_edited=\u00a0\u00bbon|desktop\u00a0\u00bb width=\u00a0\u00bb80vw\u00a0\u00bb width_tablet=\u00a0\u00bb\u00a0\u00bb width_phone=\u00a0\u00bb90vw\u00a0\u00bb width_last_edited=\u00a0\u00bbon|desktop\u00a0\u00bb custom_margin=\u00a0\u00bb||-120px\u00a0\u00bb custom_padding=\u00a0\u00bb60px|60px|60px|60px|true|true\u00a0\u00bb custom_padding_tablet=\u00a0\u00bb\u00a0\u00bb custom_padding_phone=\u00a0\u00bb40px||40px|20px|true\u00a0\u00bb transform_styles_tablet=\u00a0\u00bb\u00a0\u00bb transform_styles_phone=\u00a0\u00bb\u00a0\u00bb box_shadow_style=\u00a0\u00bbpreset1&Prime; box_shadow_vertical=\u00a0\u00bb64px\u00a0\u00bb box_shadow_blur=\u00a0\u00bb64px\u00a0\u00bb box_shadow_spread=\u00a0\u00bb-12px\u00a0\u00bb box_shadow_color=\u00a0\u00bbrgba(20,22,23,0.24)\u00a0\u00bb global_colors_info=\u00a0\u00bb{}\u00a0\u00bb theme_builder_area=\u00a0\u00bbpost_content\u00a0\u00bb][et_pb_column type=\u00a0\u00bb1_2&Prime; _builder_version=\u00a0\u00bb4.16&Prime; custom_padding=\u00a0\u00bb|||\u00a0\u00bb global_colors_info=\u00a0\u00bb{}\u00a0\u00bb custom_padding__hover=\u00a0\u00bb|||\u00a0\u00bb theme_builder_area=\u00a0\u00bbpost_content\u00a0\u00bb][et_pb_text _builder_version=\u00a0\u00bb4.16&Prime; text_font=\u00a0\u00bbMontserrat||||||||\u00a0\u00bb text_letter_spacing=\u00a0\u00bb3px\u00a0\u00bb header_font=\u00a0\u00bbKarla|700|||||||\u00a0\u00bb header_font_size=\u00a0\u00bb100px\u00a0\u00bb header_letter_spacing=\u00a0\u00bb-3px\u00a0\u00bb header_line_height=\u00a0\u00bb0.9em\u00a0\u00bb header_2_font=\u00a0\u00bbMontserrat|||on|||||\u00a0\u00bb header_2_font_size=\u00a0\u00bb24px\u00a0\u00bb header_2_letter_spacing=\u00a0\u00bb2px\u00a0\u00bb header_2_line_height=\u00a0\u00bb1.8em\u00a0\u00bb background_layout=\u00a0\u00bbdark\u00a0\u00bb header_font_size_tablet=\u00a0\u00bb60px\u00a0\u00bb header_font_size_phone=\u00a0\u00bb40px\u00a0\u00bb header_font_size_last_edited=\u00a0\u00bbon|phone\u00a0\u00bb header_2_font_size_tablet=\u00a0\u00bb14px\u00a0\u00bb header_2_font_size_phone=\u00a0\u00bb\u00a0\u00bb header_2_font_size_last_edited=\u00a0\u00bbon|tablet\u00a0\u00bb locked=\u00a0\u00bboff\u00a0\u00bb global_colors_info=\u00a0\u00bb{}\u00a0\u00bb theme_builder_area=\u00a0\u00bbpost_content\u00a0\u00bb]\n<h2>LE PETit<\/h2>\n<h1>Journal\u00a0<\/h1>\n[\/et_pb_text][et_pb_text _builder_version=\u00a0\u00bb4.16&Prime; text_font=\u00a0\u00bbMontserrat||||||||\u00a0\u00bb text_letter_spacing=\u00a0\u00bb3px\u00a0\u00bb header_font=\u00a0\u00bbKarla|700|||||||\u00a0\u00bb header_font_size=\u00a0\u00bb100px\u00a0\u00bb header_letter_spacing=\u00a0\u00bb-3px\u00a0\u00bb header_line_height=\u00a0\u00bb0.9em\u00a0\u00bb header_2_font=\u00a0\u00bbMontserrat|||on|||||\u00a0\u00bb header_2_font_size=\u00a0\u00bb24px\u00a0\u00bb header_2_letter_spacing=\u00a0\u00bb2px\u00a0\u00bb header_2_line_height=\u00a0\u00bb1.8em\u00a0\u00bb background_layout=\u00a0\u00bbdark\u00a0\u00bb header_font_size_tablet=\u00a0\u00bb60px\u00a0\u00bb header_font_size_phone=\u00a0\u00bb40px\u00a0\u00bb header_font_size_last_edited=\u00a0\u00bbon|phone\u00a0\u00bb header_2_font_size_tablet=\u00a0\u00bb14px\u00a0\u00bb header_2_font_size_phone=\u00a0\u00bb\u00a0\u00bb header_2_font_size_last_edited=\u00a0\u00bbon|tablet\u00a0\u00bb locked=\u00a0\u00bboff\u00a0\u00bb global_colors_info=\u00a0\u00bb{}\u00a0\u00bb theme_builder_area=\u00a0\u00bbpost_content\u00a0\u00bb]\n<h2>\u00a0\u00bb Beaus\u00e9jour en bloc \u00a0\u00bb\u00a0<\/h2>\n[\/et_pb_text][\/et_pb_column][et_pb_column type=\u00a0\u00bb1_2&Prime; _builder_version=\u00a0\u00bb4.16&Prime; custom_padding=\u00a0\u00bb|||\u00a0\u00bb global_colors_info=\u00a0\u00bb{}\u00a0\u00bb custom_padding__hover=\u00a0\u00bb|||\u00a0\u00bb theme_builder_area=\u00a0\u00bbpost_content\u00a0\u00bb][et_pb_text _builder_version=\u00a0\u00bb4.27.4&Prime; _module_preset=\u00a0\u00bbdefault\u00a0\u00bb theme_builder_area=\u00a0\u00bbpost_content\u00a0\u00bb text_text_color=\u00a0\u00bb#000000&Prime; text_font_size=\u00a0\u00bb15px\u00a0\u00bb hover_enabled=\u00a0\u00bb0&Prime; sticky_enabled=\u00a0\u00bb0&Prime;]\n<p><strong data-start=\"0\" data-end=\"47\" data-is-only-node=\"\">Le Petit Journal \u00e0 liais Beaus\u00e9jour en bloc<\/strong> est un journal scolaire cr\u00e9\u00e9 par les \u00e9l\u00e8ves du Coll\u00e8ge de Beaus\u00e9jour, avec l&rsquo;accompagnement des professeurs et du personnel de l&rsquo;\u00e9tablissement. Ce projet permet aux \u00e9l\u00e8ves de s&rsquo;exprimer sur des sujets divers, qu&rsquo;ils soient acad\u00e9miques, culturels ou sociaux, tout en d\u00e9veloppant leurs comp\u00e9tences en \u00e9criture, en recherche et en travail d&rsquo;\u00e9quipe. Il refl\u00e8te la cr\u00e9ativit\u00e9 et l&rsquo;engagement des \u00e9l\u00e8ves, tout en favorisant la communication au sein de la communaut\u00e9 scolaire.<\/p>\n[\/et_pb_text][\/et_pb_column][\/et_pb_row][\/et_pb_section][et_pb_section fb_built=\u00a0\u00bb1&Prime; _builder_version=\u00a0\u00bb4.18.1&Prime; _module_preset=\u00a0\u00bbdefault\u00a0\u00bb global_colors_info=\u00a0\u00bb{}\u00a0\u00bb][et_pb_row column_structure=\u00a0\u00bb1_3,1_3,1_3&Prime; _builder_version=\u00a0\u00bb4.18.1&Prime; _module_preset=\u00a0\u00bbdefault\u00a0\u00bb global_colors_info=\u00a0\u00bb{}\u00a0\u00bb][et_pb_column type=\u00a0\u00bb1_3&Prime; _builder_version=\u00a0\u00bb4.18.1&Prime; _module_preset=\u00a0\u00bbdefault\u00a0\u00bb global_colors_info=\u00a0\u00bb{}\u00a0\u00bb][et_pb_team_member name=\u00a0\u00bbEdition n\u00b0 1&Prime; position=\u00a0\u00bb2021-2022&Prime; image_url=\u00a0\u00bbhttps:\/\/etab.ac-reunion.fr\/clg-beausejour\/wp-content\/uploads\/sites\/84\/2022\/10\/PtiJ-n\u00b01.png\u00a0\u00bb _builder_version=\u00a0\u00bb4.18.1&Prime; _module_preset=\u00a0\u00bbdefault\u00a0\u00bb body_font=\u00a0\u00bb|||on|||||\u00a0\u00bb body_text_color=\u00a0\u00bb#000000&Prime; text_orientation=\u00a0\u00bbcenter\u00a0\u00bb border_radii_image=\u00a0\u00bbon|9px|9px|9px|9px\u00a0\u00bb border_style_all_image=\u00a0\u00bbdouble\u00a0\u00bb box_shadow_style_image=\u00a0\u00bbpreset1&Prime; global_colors_info=\u00a0\u00bb{}\u00a0\u00bb]\n<p><strong><a href=\"https:\/\/etab.ac-reunion.fr\/clg-beausejour\/wp-content\/uploads\/sites\/84\/2022\/10\/Beausejour-en-bloc.pdf\" target=\"_blank\" rel=\"noopener\">Lire<\/a><\/strong><\/p>\n[\/et_pb_team_member][\/et_pb_column][et_pb_column type=\u00a0\u00bb1_3&Prime; _builder_version=\u00a0\u00bb4.18.1&Prime; _module_preset=\u00a0\u00bbdefault\u00a0\u00bb global_colors_info=\u00a0\u00bb{}\u00a0\u00bb][\/et_pb_column][et_pb_column type=\u00a0\u00bb1_3&Prime; _builder_version=\u00a0\u00bb4.18.1&Prime; _module_preset=\u00a0\u00bbdefault\u00a0\u00bb global_colors_info=\u00a0\u00bb{}\u00a0\u00bb][\/et_pb_column][\/et_pb_row][\/et_pb_section]\n","protected":false},"excerpt":{"rendered":"<p>LE PETit Journal\u00a0\u00a0\u00bb Beaus\u00e9jour en bloc \u00a0\u00bb\u00a0Le Petit Journal \u00e0 liais Beaus\u00e9jour en bloc est un journal scolaire cr\u00e9\u00e9 par les \u00e9l\u00e8ves du Coll\u00e8ge de Beaus\u00e9jour, avec l&rsquo;accompagnement des professeurs et du personnel de l&rsquo;\u00e9tablissement. Ce projet permet aux \u00e9l\u00e8ves de s&rsquo;exprimer sur des sujets divers, qu&rsquo;ils soient acad\u00e9miques, culturels ou sociaux, tout en d\u00e9veloppant [&hellip;]<\/p>\n","protected":false},"author":19616,"featured_media":0,"parent":0,"menu_order":0,"comment_status":"closed","ping_status":"closed","template":"","meta":{"_et_pb_use_builder":"on","_et_pb_old_content":"","_et_gb_content_width":"","footnotes":""},"class_list":["post-231070","page","type-page","status-publish","hentry"],"_links":{"self":[{"href":"https:\/\/etab.ac-reunion.fr\/clg-beausejour\/wp-json\/wp\/v2\/pages\/231070","targetHints":{"allow":["GET"]}}],"collection":[{"href":"https:\/\/etab.ac-reunion.fr\/clg-beausejour\/wp-json\/wp\/v2\/pages"}],"about":[{"href":"https:\/\/etab.ac-reunion.fr\/clg-beausejour\/wp-json\/wp\/v2\/types\/page"}],"author":[{"embeddable":true,"href":"https:\/\/etab.ac-reunion.fr\/clg-beausejour\/wp-json\/wp\/v2\/users\/19616"}],"replies":[{"embeddable":true,"href":"https:\/\/etab.ac-reunion.fr\/clg-beausejour\/wp-json\/wp\/v2\/comments?post=231070"}],"version-history":[{"count":12,"href":"https:\/\/etab.ac-reunion.fr\/clg-beausejour\/wp-json\/wp\/v2\/pages\/231070\/revisions"}],"predecessor-version":[{"id":231739,"href":"https:\/\/etab.ac-reunion.fr\/clg-beausejour\/wp-json\/wp\/v2\/pages\/231070\/revisions\/231739"}],"wp:attachment":[{"href":"https:\/\/etab.ac-reunion.fr\/clg-beausejour\/wp-json\/wp\/v2\/media?parent=231070"}],"curies":[{"name":"wp","href":"https:\/\/api.w.org\/{rel}","templated":true}]}}

[et_pb_section fb_built= »1&Prime; background_color_2= »#141617&Prime; admin_label= »Header » _builder_version= »4.16&Prime; use_background_color_gradient= »on » background_color_gradient_stops= »#ffdb8b 0%|#fdb15b 100% » background_color_gradient_start= »#ffdb8b » background_color_gradient_end= »#fdb15b » z_index= »1&Prime; max_width= »80vw » overflow-y= »visible » custom_margin= »||50px||| » custom_padding= »||||| » locked= »off » global_colors_info= »{} » theme_builder_area= »post_content »][et_pb_row column_structure= »1_2,1_2&Prime; custom_padding_last_edited= »on|desktop » _builder_version= »4.16&Prime; use_background_color_gradient= »on » background_color_gradient_direction= »162deg » background_color_gradient_stops= »#fd7b5b 0%|#a92200 100% » background_color_gradient_start= »#fd7b5b » background_color_gradient_end= »#a92200&Prime; transform_scale_tablet= » » transform_scale_phone= » » transform_scale_last_edited= »on|desktop » transform_translate= »10vw|0px » transform_translate_tablet= » » transform_translate_phone= »5vw|0px » transform_translate_last_edited= »on|desktop » transform_translate_linked= »off » transform_rotate_tablet= » » transform_rotate_phone= » » transform_rotate_last_edited= »on|desktop » transform_skew_tablet= » » transform_skew_phone= » » transform_skew_last_edited= »on|desktop » transform_origin_tablet= » » transform_origin_phone= » » transform_origin_last_edited= »on|desktop » transform_styles_last_edited= »on|desktop » width= »80vw » width_tablet= » » width_phone= »90vw » width_last_edited= »on|desktop » custom_margin= »||-120px » custom_padding= »60px|60px|60px|60px|true|true » custom_padding_tablet= » » custom_padding_phone= »40px||40px|20px|true » transform_styles_tablet= » » transform_styles_phone= » » box_shadow_style= »preset1&Prime; box_shadow_vertical= »64px » box_shadow_blur= »64px » box_shadow_spread= »-12px » box_shadow_color= »rgba(20,22,23,0.24) » global_colors_info= »{} » theme_builder_area= »post_content »][et_pb_column type= »1_2&Prime; _builder_version= »4.16&Prime; custom_padding= »||| » global_colors_info= »{} » custom_padding__hover= »||| » theme_builder_area= »post_content »][et_pb_text _builder_version= »4.16&Prime; text_font= »Montserrat|||||||| » text_letter_spacing= »3px » header_font= »Karla|700||||||| » header_font_size= »100px » header_letter_spacing= »-3px » header_line_height= »0.9em » header_2_font= »Montserrat|||on||||| » header_2_font_size= »24px » header_2_letter_spacing= »2px » header_2_line_height= »1.8em » background_layout= »dark » header_font_size_tablet= »60px » header_font_size_phone= »40px » header_font_size_last_edited= »on|phone » header_2_font_size_tablet= »14px » header_2_font_size_phone= » » header_2_font_size_last_edited= »on|tablet » locked= »off » global_colors_info= »{} » theme_builder_area= »post_content »]
<h2>LE PETit</h2>
<h1>Journal </h1>
[/et_pb_text][et_pb_text _builder_version= »4.16&Prime; text_font= »Montserrat|||||||| » text_letter_spacing= »3px » header_font= »Karla|700||||||| » header_font_size= »100px » header_letter_spacing= »-3px » header_line_height= »0.9em » header_2_font= »Montserrat|||on||||| » header_2_font_size= »24px » header_2_letter_spacing= »2px » header_2_line_height= »1.8em » background_layout= »dark » header_font_size_tablet= »60px » header_font_size_phone= »40px » header_font_size_last_edited= »on|phone » header_2_font_size_tablet= »14px » header_2_font_size_phone= » » header_2_font_size_last_edited= »on|tablet » locked= »off » global_colors_info= »{} » theme_builder_area= »post_content »]
<h2> » Beauséjour en bloc  » </h2>
[/et_pb_text][/et_pb_column][et_pb_column type= »1_2&Prime; _builder_version= »4.16&Prime; custom_padding= »||| » global_colors_info= »{} » custom_padding__hover= »||| » theme_builder_area= »post_content »][et_pb_text _builder_version= »4.27.4&Prime; _module_preset= »default » theme_builder_area= »post_content » text_text_color= »#000000&Prime; text_font_size= »15px » hover_enabled= »0&Prime; sticky_enabled= »0&Prime;]
<p><strong data-start="0" data-end="47" data-is-only-node="">Le Petit Journal à liais Beauséjour en bloc</strong> est un journal scolaire créé par les élèves du Collège de Beauséjour, avec l&rsquo;accompagnement des professeurs et du personnel de l&rsquo;établissement. Ce projet permet aux élèves de s&rsquo;exprimer sur des sujets divers, qu&rsquo;ils soient académiques, culturels ou sociaux, tout en développant leurs compétences en écriture, en recherche et en travail d&rsquo;équipe. Il reflète la créativité et l&rsquo;engagement des élèves, tout en favorisant la communication au sein de la communauté scolaire.</p>
[/et_pb_text][/et_pb_column][/et_pb_row][/et_pb_section][et_pb_section fb_built= »1&Prime; _builder_version= »4.18.1&Prime; _module_preset= »default » global_colors_info= »{} »][et_pb_row column_structure= »1_3,1_3,1_3&Prime; _builder_version= »4.18.1&Prime; _module_preset= »default » global_colors_info= »{} »][et_pb_column type= »1_3&Prime; _builder_version= »4.18.1&Prime; _module_preset= »default » global_colors_info= »{} »][et_pb_team_member name= »Edition n° 1&Prime; position= »2021-2022&Prime; image_url= »https://etab.ac-reunion.fr/clg-beausejour/wp-content/uploads/sites/84/2022/10/PtiJ-n°1.png » _builder_version= »4.18.1&Prime; _module_preset= »default » body_font= »|||on||||| » body_text_color= »#000000&Prime; text_orientation= »center » border_radii_image= »on|9px|9px|9px|9px » border_style_all_image= »double » box_shadow_style_image= »preset1&Prime; global_colors_info= »{} »]
<p><strong><a href="https://etab.ac-reunion.fr/clg-beausejour/wp-content/uploads/sites/84/2022/10/Beausejour-en-bloc.pdf" target="_blank" rel="noopener">Lire</a></strong></p>
[/et_pb_team_member][/et_pb_column][et_pb_column type= »1_3&Prime; _builder_version= »4.18.1&Prime; _module_preset= »default » global_colors_info= »{} »][/et_pb_column][et_pb_column type= »1_3&Prime; _builder_version= »4.18.1&Prime; _module_preset= »default » global_colors_info= »{} »][/et_pb_column][/et_pb_row][/et_pb_section]

<p>LE PETit Journal  » Beauséjour en bloc  » Le Petit Journal à liais Beauséjour en bloc est un journal scolaire créé par les élèves du Collège de Beauséjour, avec l&rsquo;accompagnement des professeurs et du personnel de l&rsquo;établissement. Ce projet permet aux élèves de s&rsquo;exprimer sur des sujets divers, qu&rsquo;ils soient académiques, culturels ou sociaux, tout en développant [&hellip;]</p>
