{"id":1799,"date":"2020-09-21T22:54:38","date_gmt":"2020-09-21T18:54:38","guid":{"rendered":"http:\/\/college-boisdenefles.ac-reunion.fr\/?page_id=1799"},"modified":"2024-03-20T08:50:52","modified_gmt":"2024-03-20T04:50:52","slug":"elections-scolaires","status":"publish","type":"page","link":"https:\/\/etab.ac-reunion.fr\/clg-bois-de-nefles\/informations-pratiques\/elections-scolaires\/","title":{"rendered":"Elections scolaires"},"content":{"rendered":"\n<p>Chaque ann\u00e9e, au mois d\u2019octobre, les parents d\u2019\u00e9l\u00e8ves \u00e9lisent leurs repr\u00e9sentants au conseil d\u2019\u00e9cole et au conseil d\u2019administration. Ils y participent pour v\u00e9hiculer les id\u00e9es des parents et des \u00e9l\u00e8ves. <\/p>\n\n\n\n<p>Cliquer ci-dessous pour voir les professions de foi des diff\u00e9rentes associations de parents d&rsquo;\u00e9l\u00e8ves pr\u00e9sentes dans l&rsquo;\u00e9tablissement.<\/p>\n\n\n\n<figure class=\"wp-block-table\"><table><tbody><tr><td>FCPE<\/td><td>FRAPE<\/td><td>PEEP<\/td><\/tr><tr><td><a rel=\"noreferrer noopener\" href=\"https:\/\/etab.ac-reunion.fr\/clg-bois-de-nefles\/wp-content\/uploads\/sites\/41\/2020\/09\/FCPE.pdf\" target=\"_blank\">Profession de foi<\/a><br \/><a rel=\"noreferrer noopener\" href=\"https:\/\/etab.ac-reunion.fr\/clg-bois-de-nefles\/wp-content\/uploads\/sites\/41\/2020\/09\/adhesion-FCPE.pdf\" target=\"_blank\">Adh\u00e9sion<\/a><\/td><td><a href=\"https:\/\/etab.ac-reunion.fr\/clg-bois-de-nefles\/wp-content\/uploads\/sites\/41\/2020\/09\/FRAPE-1.pdf\" target=\"_blank\" rel=\"noreferrer noopener\">Profession de foi<\/a><br \/>Adh\u00e9sion (\u00e0 venir)<\/td><td><a href=\"https:\/\/etab.ac-reunion.fr\/clg-bois-de-nefles\/wp-content\/uploads\/sites\/41\/2020\/09\/Profession-de-foi-PEEP.jpg\" target=\"_blank\" rel=\"noreferrer noopener\">Profession de foi<\/a><br \/><a href=\"https:\/\/etab.ac-reunion.fr\/clg-bois-de-nefles\/wp-content\/uploads\/sites\/41\/2020\/09\/FormulaireenligneBulletinadhesionPEEPelectronique2020.pd\" target=\"_blank\" rel=\"noreferrer noopener\">Adh\u00e9sion<\/a><\/td><\/tr><\/tbody><\/table><figcaption>Les associations de parents d&rsquo;\u00e9l\u00e8ves<\/figcaption><\/figure>\n","protected":false},"excerpt":{"rendered":"<p>Chaque ann\u00e9e, au mois d\u2019octobre, les parents d\u2019\u00e9l\u00e8ves \u00e9lisent leurs repr\u00e9sentants au conseil d\u2019\u00e9cole et au conseil d\u2019administration. Ils y participent pour v\u00e9hiculer les id\u00e9es des parents et des \u00e9l\u00e8ves. Cliquer ci-dessous pour voir les professions de foi des diff\u00e9rentes associations de parents d&rsquo;\u00e9l\u00e8ves pr\u00e9sentes dans l&rsquo;\u00e9tablissement. FCPE FRAPE PEEP &hellip;<\/p>\n","protected":false},"author":14190,"featured_media":0,"parent":2299,"menu_order":0,"comment_status":"closed","ping_status":"closed","template":"","meta":{"footnotes":""},"class_list":["post-1799","page","type-page","status-publish","hentry"],"_links":{"self":[{"href":"https:\/\/etab.ac-reunion.fr\/clg-bois-de-nefles\/wp-json\/wp\/v2\/pages\/1799","targetHints":{"allow":["GET"]}}],"collection":[{"href":"https:\/\/etab.ac-reunion.fr\/clg-bois-de-nefles\/wp-json\/wp\/v2\/pages"}],"about":[{"href":"https:\/\/etab.ac-reunion.fr\/clg-bois-de-nefles\/wp-json\/wp\/v2\/types\/page"}],"author":[{"embeddable":true,"href":"https:\/\/etab.ac-reunion.fr\/clg-bois-de-nefles\/wp-json\/wp\/v2\/users\/14190"}],"replies":[{"embeddable":true,"href":"https:\/\/etab.ac-reunion.fr\/clg-bois-de-nefles\/wp-json\/wp\/v2\/comments?post=1799"}],"version-history":[{"count":4,"href":"https:\/\/etab.ac-reunion.fr\/clg-bois-de-nefles\/wp-json\/wp\/v2\/pages\/1799\/revisions"}],"predecessor-version":[{"id":1820,"href":"https:\/\/etab.ac-reunion.fr\/clg-bois-de-nefles\/wp-json\/wp\/v2\/pages\/1799\/revisions\/1820"}],"up":[{"embeddable":true,"href":"https:\/\/etab.ac-reunion.fr\/clg-bois-de-nefles\/wp-json\/wp\/v2\/pages\/2299"}],"wp:attachment":[{"href":"https:\/\/etab.ac-reunion.fr\/clg-bois-de-nefles\/wp-json\/wp\/v2\/media?parent=1799"}],"curies":[{"name":"wp","href":"https:\/\/api.w.org\/{rel}","templated":true}]}}