{"id":2442,"date":"2024-08-28T00:55:08","date_gmt":"2024-08-27T20:55:08","guid":{"rendered":"https:\/\/etab.ac-reunion.fr\/clg-bois-de-nefles\/?page_id=2442"},"modified":"2024-08-28T01:06:02","modified_gmt":"2024-08-27T21:06:02","slug":"mobilite-des-eleves","status":"publish","type":"page","link":"https:\/\/etab.ac-reunion.fr\/clg-bois-de-nefles\/erasmus__trashed\/mobilite-des-eleves\/","title":{"rendered":"Mobilit\u00e9 des \u00e9l\u00e8ves"},"content":{"rendered":"<ul class=\"wp-block-latest-posts__list has-dates has-author wp-block-latest-posts\"><li><a class=\"wp-block-latest-posts__post-title\" href=\"https:\/\/etab.ac-reunion.fr\/clg-bois-de-nefles\/2025\/02\/04\/erasmus-espagne-2025\/\">Erasmus Espagne 2025<\/a><div class=\"wp-block-latest-posts__post-author\">par Severin Didier<\/div><time datetime=\"2025-02-04T08:52:07+04:00\" class=\"wp-block-latest-posts__post-date\">4 f\u00e9vrier 2025<\/time><div class=\"wp-block-latest-posts__post-full-content\"><!-- wp:image {\"id\":2550,\"sizeSlug\":\"large\",\"linkDestination\":\"none\"} -->\n<figure class=\"wp-block-image size-large\"><img loading=\"lazy\" decoding=\"async\" width=\"682\" height=\"1024\" src=\"https:\/\/etab.ac-reunion.fr\/clg-bois-de-nefles\/wp-content\/uploads\/sites\/41\/2025\/02\/Erasmus-espagne-682x1024.jpg\" alt=\"\" class=\"wp-image-2550\" srcset=\"https:\/\/etab.ac-reunion.fr\/clg-bois-de-nefles\/wp-content\/uploads\/sites\/41\/2025\/02\/Erasmus-espagne-682x1024.jpg 682w, https:\/\/etab.ac-reunion.fr\/clg-bois-de-nefles\/wp-content\/uploads\/sites\/41\/2025\/02\/Erasmus-espagne-200x300.jpg 200w, https:\/\/etab.ac-reunion.fr\/clg-bois-de-nefles\/wp-content\/uploads\/sites\/41\/2025\/02\/Erasmus-espagne-768x1152.jpg 768w, https:\/\/etab.ac-reunion.fr\/clg-bois-de-nefles\/wp-content\/uploads\/sites\/41\/2025\/02\/Erasmus-espagne-1024x1536.jpg 1024w, https:\/\/etab.ac-reunion.fr\/clg-bois-de-nefles\/wp-content\/uploads\/sites\/41\/2025\/02\/Erasmus-espagne-133x200.jpg 133w, https:\/\/etab.ac-reunion.fr\/clg-bois-de-nefles\/wp-content\/uploads\/sites\/41\/2025\/02\/Erasmus-espagne.jpg 1333w\" sizes=\"auto, (max-width: 682px) 100vw, 682px\" \/><\/figure>\n<!-- \/wp:image --><\/div><\/li>\n<li><div class=\"wp-block-latest-posts__featured-image\"><img loading=\"lazy\" decoding=\"async\" width=\"150\" height=\"150\" src=\"https:\/\/etab.ac-reunion.fr\/clg-bois-de-nefles\/wp-content\/uploads\/sites\/41\/2024\/08\/group-pic-150x150.png\" class=\"attachment-thumbnail size-thumbnail wp-post-image\" alt=\"\" style=\"\" \/><\/div><a class=\"wp-block-latest-posts__post-title\" href=\"https:\/\/etab.ac-reunion.fr\/clg-bois-de-nefles\/2024\/08\/28\/les-3e-sib-acteurs-de-notre-premiere-mobilite-erasmus-en-croatie\/\">Les 3e SIB acteurs de notre premi\u00e8re mobilit\u00e9 Erasmus en Croatie !<\/a><div class=\"wp-block-latest-posts__post-author\">par Severin Didier<\/div><time datetime=\"2024-08-28T01:01:50+04:00\" class=\"wp-block-latest-posts__post-date\">28 ao\u00fbt 2024<\/time><div class=\"wp-block-latest-posts__post-full-content\"><!-- wp:paragraph -->\n<p>Les \u00e9l\u00e8ves de section internationale ont eu la chance de voir leur projet scoutisme \u00ab\u00a0Young European Scouts\u00a0\u00bb aboutir sur un voyage scolaqire \u00e0 Zagreb, en Croatie.<\/p>\n<!-- \/wp:paragraph -->\n\n<!-- wp:paragraph -->\n<p>Ils sont donc partis \u00e0 la rencontre de leurs correspondants croates et ont pu vivre toutes sortes d&rsquo;exp\u00e9riences riches en \u00e9motion.<\/p>\n<!-- \/wp:paragraph -->\n\n<!-- wp:paragraph -->\n<p>Ils racontent leur exp\u00e9rience dans le magazine du voyage! Allez jeter un oeil ici &gt; <a href=\"https:\/\/etab.ac-reunion.fr\/clg-bois-de-nefles\/wp-content\/uploads\/sites\/41\/2024\/09\/Madmagz-ERASMUS-CROATIA.pdf\">Acc\u00e9der au magazine<\/a><\/p>\n<!-- \/wp:paragraph -->\n\n<!-- wp:paragraph -->\n<p>Ils ont aussi pu partager leur exp\u00e9rience avec les autres \u00e9l\u00e8ves du coll\u00e8ge &gt; affiche Erasmus<\/p>\n<!-- \/wp:paragraph -->\n\n<!-- wp:paragraph -->\n<p>Vous pouvez suivre toutes les activit\u00e9s que les \u00e9l\u00e8ves fran\u00e7ais et croates ont pu r\u00e9aliser sur la plateforme Etwinning tout au long du projet &gt; <a href=\"https:\/\/school-education.ec.europa.eu\/en\/etwinning\/projects\/yes-project-young-european-scouts-23-24\/twinspace\/pages\/project-presentation\">Voir les activit\u00e9s<\/a><\/p>\n<!-- \/wp:paragraph -->\n\n<!-- wp:paragraph -->\n<p>Merci \u00e0 tous les enseignants qui ont aid\u00e9 \u00e0 la bonne r\u00e9alisation de ce voyage et aux \u00e9l\u00e8ves qui ont su en faire un souvenir m\u00e9morable.<\/p>\n<!-- \/wp:paragraph -->\n\n<!-- wp:pdfemb\/pdf-embedder-viewer {\"pdfID\":2451,\"url\":\"https:\/\/etab.ac-reunion.fr\/clg-bois-de-nefles\/wp-content\/uploads\/sites\/41\/2024\/08\/affiche-reunion-Erasmus.pdf\"} \/--><\/div><\/li>\n<\/ul>","protected":false},"excerpt":{"rendered":"","protected":false},"author":14190,"featured_media":0,"parent":2435,"menu_order":0,"comment_status":"closed","ping_status":"closed","template":"","meta":{"footnotes":""},"class_list":["post-2442","page","type-page","status-publish","hentry"],"_links":{"self":[{"href":"https:\/\/etab.ac-reunion.fr\/clg-bois-de-nefles\/wp-json\/wp\/v2\/pages\/2442","targetHints":{"allow":["GET"]}}],"collection":[{"href":"https:\/\/etab.ac-reunion.fr\/clg-bois-de-nefles\/wp-json\/wp\/v2\/pages"}],"about":[{"href":"https:\/\/etab.ac-reunion.fr\/clg-bois-de-nefles\/wp-json\/wp\/v2\/types\/page"}],"author":[{"embeddable":true,"href":"https:\/\/etab.ac-reunion.fr\/clg-bois-de-nefles\/wp-json\/wp\/v2\/users\/14190"}],"replies":[{"embeddable":true,"href":"https:\/\/etab.ac-reunion.fr\/clg-bois-de-nefles\/wp-json\/wp\/v2\/comments?post=2442"}],"version-history":[{"count":4,"href":"https:\/\/etab.ac-reunion.fr\/clg-bois-de-nefles\/wp-json\/wp\/v2\/pages\/2442\/revisions"}],"predecessor-version":[{"id":2707,"href":"https:\/\/etab.ac-reunion.fr\/clg-bois-de-nefles\/wp-json\/wp\/v2\/pages\/2442\/revisions\/2707"}],"up":[{"embeddable":true,"href":"https:\/\/etab.ac-reunion.fr\/clg-bois-de-nefles\/wp-json\/wp\/v2\/pages\/2435"}],"wp:attachment":[{"href":"https:\/\/etab.ac-reunion.fr\/clg-bois-de-nefles\/wp-json\/wp\/v2\/media?parent=2442"}],"curies":[{"name":"wp","href":"https:\/\/api.w.org\/{rel}","templated":true}]}}