{"id":2587,"date":"2025-02-25T08:36:25","date_gmt":"2025-02-25T04:36:25","guid":{"rendered":"https:\/\/etab.ac-reunion.fr\/clg-bois-de-nefles\/?page_id=2587"},"modified":"2025-03-20T14:00:14","modified_gmt":"2025-03-20T10:00:14","slug":"education-aux-medias-et-a-linformation","status":"publish","type":"page","link":"https:\/\/etab.ac-reunion.fr\/clg-bois-de-nefles\/education-aux-medias-et-a-linformation\/","title":{"rendered":"Education aux M\u00e9dias et \u00e0 l&rsquo;Information"},"content":{"rendered":"\n<p>Depuis 2022, les \u00e9l\u00e8ves du coll\u00e8ge Bois de N\u00e8fles, de l\u2019\u00e9cole \u00e9l\u00e9mentaire Bois de N\u00e8fles et du lyc\u00e9e Hintermann-Affejee s\u2019initient aux m\u00e9dias, notamment, \u00e0 travers la Web Radio du coll\u00e8ge et la cr\u00e9ation d\u2019\u00e9missions audios et vid\u00e9os. Ce club m\u00e9dia est encadr\u00e9 par M Yus (notre journaliste partenaire et intervenant EMI), Mmes Brouat (professeure de SVT), Pragassam (professeure documentaliste) et Tempe (Assistante de documentation). Plusieurs productions sont en ligne. A vous de les d\u00e9couvrir en cliquant sur le lien suivant :<\/p>\n\n\n\n<p><a href=\"https:\/\/tube-arts-lettres-sciences-humaines.apps.education.fr\/a\/noisette\/video-channels\">https:\/\/tube-arts-lettres-sciences-humaines.apps.education.fr\/a\/noisette\/video-channels<\/a><\/p>\n\n\n\n<p><\/p>\n\n\n\n<p><\/p>\n","protected":false},"excerpt":{"rendered":"<p>Depuis 2022, les \u00e9l\u00e8ves du coll\u00e8ge Bois de N\u00e8fles, de l\u2019\u00e9cole \u00e9l\u00e9mentaire Bois de N\u00e8fles et du lyc\u00e9e Hintermann-Affejee s\u2019initient aux m\u00e9dias, notamment, \u00e0 travers la Web Radio du coll\u00e8ge et la cr\u00e9ation d\u2019\u00e9missions audios et vid\u00e9os. Ce club m\u00e9dia est encadr\u00e9 par M Yus (notre journaliste partenaire et intervenant &hellip;<\/p>\n","protected":false},"author":14190,"featured_media":0,"parent":0,"menu_order":0,"comment_status":"closed","ping_status":"closed","template":"","meta":{"footnotes":""},"class_list":["post-2587","page","type-page","status-publish","hentry"],"_links":{"self":[{"href":"https:\/\/etab.ac-reunion.fr\/clg-bois-de-nefles\/wp-json\/wp\/v2\/pages\/2587","targetHints":{"allow":["GET"]}}],"collection":[{"href":"https:\/\/etab.ac-reunion.fr\/clg-bois-de-nefles\/wp-json\/wp\/v2\/pages"}],"about":[{"href":"https:\/\/etab.ac-reunion.fr\/clg-bois-de-nefles\/wp-json\/wp\/v2\/types\/page"}],"author":[{"embeddable":true,"href":"https:\/\/etab.ac-reunion.fr\/clg-bois-de-nefles\/wp-json\/wp\/v2\/users\/14190"}],"replies":[{"embeddable":true,"href":"https:\/\/etab.ac-reunion.fr\/clg-bois-de-nefles\/wp-json\/wp\/v2\/comments?post=2587"}],"version-history":[{"count":5,"href":"https:\/\/etab.ac-reunion.fr\/clg-bois-de-nefles\/wp-json\/wp\/v2\/pages\/2587\/revisions"}],"predecessor-version":[{"id":2601,"href":"https:\/\/etab.ac-reunion.fr\/clg-bois-de-nefles\/wp-json\/wp\/v2\/pages\/2587\/revisions\/2601"}],"wp:attachment":[{"href":"https:\/\/etab.ac-reunion.fr\/clg-bois-de-nefles\/wp-json\/wp\/v2\/media?parent=2587"}],"curies":[{"name":"wp","href":"https:\/\/api.w.org\/{rel}","templated":true}]}}