{"id":37,"date":"2014-01-05T22:21:00","date_gmt":"2014-01-05T18:21:00","guid":{"rendered":"http:\/\/college-boisdenefles-tmp.ac-reunion.fr\/?page_id=37"},"modified":"2024-03-20T08:50:52","modified_gmt":"2024-03-20T04:50:52","slug":"nous-contacter","status":"publish","type":"page","link":"https:\/\/etab.ac-reunion.fr\/clg-bois-de-nefles\/informations-pratiques\/nous-contacter\/","title":{"rendered":"Nous Contacter"},"content":{"rendered":"<div><strong>COLL\u00c8GE BOIS DE N\u00c8FLES &#8211; 9741188Y<\/strong><\/div>\n<div>5 chemin des francisc\u00e9as<\/div>\n<div>97490 SAINTE-CLOTILDE<\/div>\n<div>\n<div><\/div>\n<div>Accueil :<\/div>\n<div>T\u00e9l : 0262 97 96 10<\/div>\n<\/div>\n<div>courriel administration : ce.9741188y@ac-reunion.fr<\/div>\n<div><\/div>\n<div>Vie Scolaire:<\/div>\n<div>T\u00e9l: 0262 97 96 12<\/div>\n<div><\/div>\n<div>Pour les probl\u00e8mes d&rsquo;acc\u00e8s\u00a0 \u00e0 METICE :<\/div>\n<div><\/div>\n<div>envoyez un email \u00e0 <a href=\"mailto:informatique.cbn@ac-reunion.fr\">informatique.cbn@ac-reunion.fr<\/a><\/div>\n<div><\/div>\n<div><\/div>\n<div>\u00a0Vous pouvez aussi utiliser le formulaire de contact ci-dessous :<\/div>\n<div><\/div>\n<div>\n<p>&nbsp;<\/p>\n<\/div>\n<p>&nbsp;<\/p>\n<p>&nbsp;<\/p>\n","protected":false},"excerpt":{"rendered":"<p>COLL\u00c8GE BOIS DE N\u00c8FLES &#8211; 9741188Y 5 chemin des francisc\u00e9as 97490 SAINTE-CLOTILDE Accueil : T\u00e9l : 0262 97 96 10 courriel administration : ce.9741188y@ac-reunion.fr Vie Scolaire: T\u00e9l: 0262 97 96 12 Pour les probl\u00e8mes d&rsquo;acc\u00e8s\u00a0 \u00e0 METICE : envoyez un email \u00e0 informatique.cbn@ac-reunion.fr \u00a0Vous pouvez aussi utiliser le formulaire de &hellip;<\/p>\n","protected":false},"author":280,"featured_media":0,"parent":2299,"menu_order":0,"comment_status":"closed","ping_status":"closed","template":"","meta":{"footnotes":""},"class_list":["post-37","page","type-page","status-publish","hentry"],"_links":{"self":[{"href":"https:\/\/etab.ac-reunion.fr\/clg-bois-de-nefles\/wp-json\/wp\/v2\/pages\/37","targetHints":{"allow":["GET"]}}],"collection":[{"href":"https:\/\/etab.ac-reunion.fr\/clg-bois-de-nefles\/wp-json\/wp\/v2\/pages"}],"about":[{"href":"https:\/\/etab.ac-reunion.fr\/clg-bois-de-nefles\/wp-json\/wp\/v2\/types\/page"}],"author":[{"embeddable":true,"href":"https:\/\/etab.ac-reunion.fr\/clg-bois-de-nefles\/wp-json\/wp\/v2\/users\/280"}],"replies":[{"embeddable":true,"href":"https:\/\/etab.ac-reunion.fr\/clg-bois-de-nefles\/wp-json\/wp\/v2\/comments?post=37"}],"version-history":[{"count":13,"href":"https:\/\/etab.ac-reunion.fr\/clg-bois-de-nefles\/wp-json\/wp\/v2\/pages\/37\/revisions"}],"predecessor-version":[{"id":1547,"href":"https:\/\/etab.ac-reunion.fr\/clg-bois-de-nefles\/wp-json\/wp\/v2\/pages\/37\/revisions\/1547"}],"up":[{"embeddable":true,"href":"https:\/\/etab.ac-reunion.fr\/clg-bois-de-nefles\/wp-json\/wp\/v2\/pages\/2299"}],"wp:attachment":[{"href":"https:\/\/etab.ac-reunion.fr\/clg-bois-de-nefles\/wp-json\/wp\/v2\/media?parent=37"}],"curies":[{"name":"wp","href":"https:\/\/api.w.org\/{rel}","templated":true}]}}