{"id":1958,"date":"2019-03-07T10:46:01","date_gmt":"2019-03-07T06:46:01","guid":{"rendered":"http:\/\/college-bory-stvincent.ac-reunion.fr\/?page_id=1958"},"modified":"2026-02-21T15:18:51","modified_gmt":"2026-02-21T11:18:51","slug":"epsetunss","status":"publish","type":"page","link":"https:\/\/etab.ac-reunion.fr\/clg-bory-de-saint-vincent\/la-vie-du-college\/epsetunss\/","title":{"rendered":"EPS et UNSS"},"content":{"rendered":"\n<div class=\"wp-block-columns is-layout-flex wp-container-core-columns-is-layout-9d6595d7 wp-block-columns-is-layout-flex\">\n<div class=\"wp-block-column is-layout-flow wp-block-column-is-layout-flow\" style=\"flex-basis:33.33%\"><div class=\"wp-block-image\">\n<figure class=\"aligncenter size-full is-resized\"><img loading=\"lazy\" decoding=\"async\" width=\"505\" height=\"296\" src=\"https:\/\/etab.ac-reunion.fr\/clg-bory-de-saint-vincent\/wp-content\/uploads\/sites\/28\/2019\/03\/logo-unss.png\" alt=\"\" class=\"wp-image-1959\" style=\"width:243px;height:auto\" srcset=\"https:\/\/etab.ac-reunion.fr\/clg-bory-de-saint-vincent\/wp-content\/uploads\/sites\/28\/2019\/03\/logo-unss.png 505w, https:\/\/etab.ac-reunion.fr\/clg-bory-de-saint-vincent\/wp-content\/uploads\/sites\/28\/2019\/03\/logo-unss-300x176.png 300w, https:\/\/etab.ac-reunion.fr\/clg-bory-de-saint-vincent\/wp-content\/uploads\/sites\/28\/2019\/03\/logo-unss-150x88.png 150w\" sizes=\"auto, (max-width: 505px) 100vw, 505px\" \/><\/figure>\n<\/div>\n\n\n<div style=\"height:15px\" aria-hidden=\"true\" class=\"wp-block-spacer\"><\/div>\n\n\n\n<p class=\"has-text-align-center\">L\u2019Union Nationale du Sport Scolaire (UNSS) est la f\u00e9d\u00e9ration fran\u00e7aise de sport scolaire, elle est multi-sports et ouverte \u00e0 tous les coll\u00e9giens&nbsp; scolaris\u00e9s \u00e0 travers les associations sportives (AS).<\/p>\n<\/div>\n\n\n\n<div class=\"wp-block-column is-layout-flow wp-block-column-is-layout-flow\" style=\"flex-basis:66.66%\"><div class=\"wp-block-image\">\n<figure class=\"aligncenter size-full is-resized\"><img loading=\"lazy\" decoding=\"async\" width=\"954\" height=\"668\" src=\"https:\/\/etab.ac-reunion.fr\/clg-bory-de-saint-vincent\/wp-content\/uploads\/sites\/28\/2024\/11\/Programme-AS-2024-2025.jpeg\" alt=\"\" class=\"wp-image-6410\" style=\"width:660px;height:auto\" srcset=\"https:\/\/etab.ac-reunion.fr\/clg-bory-de-saint-vincent\/wp-content\/uploads\/sites\/28\/2024\/11\/Programme-AS-2024-2025.jpeg 954w, https:\/\/etab.ac-reunion.fr\/clg-bory-de-saint-vincent\/wp-content\/uploads\/sites\/28\/2024\/11\/Programme-AS-2024-2025-300x210.jpeg 300w, https:\/\/etab.ac-reunion.fr\/clg-bory-de-saint-vincent\/wp-content\/uploads\/sites\/28\/2024\/11\/Programme-AS-2024-2025-768x538.jpeg 768w, https:\/\/etab.ac-reunion.fr\/clg-bory-de-saint-vincent\/wp-content\/uploads\/sites\/28\/2024\/11\/Programme-AS-2024-2025-150x105.jpeg 150w\" sizes=\"auto, (max-width: 954px) 100vw, 954px\" \/><\/figure>\n<\/div><\/div>\n<\/div>\n\n\n\n<div style=\"height:15px\" aria-hidden=\"true\" class=\"wp-block-spacer\"><\/div>\n\n\n\n<h4 class=\"wp-block-heading has-text-align-center\"><strong>Digipads de l&rsquo;\u00e9quipe d&rsquo;EPS<\/strong><\/h4>\n\n\n\n<div class=\"wp-block-buttons is-content-justification-center is-layout-flex wp-container-core-buttons-is-layout-16018d1d wp-block-buttons-is-layout-flex\">\n<div class=\"wp-block-button\"><a class=\"wp-block-button__link has-black-color has-luminous-vivid-amber-background-color has-text-color has-background has-link-color wp-element-button\" href=\"https:\/\/digipad.app\/p\/845675\/d740bb8d9e688\">L&rsquo;AS<\/a><\/div>\n<\/div>\n\n\n\n<div style=\"height:15px\" aria-hidden=\"true\" class=\"wp-block-spacer\"><\/div>\n\n\n\n<div class=\"wp-block-columns is-layout-flex wp-container-core-columns-is-layout-9d6595d7 wp-block-columns-is-layout-flex\">\n<div class=\"wp-block-column is-layout-flow wp-block-column-is-layout-flow\"><div class=\"wp-block-image\">\n<figure class=\"aligncenter size-full is-resized\"><img loading=\"lazy\" decoding=\"async\" width=\"389\" height=\"400\" src=\"https:\/\/etab.ac-reunion.fr\/clg-bory-de-saint-vincent\/wp-content\/uploads\/sites\/28\/2025\/09\/QR-Code-AS-Badminton.jpg\" alt=\"\" class=\"wp-image-7383\" style=\"width:188px;height:auto\" srcset=\"https:\/\/etab.ac-reunion.fr\/clg-bory-de-saint-vincent\/wp-content\/uploads\/sites\/28\/2025\/09\/QR-Code-AS-Badminton.jpg 389w, https:\/\/etab.ac-reunion.fr\/clg-bory-de-saint-vincent\/wp-content\/uploads\/sites\/28\/2025\/09\/QR-Code-AS-Badminton-292x300.jpg 292w, https:\/\/etab.ac-reunion.fr\/clg-bory-de-saint-vincent\/wp-content\/uploads\/sites\/28\/2025\/09\/QR-Code-AS-Badminton-146x150.jpg 146w\" sizes=\"auto, (max-width: 389px) 100vw, 389px\" \/><\/figure>\n<\/div>\n\n\n<p class=\"has-text-align-center\"><a href=\"https:\/\/digipad.app\/p\/1290198\/4c868a56a80b8\" target=\"_blank\" rel=\"noreferrer noopener\">Plus d&rsquo;infos sur l&rsquo;AS badminton<\/a><\/p>\n<\/div>\n<\/div>\n\n\n\n<div style=\"height:15px\" aria-hidden=\"true\" class=\"wp-block-spacer\"><\/div>\n\n\n\n<div class=\"wp-block-buttons is-content-justification-center is-layout-flex wp-container-core-buttons-is-layout-16018d1d wp-block-buttons-is-layout-flex\">\n<div class=\"wp-block-button\"><a class=\"wp-block-button__link has-black-color has-light-green-cyan-background-color has-text-color has-background has-link-color wp-element-button\" href=\"https:\/\/digipad.app\/p\/146752\/d7d0d39d4955c\" target=\"_blank\" rel=\"noreferrer noopener\">Projet Rando<\/a><\/div>\n\n\n\n<div class=\"wp-block-button\"><a class=\"wp-block-button__link has-black-color has-pale-cyan-blue-background-color has-text-color has-background has-link-color wp-element-button\" href=\"https:\/\/digipad.app\/p\/385660\/cb2c5269ac744\" target=\"_blank\" rel=\"noreferrer noopener\">L&rsquo;ENS Lagon<\/a><\/div>\n\n\n\n<div class=\"wp-block-button\"><a class=\"wp-block-button__link has-black-color has-pale-pink-background-color has-text-color has-background has-link-color wp-element-button\" href=\"https:\/\/digipad.app\/p\/508484\/e05c2863d7e76\" target=\"_blank\" rel=\"noreferrer noopener\">Course sportive, festive et solaire<\/a><\/div>\n\n\n\n<div class=\"wp-block-button\"><a class=\"wp-block-button__link has-black-color has-luminous-vivid-amber-background-color has-text-color has-background has-link-color wp-element-button\" href=\"https:\/\/digipad.app\/p\/1562356\/cde42e3c2dee38\" target=\"_blank\" rel=\"noreferrer noopener\">Sports d&rsquo;hiver : Milano-Cortina 2026<\/a><\/div>\n<\/div>\n\n\n\n<div style=\"height:15px\" aria-hidden=\"true\" class=\"wp-block-spacer\"><\/div>\n\n\n\n<figure class=\"wp-block-gallery has-nested-images columns-default wp-block-gallery-1 is-layout-flex wp-block-gallery-is-layout-flex\">\n<figure class=\"wp-block-image size-full\"><img loading=\"lazy\" decoding=\"async\" width=\"380\" height=\"400\" data-id=\"7361\" src=\"https:\/\/etab.ac-reunion.fr\/clg-bory-de-saint-vincent\/wp-content\/uploads\/sites\/28\/2025\/08\/QR-Code-randonnee.jpg\" alt=\"\" class=\"wp-image-7361\" srcset=\"https:\/\/etab.ac-reunion.fr\/clg-bory-de-saint-vincent\/wp-content\/uploads\/sites\/28\/2025\/08\/QR-Code-randonnee.jpg 380w, https:\/\/etab.ac-reunion.fr\/clg-bory-de-saint-vincent\/wp-content\/uploads\/sites\/28\/2025\/08\/QR-Code-randonnee-285x300.jpg 285w, https:\/\/etab.ac-reunion.fr\/clg-bory-de-saint-vincent\/wp-content\/uploads\/sites\/28\/2025\/08\/QR-Code-randonnee-143x150.jpg 143w\" sizes=\"auto, (max-width: 380px) 100vw, 380px\" \/><\/figure>\n\n\n\n<figure class=\"wp-block-image size-full\"><img loading=\"lazy\" decoding=\"async\" width=\"380\" height=\"400\" data-id=\"7360\" src=\"https:\/\/etab.ac-reunion.fr\/clg-bory-de-saint-vincent\/wp-content\/uploads\/sites\/28\/2025\/08\/QR-Code-ENS-Lagon.jpg\" alt=\"\" class=\"wp-image-7360\" srcset=\"https:\/\/etab.ac-reunion.fr\/clg-bory-de-saint-vincent\/wp-content\/uploads\/sites\/28\/2025\/08\/QR-Code-ENS-Lagon.jpg 380w, https:\/\/etab.ac-reunion.fr\/clg-bory-de-saint-vincent\/wp-content\/uploads\/sites\/28\/2025\/08\/QR-Code-ENS-Lagon-285x300.jpg 285w, https:\/\/etab.ac-reunion.fr\/clg-bory-de-saint-vincent\/wp-content\/uploads\/sites\/28\/2025\/08\/QR-Code-ENS-Lagon-143x150.jpg 143w\" sizes=\"auto, (max-width: 380px) 100vw, 380px\" \/><\/figure>\n\n\n\n<figure class=\"wp-block-image size-full\"><img loading=\"lazy\" decoding=\"async\" width=\"380\" height=\"400\" data-id=\"7359\" src=\"https:\/\/etab.ac-reunion.fr\/clg-bory-de-saint-vincent\/wp-content\/uploads\/sites\/28\/2025\/08\/QR-code-course.jpg\" alt=\"\" class=\"wp-image-7359\" srcset=\"https:\/\/etab.ac-reunion.fr\/clg-bory-de-saint-vincent\/wp-content\/uploads\/sites\/28\/2025\/08\/QR-code-course.jpg 380w, https:\/\/etab.ac-reunion.fr\/clg-bory-de-saint-vincent\/wp-content\/uploads\/sites\/28\/2025\/08\/QR-code-course-285x300.jpg 285w, https:\/\/etab.ac-reunion.fr\/clg-bory-de-saint-vincent\/wp-content\/uploads\/sites\/28\/2025\/08\/QR-code-course-143x150.jpg 143w\" sizes=\"auto, (max-width: 380px) 100vw, 380px\" \/><\/figure>\n<\/figure>\n\n\n\n<div style=\"height:15px\" aria-hidden=\"true\" class=\"wp-block-spacer\"><\/div>\n\n\n\n<h4 class=\"wp-block-heading has-text-align-center\"><strong>Autres Digipads<\/strong><\/h4>\n\n\n\n<div class=\"wp-block-buttons is-content-justification-center is-layout-flex wp-container-core-buttons-is-layout-16018d1d wp-block-buttons-is-layout-flex\">\n<div class=\"wp-block-button\"><a class=\"wp-block-button__link has-black-color has-pale-ocean-gradient-background has-text-color has-background has-link-color wp-element-button\" href=\"https:\/\/digipad.app\/p\/254512\/32f3d26a6caea\" target=\"_blank\" rel=\"noreferrer noopener\">Infos Escalade<\/a><\/div>\n\n\n\n<div class=\"wp-block-button\"><a class=\"wp-block-button__link has-black-color has-blush-bordeaux-gradient-background has-text-color has-background has-link-color wp-element-button\" href=\"https:\/\/digipad.app\/p\/660592\/55a6e5c2d2253\" target=\"_blank\" rel=\"noreferrer noopener\">Infos Crossfit<\/a><\/div>\n\n\n\n<div class=\"wp-block-button\"><a class=\"wp-block-button__link has-black-color has-blush-light-purple-gradient-background has-text-color has-background has-link-color wp-element-button\" href=\"https:\/\/digipad.app\/p\/764368\/20fb020f0dedd\">Infos Acrosport<\/a><\/div>\n<\/div>\n\n\n\n<div style=\"height:15px\" aria-hidden=\"true\" class=\"wp-block-spacer\"><\/div>\n\n\n\n<h4 class=\"wp-block-heading\"><strong>Les derni\u00e8res actus de l&rsquo;EPS et de l&rsquo;UNSS<\/strong><\/h4>\n\n\n<ul class=\"wp-block-latest-posts__list has-dates wp-block-latest-posts\"><li><div class=\"wp-block-latest-posts__featured-image\"><a href=\"https:\/\/etab.ac-reunion.fr\/clg-bory-de-saint-vincent\/decouverte-dun-espace-naturel-sensible-le-sentier-sous-marin-de-lhermitage-2025-2026\/\" title=\"D\u00e9couverte d\u2019un espace naturel sensible : le sentier sous-marin de l\u2019Hermitage (2025-2026)\"><img loading=\"lazy\" decoding=\"async\" width=\"150\" height=\"150\" src=\"https:\/\/etab.ac-reunion.fr\/clg-bory-de-saint-vincent\/wp-content\/uploads\/sites\/28\/2026\/02\/Sortie-lagon-2026-1-150x150.jpg\" class=\"attachment-thumbnail size-thumbnail wp-post-image\" alt=\"\" style=\"\" \/><\/a><\/div><a class=\"wp-block-latest-posts__post-title\" href=\"https:\/\/etab.ac-reunion.fr\/clg-bory-de-saint-vincent\/decouverte-dun-espace-naturel-sensible-le-sentier-sous-marin-de-lhermitage-2025-2026\/\">D\u00e9couverte d\u2019un espace naturel sensible : le sentier sous-marin de l\u2019Hermitage (2025-2026)<\/a><time datetime=\"2026-02-18T21:07:38+04:00\" class=\"wp-block-latest-posts__post-date\">18 f\u00e9vrier 2026<\/time><div class=\"wp-block-latest-posts__post-excerpt\">Cette ann\u00e9e encore nos \u00e9l\u00e8ves de 6\u00e8me ont particip\u00e9 \u00e0 la d\u00e9couverte de l\u2019Espace Naturelle Sensible (ENS) du sentier sous-marin de l\u2019Hermitage avec les agents de la r\u00e9serve marine, leurs professeurs d\u2019EPS&#8230;<p class=\"continue-reading-button\"> <a class=\"continue-reading-link\" href=\"https:\/\/etab.ac-reunion.fr\/clg-bory-de-saint-vincent\/decouverte-dun-espace-naturel-sensible-le-sentier-sous-marin-de-lhermitage-2025-2026\/\">Voir plus<i class=\"crycon-right-dir\"><\/i><\/a><\/p><\/div><\/li>\n<li><div class=\"wp-block-latest-posts__featured-image\"><a href=\"https:\/\/etab.ac-reunion.fr\/clg-bory-de-saint-vincent\/course-solidaire-2025\/\" title=\"Course solidaire 2025\"><img loading=\"lazy\" decoding=\"async\" width=\"150\" height=\"150\" src=\"https:\/\/etab.ac-reunion.fr\/clg-bory-de-saint-vincent\/wp-content\/uploads\/sites\/28\/2025\/11\/Course-solidaire-2025-1-150x150.jpg\" class=\"attachment-thumbnail size-thumbnail wp-post-image\" alt=\"\" style=\"\" \/><\/a><\/div><a class=\"wp-block-latest-posts__post-title\" href=\"https:\/\/etab.ac-reunion.fr\/clg-bory-de-saint-vincent\/course-solidaire-2025\/\">Course solidaire 2025<\/a><time datetime=\"2025-11-14T12:07:00+04:00\" class=\"wp-block-latest-posts__post-date\">14 novembre 2025<\/time><div class=\"wp-block-latest-posts__post-excerpt\">Comme l&rsquo;ann\u00e9e derni\u00e8re, une course sportive, festive et solidaire a \u00e9t\u00e9 organis\u00e9e en septembre afin de pr\u00e9parer les \u00e9l\u00e8ves au cross du district mais aussi sensibiliser les \u00e9l\u00e8ves au sport-sant\u00e9 pour tous et au handisport, avec notamment la venue de l&rsquo;association R\u00e9union Joelettes&#8230;<p class=\"continue-reading-button\"> <a class=\"continue-reading-link\" href=\"https:\/\/etab.ac-reunion.fr\/clg-bory-de-saint-vincent\/course-solidaire-2025\/\">Voir plus<i class=\"crycon-right-dir\"><\/i><\/a><\/p><\/div><\/li>\n<li><div class=\"wp-block-latest-posts__featured-image\"><a href=\"https:\/\/etab.ac-reunion.fr\/clg-bory-de-saint-vincent\/la-randonnee-historique-des-eleves-de-6e\/\" title=\"La randonn\u00e9e historique des \u00e9l\u00e8ves de 6\u00e8\"><img loading=\"lazy\" decoding=\"async\" width=\"150\" height=\"150\" src=\"https:\/\/etab.ac-reunion.fr\/clg-bory-de-saint-vincent\/wp-content\/uploads\/sites\/28\/2025\/06\/Rando-Warren-Hasting-3-150x150.jpg\" class=\"attachment-thumbnail size-thumbnail wp-post-image\" alt=\"\" style=\"\" \/><\/a><\/div><a class=\"wp-block-latest-posts__post-title\" href=\"https:\/\/etab.ac-reunion.fr\/clg-bory-de-saint-vincent\/la-randonnee-historique-des-eleves-de-6e\/\">La randonn\u00e9e historique des \u00e9l\u00e8ves de 6\u00e8<\/a><time datetime=\"2025-06-16T20:23:00+04:00\" class=\"wp-block-latest-posts__post-date\">16 juin 2025<\/time><div class=\"wp-block-latest-posts__post-excerpt\">En plus du projet randonn\u00e9e des 4\u00e8, le lundi 16 juin de 13h30 \u00e0 15h30, les \u00e9l\u00e8ves de 601 ont particip\u00e9 \u00e0 une initiation \u00e0 la randonn\u00e9e avec un volet historique. \u00c7a a \u00e9t\u00e9 l\u2019occasion d\u2019apprendre&#8230;<p class=\"continue-reading-button\"> <a class=\"continue-reading-link\" href=\"https:\/\/etab.ac-reunion.fr\/clg-bory-de-saint-vincent\/la-randonnee-historique-des-eleves-de-6e\/\">Voir plus<i class=\"crycon-right-dir\"><\/i><\/a><\/p><\/div><\/li>\n<li><div class=\"wp-block-latest-posts__featured-image\"><a href=\"https:\/\/etab.ac-reunion.fr\/clg-bory-de-saint-vincent\/1-dechet-1-squat-edition-2025\/\" title=\"1 d\u00e9chet = 1 squat, \u00e9dition 2025\"><img loading=\"lazy\" decoding=\"async\" width=\"150\" height=\"150\" src=\"https:\/\/etab.ac-reunion.fr\/clg-bory-de-saint-vincent\/wp-content\/uploads\/sites\/28\/2025\/06\/1-dechet-1-squat-2025-1-150x150.jpg\" class=\"attachment-thumbnail size-thumbnail wp-post-image\" alt=\"\" style=\"\" \/><\/a><\/div><a class=\"wp-block-latest-posts__post-title\" href=\"https:\/\/etab.ac-reunion.fr\/clg-bory-de-saint-vincent\/1-dechet-1-squat-edition-2025\/\">1 d\u00e9chet = 1 squat, \u00e9dition 2025<\/a><time datetime=\"2025-06-16T07:15:47+04:00\" class=\"wp-block-latest-posts__post-date\">16 juin 2025<\/time><div class=\"wp-block-latest-posts__post-excerpt\">\u00c0 l&rsquo;occasion de la journ\u00e9e mondiale des oc\u00e9ans, 5 \u00e9l\u00e8ves de l&rsquo;association sportive crossfitness, sant\u00e9, musculation du coll\u00e8ge ont particip\u00e9 \u00e0 une randonn\u00e9e \u00e9cologique et sportive encadr\u00e9 par leu professeur d&rsquo;EPS, M. BETTINI. \u00c9cologique car muni de sacs poubelles et de gants chaque \u00e9l\u00e8ve a pu ramasser les d\u00e9chets&#8230;<p class=\"continue-reading-button\"> <a class=\"continue-reading-link\" href=\"https:\/\/etab.ac-reunion.fr\/clg-bory-de-saint-vincent\/1-dechet-1-squat-edition-2025\/\">Voir plus<i class=\"crycon-right-dir\"><\/i><\/a><\/p><\/div><\/li>\n<li><div class=\"wp-block-latest-posts__featured-image\"><a href=\"https:\/\/etab.ac-reunion.fr\/clg-bory-de-saint-vincent\/decouverte-dun-espace-naturel-sensible-le-sentier-sous-marin-de-lhermitage-2024-2025\/\" title=\"D\u00e9couverte d\u2019un espace naturel sensible : le sentier sous-marin de l\u2019Hermitage (2024-2025)\"><img loading=\"lazy\" decoding=\"async\" width=\"150\" height=\"150\" src=\"https:\/\/etab.ac-reunion.fr\/clg-bory-de-saint-vincent\/wp-content\/uploads\/sites\/28\/2025\/02\/Sortie-lagon-janv-fevr-2025-5-150x150.jpg\" class=\"attachment-thumbnail size-thumbnail wp-post-image\" alt=\"\" style=\"\" \/><\/a><\/div><a class=\"wp-block-latest-posts__post-title\" href=\"https:\/\/etab.ac-reunion.fr\/clg-bory-de-saint-vincent\/decouverte-dun-espace-naturel-sensible-le-sentier-sous-marin-de-lhermitage-2024-2025\/\">D\u00e9couverte d\u2019un espace naturel sensible : le sentier sous-marin de l\u2019Hermitage (2024-2025)<\/a><time datetime=\"2025-02-11T11:32:35+04:00\" class=\"wp-block-latest-posts__post-date\">11 f\u00e9vrier 2025<\/time><div class=\"wp-block-latest-posts__post-excerpt\">Comme chaque ann\u00e9e, nos \u00e9l\u00e8ves de sixi\u00e8me ont particip\u00e9 \u00e0 la d\u00e9couverte de l\u2019Espace Naturelle Sensible (ENS) du sentier sous-marin de l\u2019Hermitage. C\u2019est accompagn\u00e9 par les agents de la r\u00e9serve marine, de leurs professeurs d\u2019EPS et&#8230;<p class=\"continue-reading-button\"> <a class=\"continue-reading-link\" href=\"https:\/\/etab.ac-reunion.fr\/clg-bory-de-saint-vincent\/decouverte-dun-espace-naturel-sensible-le-sentier-sous-marin-de-lhermitage-2024-2025\/\">Voir plus<i class=\"crycon-right-dir\"><\/i><\/a><\/p><\/div><\/li>\n<\/ul>","protected":false},"excerpt":{"rendered":"<p>L\u2019Union Nationale du Sport Scolaire (UNSS) est la f\u00e9d\u00e9ration fran\u00e7aise de sport scolaire, elle est multi-sports et ouverte \u00e0 tous les coll\u00e9giens&nbsp; scolaris\u00e9s \u00e0 travers les associations sportives (AS). Digipads de l&rsquo;\u00e9quipe d&rsquo;EPS Plus d&rsquo;infos sur l&rsquo;AS badminton Autres Digipads Les derni\u00e8res actus de l&rsquo;EPS et de l&rsquo;UNSS<\/p>\n<p class=\"continue-reading-button\"> <a class=\"continue-reading-link\" href=\"https:\/\/etab.ac-reunion.fr\/clg-bory-de-saint-vincent\/la-vie-du-college\/epsetunss\/\">Voir plus<i class=\"crycon-right-dir\"><\/i><\/a><\/p>\n","protected":false},"author":20587,"featured_media":0,"parent":1672,"menu_order":0,"comment_status":"closed","ping_status":"closed","template":"templates\/template-onecolumn.php","meta":{"footnotes":"","_links_to":"","_links_to_target":""},"class_list":["post-1958","page","type-page","status-publish","hentry"],"_links":{"self":[{"href":"https:\/\/etab.ac-reunion.fr\/clg-bory-de-saint-vincent\/wp-json\/wp\/v2\/pages\/1958","targetHints":{"allow":["GET"]}}],"collection":[{"href":"https:\/\/etab.ac-reunion.fr\/clg-bory-de-saint-vincent\/wp-json\/wp\/v2\/pages"}],"about":[{"href":"https:\/\/etab.ac-reunion.fr\/clg-bory-de-saint-vincent\/wp-json\/wp\/v2\/types\/page"}],"author":[{"embeddable":true,"href":"https:\/\/etab.ac-reunion.fr\/clg-bory-de-saint-vincent\/wp-json\/wp\/v2\/users\/20587"}],"replies":[{"embeddable":true,"href":"https:\/\/etab.ac-reunion.fr\/clg-bory-de-saint-vincent\/wp-json\/wp\/v2\/comments?post=1958"}],"version-history":[{"count":23,"href":"https:\/\/etab.ac-reunion.fr\/clg-bory-de-saint-vincent\/wp-json\/wp\/v2\/pages\/1958\/revisions"}],"predecessor-version":[{"id":7734,"href":"https:\/\/etab.ac-reunion.fr\/clg-bory-de-saint-vincent\/wp-json\/wp\/v2\/pages\/1958\/revisions\/7734"}],"up":[{"embeddable":true,"href":"https:\/\/etab.ac-reunion.fr\/clg-bory-de-saint-vincent\/wp-json\/wp\/v2\/pages\/1672"}],"wp:attachment":[{"href":"https:\/\/etab.ac-reunion.fr\/clg-bory-de-saint-vincent\/wp-json\/wp\/v2\/media?parent=1958"}],"curies":[{"name":"wp","href":"https:\/\/api.w.org\/{rel}","templated":true}]}}