{"id":260,"date":"2013-11-08T21:21:23","date_gmt":"2013-11-08T17:21:23","guid":{"rendered":"http:\/\/college-bory-stvincent-tmp.ac-reunion.fr\/?page_id=260"},"modified":"2026-01-30T08:45:32","modified_gmt":"2026-01-30T04:45:32","slug":"contacts","status":"publish","type":"page","link":"https:\/\/etab.ac-reunion.fr\/clg-bory-de-saint-vincent\/contacts\/","title":{"rendered":"Contacts"},"content":{"rendered":"\n<div class=\"wp-block-columns is-layout-flex wp-container-core-columns-is-layout-9d6595d7 wp-block-columns-is-layout-flex\">\n<div class=\"wp-block-column is-layout-flow wp-block-column-is-layout-flow\" style=\"flex-basis:33.33%\">\n<h4 class=\"wp-block-heading\">Adresse<\/h4>\n\n\n\n<p>15 rue de la Marine<\/p>\n\n\n\n<p>97442 SAINT-PHILIPPE<\/p>\n\n\n\n<p>Code \u00e9tablissement : 9740468R<\/p>\n\n\n\n<p><a href=\"http:\/\/www.casud.re\/transport\/transport-urbain-st-philippe.html\" target=\"_blank\" rel=\"noreferrer noopener\">Cliquez-ici pour plus d&rsquo;infos sur les transports en commun du Sud<\/a><\/p>\n\n\n\n<h4 class=\"wp-block-heading\">T\u00e9l\u00e9phone<\/h4>\n\n\n\n<p>Fixe : +262 (0) 262 37 01 26<\/p>\n\n\n\n<p>Fax :+ 262 (0) 262 37 10 31<\/p>\n\n\n\n<h4 class=\"wp-block-heading\">Adresse mail<\/h4>\n\n\n\n<p>ce.9740468r@ac-reunion.fr<\/p>\n\n\n\n<h4 class=\"wp-block-heading\">Horaires d&rsquo;ouverture<\/h4>\n\n\n\n<p>Du lundi au vendredi de 7h55 \u00e0 16h30<\/p>\n\n\n\n<p>(sauf le mercredi jusqu&rsquo;\u00e0 11h55).<\/p>\n\n\n\n<p>Statut : Public \/ Demi-pension<\/p>\n<\/div>\n\n\n\n<div class=\"wp-block-column is-layout-flow wp-block-column-is-layout-flow\" style=\"flex-basis:66.66%\">\n<h2 class=\"wp-block-heading\">Plan d&rsquo;acc\u00e8s<\/h2>\n\n\n\n<figure class=\"wp-block-image size-full\"><img loading=\"lazy\" decoding=\"async\" width=\"1024\" height=\"652\" src=\"https:\/\/etab.ac-reunion.fr\/clg-bory-de-saint-vincent\/wp-content\/uploads\/sites\/28\/2022\/08\/Plan-acce\u0300s-colle\u0300ge.png\" alt=\"\" class=\"wp-image-4324\" srcset=\"https:\/\/etab.ac-reunion.fr\/clg-bory-de-saint-vincent\/wp-content\/uploads\/sites\/28\/2022\/08\/Plan-acce\u0300s-colle\u0300ge.png 1024w, https:\/\/etab.ac-reunion.fr\/clg-bory-de-saint-vincent\/wp-content\/uploads\/sites\/28\/2022\/08\/Plan-acce\u0300s-colle\u0300ge-300x191.png 300w, https:\/\/etab.ac-reunion.fr\/clg-bory-de-saint-vincent\/wp-content\/uploads\/sites\/28\/2022\/08\/Plan-acce\u0300s-colle\u0300ge-768x489.png 768w, https:\/\/etab.ac-reunion.fr\/clg-bory-de-saint-vincent\/wp-content\/uploads\/sites\/28\/2022\/08\/Plan-acce\u0300s-colle\u0300ge-150x96.png 150w\" sizes=\"auto, (max-width: 1024px) 100vw, 1024px\" \/><\/figure>\n\n\n\n<br><small><a href=\"https:\/\/www.openstreetmap.org\/#map=18\/-21.36163\/55.76875\">Afficher une carte plus grande<\/a><\/small>\n<\/div>\n<\/div>\n","protected":false},"excerpt":{"rendered":"<p>Adresse 15 rue de la Marine 97442 SAINT-PHILIPPE Code \u00e9tablissement : 9740468R Cliquez-ici pour plus d&rsquo;infos sur les transports en commun du Sud T\u00e9l\u00e9phone Fixe : +262 (0) 262 37 01 26 Fax :+ 262 (0) 262 37 10 31 Adresse mail ce.9740468r@ac-reunion.fr Horaires d&rsquo;ouverture Du lundi au vendredi de&#8230;<\/p>\n<p class=\"continue-reading-button\"> <a class=\"continue-reading-link\" href=\"https:\/\/etab.ac-reunion.fr\/clg-bory-de-saint-vincent\/contacts\/\">Voir plus<i class=\"crycon-right-dir\"><\/i><\/a><\/p>\n","protected":false},"author":13599,"featured_media":0,"parent":0,"menu_order":0,"comment_status":"closed","ping_status":"closed","template":"templates\/template-onecolumn.php","meta":{"footnotes":"","_links_to":"","_links_to_target":""},"class_list":["post-260","page","type-page","status-publish","hentry"],"_links":{"self":[{"href":"https:\/\/etab.ac-reunion.fr\/clg-bory-de-saint-vincent\/wp-json\/wp\/v2\/pages\/260","targetHints":{"allow":["GET"]}}],"collection":[{"href":"https:\/\/etab.ac-reunion.fr\/clg-bory-de-saint-vincent\/wp-json\/wp\/v2\/pages"}],"about":[{"href":"https:\/\/etab.ac-reunion.fr\/clg-bory-de-saint-vincent\/wp-json\/wp\/v2\/types\/page"}],"author":[{"embeddable":true,"href":"https:\/\/etab.ac-reunion.fr\/clg-bory-de-saint-vincent\/wp-json\/wp\/v2\/users\/13599"}],"replies":[{"embeddable":true,"href":"https:\/\/etab.ac-reunion.fr\/clg-bory-de-saint-vincent\/wp-json\/wp\/v2\/comments?post=260"}],"version-history":[{"count":12,"href":"https:\/\/etab.ac-reunion.fr\/clg-bory-de-saint-vincent\/wp-json\/wp\/v2\/pages\/260\/revisions"}],"predecessor-version":[{"id":7685,"href":"https:\/\/etab.ac-reunion.fr\/clg-bory-de-saint-vincent\/wp-json\/wp\/v2\/pages\/260\/revisions\/7685"}],"wp:attachment":[{"href":"https:\/\/etab.ac-reunion.fr\/clg-bory-de-saint-vincent\/wp-json\/wp\/v2\/media?parent=260"}],"curies":[{"name":"wp","href":"https:\/\/api.w.org\/{rel}","templated":true}]}}