{"id":5069,"date":"2023-06-05T15:25:52","date_gmt":"2023-06-05T11:25:52","guid":{"rendered":"https:\/\/etab.ac-reunion.fr\/clg-bory-de-saint-vincent\/?page_id=5069"},"modified":"2023-06-05T15:26:16","modified_gmt":"2023-06-05T11:26:16","slug":"educonnect","status":"publish","type":"page","link":"https:\/\/etab.ac-reunion.fr\/clg-bory-de-saint-vincent\/infos-pratiques\/educonnect\/","title":{"rendered":"EduConnect"},"content":{"rendered":"\n<p id=\"block-7fc6f362-8c27-4bd4-b542-9f09371b10b1\">EduConnect s&rsquo;adresse \u00e0 tous les responsables l\u00e9gaux de tous les \u00e9l\u00e8ves pour leur permettre d\u2019acc\u00e9der aux services en ligne li\u00e9s \u00e0 l&rsquo;\u00e9ducation (bourses, notes, livret scolaire unique, espace num\u00e9rique de travail&#8230;).<\/p>\n\n\n<div class=\"wp-block-image\">\n<figure class=\"aligncenter size-large\"><img loading=\"lazy\" decoding=\"async\" width=\"724\" height=\"1024\" src=\"https:\/\/etab.ac-reunion.fr\/clg-bory-de-saint-vincent\/wp-content\/uploads\/sites\/28\/2022\/09\/EduConnect-a\u0300-quoi-c\u0327a-sert-724x1024.jpg\" alt=\"\" class=\"wp-image-4393\" srcset=\"https:\/\/etab.ac-reunion.fr\/clg-bory-de-saint-vincent\/wp-content\/uploads\/sites\/28\/2022\/09\/EduConnect-a\u0300-quoi-c\u0327a-sert-724x1024.jpg 724w, https:\/\/etab.ac-reunion.fr\/clg-bory-de-saint-vincent\/wp-content\/uploads\/sites\/28\/2022\/09\/EduConnect-a\u0300-quoi-c\u0327a-sert-212x300.jpg 212w, https:\/\/etab.ac-reunion.fr\/clg-bory-de-saint-vincent\/wp-content\/uploads\/sites\/28\/2022\/09\/EduConnect-a\u0300-quoi-c\u0327a-sert-768x1086.jpg 768w, https:\/\/etab.ac-reunion.fr\/clg-bory-de-saint-vincent\/wp-content\/uploads\/sites\/28\/2022\/09\/EduConnect-a\u0300-quoi-c\u0327a-sert-1086x1536.jpg 1086w, https:\/\/etab.ac-reunion.fr\/clg-bory-de-saint-vincent\/wp-content\/uploads\/sites\/28\/2022\/09\/EduConnect-a\u0300-quoi-c\u0327a-sert-106x150.jpg 106w, https:\/\/etab.ac-reunion.fr\/clg-bory-de-saint-vincent\/wp-content\/uploads\/sites\/28\/2022\/09\/EduConnect-a\u0300-quoi-c\u0327a-sert.jpg 1240w\" sizes=\"auto, (max-width: 724px) 100vw, 724px\" \/><\/figure>\n<\/div>\n\n\n<div style=\"height:15px\" aria-hidden=\"true\" class=\"wp-block-spacer\"><\/div>\n\n\n\n<div class=\"wp-block-buttons is-content-justification-center is-layout-flex wp-container-core-buttons-is-layout-16018d1d wp-block-buttons-is-layout-flex\">\n<div class=\"wp-block-button\"><a class=\"wp-block-button__link has-black-color has-light-green-cyan-background-color has-text-color has-background wp-element-button\" href=\"https:\/\/www.ac-reunion.fr\/assistance-educonnect\" target=\"_blank\" rel=\"noreferrer noopener\">Guide pas \u00e0 pas en ligne<\/a><\/div>\n\n\n\n<div class=\"wp-block-button\"><a class=\"wp-block-button__link has-black-color has-pale-cyan-blue-background-color has-text-color has-background wp-element-button\" href=\"https:\/\/etab.ac-reunion.fr\/clg-bory-de-saint-vincent\/wp-content\/uploads\/sites\/28\/2022\/09\/Educonnect-parents-Mode-demploi.pdf\" target=\"_blank\" rel=\"noreferrer noopener\">Mode d&#8217;emploi en PDF<\/a><\/div>\n<\/div>\n","protected":false},"excerpt":{"rendered":"<p>EduConnect s&rsquo;adresse \u00e0 tous les responsables l\u00e9gaux de tous les \u00e9l\u00e8ves pour leur permettre d\u2019acc\u00e9der aux services en ligne li\u00e9s \u00e0 l&rsquo;\u00e9ducation (bourses, notes, livret scolaire unique, espace num\u00e9rique de travail&#8230;).<\/p>\n<p class=\"continue-reading-button\"> <a class=\"continue-reading-link\" href=\"https:\/\/etab.ac-reunion.fr\/clg-bory-de-saint-vincent\/infos-pratiques\/educonnect\/\">Voir plus<i class=\"crycon-right-dir\"><\/i><\/a><\/p>\n","protected":false},"author":20587,"featured_media":0,"parent":1631,"menu_order":0,"comment_status":"closed","ping_status":"closed","template":"","meta":{"footnotes":"","_links_to":"","_links_to_target":""},"class_list":["post-5069","page","type-page","status-publish","hentry"],"_links":{"self":[{"href":"https:\/\/etab.ac-reunion.fr\/clg-bory-de-saint-vincent\/wp-json\/wp\/v2\/pages\/5069","targetHints":{"allow":["GET"]}}],"collection":[{"href":"https:\/\/etab.ac-reunion.fr\/clg-bory-de-saint-vincent\/wp-json\/wp\/v2\/pages"}],"about":[{"href":"https:\/\/etab.ac-reunion.fr\/clg-bory-de-saint-vincent\/wp-json\/wp\/v2\/types\/page"}],"author":[{"embeddable":true,"href":"https:\/\/etab.ac-reunion.fr\/clg-bory-de-saint-vincent\/wp-json\/wp\/v2\/users\/20587"}],"replies":[{"embeddable":true,"href":"https:\/\/etab.ac-reunion.fr\/clg-bory-de-saint-vincent\/wp-json\/wp\/v2\/comments?post=5069"}],"version-history":[{"count":1,"href":"https:\/\/etab.ac-reunion.fr\/clg-bory-de-saint-vincent\/wp-json\/wp\/v2\/pages\/5069\/revisions"}],"predecessor-version":[{"id":5073,"href":"https:\/\/etab.ac-reunion.fr\/clg-bory-de-saint-vincent\/wp-json\/wp\/v2\/pages\/5069\/revisions\/5073"}],"up":[{"embeddable":true,"href":"https:\/\/etab.ac-reunion.fr\/clg-bory-de-saint-vincent\/wp-json\/wp\/v2\/pages\/1631"}],"wp:attachment":[{"href":"https:\/\/etab.ac-reunion.fr\/clg-bory-de-saint-vincent\/wp-json\/wp\/v2\/media?parent=5069"}],"curies":[{"name":"wp","href":"https:\/\/api.w.org\/{rel}","templated":true}]}}