{"id":56,"date":"2013-08-12T19:49:46","date_gmt":"2013-08-12T15:49:46","guid":{"rendered":"http:\/\/college-bourbon-tmp.ac-reunion.fr\/?page_id=56"},"modified":"2024-11-20T09:15:27","modified_gmt":"2024-11-20T05:15:27","slug":"restauration","status":"publish","type":"page","link":"https:\/\/etab.ac-reunion.fr\/clg-bourbon\/restauration\/","title":{"rendered":"Espace de restauration"},"content":{"rendered":"[et_pb_section fb_built=\u00a0\u00bb1&Prime; _builder_version=\u00a0\u00bb4.27.2&Prime; _module_preset=\u00a0\u00bbdefault\u00a0\u00bb background_image=\u00a0\u00bbhttps:\/\/etab.ac-reunion.fr\/clg-bourbon\/wp-content\/uploads\/sites\/10\/2024\/09\/Beige-Scrapbook-Art-and-History-Museum-Infographic.jpg\u00a0\u00bb custom_padding=\u00a0\u00bb15px|35px|15px|35px|true|true\u00a0\u00bb box_shadow_style=\u00a0\u00bbpreset3&Prime; box_shadow_color=\u00a0\u00bb#e8b48f\u00a0\u00bb global_colors_info=\u00a0\u00bb{}\u00a0\u00bb][et_pb_row _builder_version=\u00a0\u00bb4.27.0&Prime; _module_preset=\u00a0\u00bbdefault\u00a0\u00bb global_colors_info=\u00a0\u00bb{}\u00a0\u00bb][et_pb_column type=\u00a0\u00bb4_4&Prime; _builder_version=\u00a0\u00bb4.27.0&Prime; _module_preset=\u00a0\u00bbdefault\u00a0\u00bb global_colors_info=\u00a0\u00bb{}\u00a0\u00bb][et_pb_text _builder_version=\u00a0\u00bb4.27.0&Prime; _module_preset=\u00a0\u00bbdefault\u00a0\u00bb header_font=\u00a0\u00bbArima|700|||||||\u00a0\u00bb header_font_size=\u00a0\u00bb40px\u00a0\u00bb global_colors_info=\u00a0\u00bb{}\u00a0\u00bb]\n<h1 style=\"text-align: center\">La restauration<\/h1>\n[\/et_pb_text][\/et_pb_column][\/et_pb_row][\/et_pb_section][et_pb_section fb_built=\u00a0\u00bb1&Prime; _builder_version=\u00a0\u00bb4.27.0&Prime; _module_preset=\u00a0\u00bbdefault\u00a0\u00bb background_image=\u00a0\u00bbhttps:\/\/etab.ac-reunion.fr\/clg-bourbon\/wp-content\/uploads\/sites\/10\/2024\/09\/fond-restauration-1-scaled.jpg\u00a0\u00bb parallax=\u00a0\u00bbon\u00a0\u00bb parallax_method=\u00a0\u00bboff\u00a0\u00bb custom_padding=\u00a0\u00bb6px|||||\u00a0\u00bb global_colors_info=\u00a0\u00bb{}\u00a0\u00bb][et_pb_row column_structure=\u00a0\u00bb3_5,2_5&Prime; _builder_version=\u00a0\u00bb4.27.0&Prime; _module_preset=\u00a0\u00bbdefault\u00a0\u00bb custom_margin=\u00a0\u00bb28px|auto||auto||\u00a0\u00bb custom_padding=\u00a0\u00bb17px|||||\u00a0\u00bb global_colors_info=\u00a0\u00bb{}\u00a0\u00bb][et_pb_column type=\u00a0\u00bb3_5&Prime; _builder_version=\u00a0\u00bb4.27.0&Prime; _module_preset=\u00a0\u00bbdefault\u00a0\u00bb global_colors_info=\u00a0\u00bb{}\u00a0\u00bb][et_pb_text _builder_version=\u00a0\u00bb4.27.3&Prime; text_font=\u00a0\u00bbArima|600|||||||\u00a0\u00bb text_font_size=\u00a0\u00bb18px\u00a0\u00bb header_font=\u00a0\u00bbArima|700|||||||\u00a0\u00bb header_font_size=\u00a0\u00bb33px\u00a0\u00bb header_2_font=\u00a0\u00bbArima|700|||||||\u00a0\u00bb header_2_text_align=\u00a0\u00bbcenter\u00a0\u00bb background_color=\u00a0\u00bb#ffffff\u00a0\u00bb module_alignment=\u00a0\u00bbcenter\u00a0\u00bb custom_padding=\u00a0\u00bb30px|10px|30px|10px|true|true\u00a0\u00bb animation_style=\u00a0\u00bbfade\u00a0\u00bb animation_direction=\u00a0\u00bbleft\u00a0\u00bb animation_duration=\u00a0\u00bb1300ms\u00a0\u00bb hover_enabled=\u00a0\u00bb0&Prime; header_font_size_tablet=\u00a0\u00bb33px\u00a0\u00bb header_font_size_phone=\u00a0\u00bb33px\u00a0\u00bb header_font_size_last_edited=\u00a0\u00bbon|phone\u00a0\u00bb header_3_font_size_tablet=\u00a0\u00bb\u00a0\u00bb header_3_font_size_phone=\u00a0\u00bb23px\u00a0\u00bb header_3_font_size_last_edited=\u00a0\u00bbon|phone\u00a0\u00bb border_radii=\u00a0\u00bbon|25px|25px|25px|25px\u00a0\u00bb border_width_all=\u00a0\u00bb1px\u00a0\u00bb border_color_all=\u00a0\u00bb#edb44b\u00a0\u00bb box_shadow_style=\u00a0\u00bbpreset1&Prime; box_shadow_color=\u00a0\u00bb#FF8356&Prime; global_colors_info=\u00a0\u00bb{}\u00a0\u00bb sticky_enabled=\u00a0\u00bb0&Prime;]\n<h1 style=\"text-align: center\">Prix des repas<\/h1>\n<p>&nbsp;<\/p>\n<h3 style=\"font-weight: 400;text-align: center\"><strong>Forfait demi-pension \u00e9l\u00e8ve<\/strong><\/h3>\n<p><strong><\/strong><\/p>\n<p style=\"text-align: center\">&#8211; P\u00e9riode Ao\u00fbt \u00e0 D\u00e9cembre 2018 : 145,23\u20ac<\/p>\n<p style=\"text-align: center\">&#8211; Tarif \u00e9l\u00e8ve (\u00e0 l&rsquo;unit\u00e9) : 4,10 le repas, soit 41\u20ac les 10 repas<\/p>\n<p style=\"text-align: center\">&#8211; Tarif \u00e9l\u00e8ve (au carnet) : 4,10\u20ac le repas, soit 41\u20ac le carnet de 10 repas<\/p>\n<p style=\"text-align: center\">Tarif applicable au 01\/01\/2019 selon d\u00e9cision de la commission permanente du CD n\u00b03285<br \/>en date du 31 octobre 2018 compl\u00e9t\u00e9 par la note du 31\/10\/2018 &#8211; pour information du Conseil d&rsquo;administration<\/p>\n<p style=\"text-align: center\">\n<h3 style=\"text-align: center\"><strong>Forfait demi-pension commensaux<\/strong><strong><\/strong><\/h3>\n<p><strong><\/strong><\/p>\n<p style=\"text-align: center\">&#8211; commensaux 1 (personnels pr\u00e9caire) : 38,50\u20ac le carnet de 10 repas<\/p>\n<p style=\"text-align: center\">&#8211; commensaux 2 (personnels de cat\u00e9gorie C et B) : 39.50\u20ac le carnet de 10 repas<\/p>\n<p style=\"text-align: center\">&#8211; commensaux 3\u00a0 (personnels de cat\u00e9gorie A ) : 43,00\u20ac le carnet de 10 repas<\/p>\n<p style=\"text-align: center\">&#8211; commensaux 4 (h\u00f4tes de passage) : 6,00\u20ac l&rsquo;unit\u00e9, soit 60\u20ac le carnet de 10 repas<a href=\"https:\/\/etab.ac-reunion.fr\/clg-bourbon\/wp-content\/uploads\/sites\/10\/2019\/02\/Notice-de-paiement-familles-BOURBON-site-internet.pdf\"><\/a><\/p>\n[\/et_pb_text][et_pb_button button_url=\u00a0\u00bbhttps:\/\/etab.ac-reunion.fr\/clg-bourbon\/wp-content\/uploads\/sites\/10\/2019\/02\/Notice-de-paiement-familles-BOURBON-site-internet.pdf\u00a0\u00bb button_text=\u00a0\u00bbComment payer en ligne la demi-pension ? \u00a0\u00bb button_alignment=\u00a0\u00bbcenter\u00a0\u00bb _builder_version=\u00a0\u00bb4.27.2&Prime; _module_preset=\u00a0\u00bbdefault\u00a0\u00bb custom_button=\u00a0\u00bbon\u00a0\u00bb button_text_size=\u00a0\u00bb20px\u00a0\u00bb button_text_color=\u00a0\u00bb#FF8356&Prime; button_bg_color=\u00a0\u00bb#FFFFFF\u00a0\u00bb button_border_width=\u00a0\u00bb2px\u00a0\u00bb button_font=\u00a0\u00bbArima|600|||||||\u00a0\u00bb animation_style=\u00a0\u00bbslide\u00a0\u00bb animation_duration=\u00a0\u00bb1400ms\u00a0\u00bb animation_starting_opacity=\u00a0\u00bb23%\u00a0\u00bb box_shadow_style=\u00a0\u00bbpreset2&Prime; box_shadow_color=\u00a0\u00bb#ffccbc\u00a0\u00bb global_colors_info=\u00a0\u00bb{}\u00a0\u00bb box_shadow_horizontal__hover_enabled=\u00a0\u00bbon|hover\u00a0\u00bb box_shadow_horizontal__hover=\u00a0\u00bb0px\u00a0\u00bb][\/et_pb_button][\/et_pb_column][et_pb_column type=\u00a0\u00bb2_5&Prime; _builder_version=\u00a0\u00bb4.27.0&Prime; _module_preset=\u00a0\u00bbdefault\u00a0\u00bb global_colors_info=\u00a0\u00bb{}\u00a0\u00bb][et_pb_text _builder_version=\u00a0\u00bb4.27.3&Prime; _module_preset=\u00a0\u00bbdefault\u00a0\u00bb header_font=\u00a0\u00bbArima|700|||||||\u00a0\u00bb header_text_align=\u00a0\u00bbcenter\u00a0\u00bb header_font_size=\u00a0\u00bb35px\u00a0\u00bb header_3_font=\u00a0\u00bbArima|500|||||||\u00a0\u00bb background_color=\u00a0\u00bb#FFFFFF\u00a0\u00bb text_orientation=\u00a0\u00bbcenter\u00a0\u00bb module_alignment=\u00a0\u00bbcenter\u00a0\u00bb custom_padding=\u00a0\u00bb15px|15px|15px|15px|true|true\u00a0\u00bb animation_style=\u00a0\u00bbslide\u00a0\u00bb animation_direction=\u00a0\u00bbright\u00a0\u00bb animation_duration=\u00a0\u00bb1350ms\u00a0\u00bb animation_intensity_slide=\u00a0\u00bb60%\u00a0\u00bb hover_enabled=\u00a0\u00bb0&Prime; border_radii=\u00a0\u00bbon|25px|25px|25px|25px\u00a0\u00bb box_shadow_style=\u00a0\u00bbpreset1&Prime; box_shadow_color=\u00a0\u00bb#FF8356&Prime; global_colors_info=\u00a0\u00bb{}\u00a0\u00bb sticky_enabled=\u00a0\u00bb0&Prime;]\n<h1 style=\"text-align: center\"><\/h1>\n<h1 style=\"text-align: center\">\u00ab\u00a0Stop au gaspillage alimentaire !\u00a0\u00bb<\/h1>\n<p>&nbsp;<\/p>\n<h3 style=\"text-align: center\">\u00c0 l\u2019occasion de la Journ\u00e9e mondiale de l\u2019alimentation, le 16 octobre, et face aux enjeux \u00e9conomiques, sociaux, environnementaux et climatiques de la lutte contre le gaspillage alimentaire, le minist\u00e8re de l&rsquo;Agriculture, de la Souverainet\u00e9 alimentaire et de la For\u00eat lance une nouvelle campagne<span style=\"text-decoration: underline;color: #a86400\"><a href=\"https:\/\/agriculture.gouv.fr\/kit-communication-stop-gaspillage-alimentaire\" target=\"_blank\" rel=\"noopener\" style=\"color: #a86400;text-decoration: underline\"> <strong>\u00ab STOP au gaspillage alimentaire \u00bb<\/strong><\/a><\/span>.<\/h3>\n<p>&nbsp;<\/p>\n<h3 style=\"text-align: center\"><strong>Cette nouvelle campagne,<\/strong> qui entend sensibiliser \u00e0 la fois les enfants et leurs parents mais aussi les jeunes par son c\u00f4t\u00e9 ludique, a pour objectif de partager des leviers d\u2019action simples pour<strong> r\u00e9duire le gaspillage alimentaire :<\/strong> meilleure interpr\u00e9tation et gestion des dates de consommation, achats en quantit\u00e9 adapt\u00e9e, bonne conservation des aliments, pr\u00e9paration de denr\u00e9es en quantit\u00e9 adapt\u00e9e, valorisation des restes, etc.<\/h3>\n[\/et_pb_text][et_pb_video src_webm=\u00a0\u00bbhttps:\/\/etab.ac-reunion.fr\/clg-bourbon\/wp-content\/uploads\/sites\/10\/2024\/10\/Master-StopGaspillage_H.mp4&Prime; _builder_version=\u00a0\u00bb4.27.2&Prime; _module_preset=\u00a0\u00bbdefault\u00a0\u00bb box_shadow_style=\u00a0\u00bbpreset1&Prime; box_shadow_color=\u00a0\u00bb#ff9775&Prime; global_colors_info=\u00a0\u00bb{}\u00a0\u00bb][\/et_pb_video][\/et_pb_column][\/et_pb_row][\/et_pb_section]\n","protected":false},"excerpt":{"rendered":"<p>La restaurationPrix des repas &nbsp; Forfait demi-pension \u00e9l\u00e8ve &#8211; P\u00e9riode Ao\u00fbt \u00e0 D\u00e9cembre 2018 : 145,23\u20ac &#8211; Tarif \u00e9l\u00e8ve (\u00e0 l&rsquo;unit\u00e9) : 4,10 le repas, soit 41\u20ac les 10 repas &#8211; Tarif \u00e9l\u00e8ve (au carnet) : 4,10\u20ac le repas, soit 41\u20ac le carnet de 10 repas Tarif applicable au 01\/01\/2019 selon d\u00e9cision de la commission [&hellip;]<\/p>\n","protected":false},"author":19,"featured_media":0,"parent":0,"menu_order":0,"comment_status":"closed","ping_status":"open","template":"","meta":{"_et_pb_use_builder":"on","_et_pb_old_content":"","_et_gb_content_width":"","footnotes":""},"class_list":["post-56","page","type-page","status-publish","hentry"],"_links":{"self":[{"href":"https:\/\/etab.ac-reunion.fr\/clg-bourbon\/wp-json\/wp\/v2\/pages\/56","targetHints":{"allow":["GET"]}}],"collection":[{"href":"https:\/\/etab.ac-reunion.fr\/clg-bourbon\/wp-json\/wp\/v2\/pages"}],"about":[{"href":"https:\/\/etab.ac-reunion.fr\/clg-bourbon\/wp-json\/wp\/v2\/types\/page"}],"author":[{"embeddable":true,"href":"https:\/\/etab.ac-reunion.fr\/clg-bourbon\/wp-json\/wp\/v2\/users\/19"}],"replies":[{"embeddable":true,"href":"https:\/\/etab.ac-reunion.fr\/clg-bourbon\/wp-json\/wp\/v2\/comments?post=56"}],"version-history":[{"count":46,"href":"https:\/\/etab.ac-reunion.fr\/clg-bourbon\/wp-json\/wp\/v2\/pages\/56\/revisions"}],"predecessor-version":[{"id":14289,"href":"https:\/\/etab.ac-reunion.fr\/clg-bourbon\/wp-json\/wp\/v2\/pages\/56\/revisions\/14289"}],"wp:attachment":[{"href":"https:\/\/etab.ac-reunion.fr\/clg-bourbon\/wp-json\/wp\/v2\/media?parent=56"}],"curies":[{"name":"wp","href":"https:\/\/api.w.org\/{rel}","templated":true}]}}