{"id":3801,"date":"2025-04-13T20:33:05","date_gmt":"2025-04-13T16:33:05","guid":{"rendered":"https:\/\/etab.ac-reunion.fr\/clg-celimene-gaudieux\/?page_id=3801"},"modified":"2025-04-13T20:35:22","modified_gmt":"2025-04-13T16:35:22","slug":"la-securite-routiere-au-college","status":"publish","type":"page","link":"https:\/\/etab.ac-reunion.fr\/clg-celimene-gaudieux\/la-securite-routiere-au-college\/","title":{"rendered":"La s\u00e9curit\u00e9 routi\u00e8re au coll\u00e8ge"},"content":{"rendered":"\n<div class=\"wp-block-media-text has-media-on-the-right is-stacked-on-mobile\" style=\"grid-template-columns:auto 59%\"><div class=\"wp-block-media-text__content\">\n<p>Chaque ann\u00e9e scolaire en avril, des intervenants animent des ateliers au cours d&rsquo;une journ\u00e9e \u00e0 destination de nos \u00e9l\u00e8ves et afin de les sensibiliser aux diff\u00e9rents risques li\u00e9s \u00e0 la s\u00e9curit\u00e9 routi\u00e8re mais aussi aux bonnes attitudes \u00e0 adopter. <br>Les coll\u00e9giens d&rsquo;aujourd&rsquo;hui sont les citoyens de demain&#8230;<\/p>\n\n\n\n<p><\/p>\n<\/div><figure class=\"wp-block-media-text__media\"><img loading=\"lazy\" decoding=\"async\" width=\"302\" height=\"167\" src=\"https:\/\/etab.ac-reunion.fr\/clg-celimene-gaudieux\/wp-content\/uploads\/sites\/121\/2025\/04\/telechargement-3.jpg\" alt=\"\" class=\"wp-image-3806 size-full\" srcset=\"https:\/\/etab.ac-reunion.fr\/clg-celimene-gaudieux\/wp-content\/uploads\/sites\/121\/2025\/04\/telechargement-3.jpg 302w, https:\/\/etab.ac-reunion.fr\/clg-celimene-gaudieux\/wp-content\/uploads\/sites\/121\/2025\/04\/telechargement-3-300x166.jpg 300w, https:\/\/etab.ac-reunion.fr\/clg-celimene-gaudieux\/wp-content\/uploads\/sites\/121\/2025\/04\/telechargement-3-150x83.jpg 150w\" sizes=\"auto, (max-width: 302px) 100vw, 302px\" \/><\/figure><\/div>\n\n\n\n<p><\/p>\n","protected":false},"excerpt":{"rendered":"<p>Chaque ann\u00e9e scolaire en avril, des intervenants animent des ateliers au cours d&rsquo;une journ\u00e9e \u00e0 destination de nos \u00e9l\u00e8ves et afin de les sensibiliser aux diff\u00e9rents risques li\u00e9s \u00e0 la s\u00e9curit\u00e9 routi\u00e8re mais aussi aux bonnes attitudes \u00e0 adopter. Les coll\u00e9giens d&rsquo;aujourd&rsquo;hui sont les citoyens de demain&#8230;<\/p>\n<p> <a class=\"continue-reading-link\" href=\"https:\/\/etab.ac-reunion.fr\/clg-celimene-gaudieux\/la-securite-routiere-au-college\/\"><span>Lire la suite<\/span><i class=\"crycon-right-dir\"><\/i><\/a> <\/p>\n","protected":false},"author":36186,"featured_media":0,"parent":0,"menu_order":0,"comment_status":"closed","ping_status":"closed","template":"","meta":{"footnotes":""},"class_list":["post-3801","page","type-page","status-publish","hentry"],"_links":{"self":[{"href":"https:\/\/etab.ac-reunion.fr\/clg-celimene-gaudieux\/wp-json\/wp\/v2\/pages\/3801","targetHints":{"allow":["GET"]}}],"collection":[{"href":"https:\/\/etab.ac-reunion.fr\/clg-celimene-gaudieux\/wp-json\/wp\/v2\/pages"}],"about":[{"href":"https:\/\/etab.ac-reunion.fr\/clg-celimene-gaudieux\/wp-json\/wp\/v2\/types\/page"}],"author":[{"embeddable":true,"href":"https:\/\/etab.ac-reunion.fr\/clg-celimene-gaudieux\/wp-json\/wp\/v2\/users\/36186"}],"replies":[{"embeddable":true,"href":"https:\/\/etab.ac-reunion.fr\/clg-celimene-gaudieux\/wp-json\/wp\/v2\/comments?post=3801"}],"version-history":[{"count":3,"href":"https:\/\/etab.ac-reunion.fr\/clg-celimene-gaudieux\/wp-json\/wp\/v2\/pages\/3801\/revisions"}],"predecessor-version":[{"id":3809,"href":"https:\/\/etab.ac-reunion.fr\/clg-celimene-gaudieux\/wp-json\/wp\/v2\/pages\/3801\/revisions\/3809"}],"wp:attachment":[{"href":"https:\/\/etab.ac-reunion.fr\/clg-celimene-gaudieux\/wp-json\/wp\/v2\/media?parent=3801"}],"curies":[{"name":"wp","href":"https:\/\/api.w.org\/{rel}","templated":true}]}}