{"id":2682,"date":"2022-09-29T09:34:22","date_gmt":"2022-09-29T05:34:22","guid":{"rendered":"https:\/\/etab.ac-reunion.fr\/clg-chemin-morin\/?page_id=2682"},"modified":"2022-09-30T10:47:34","modified_gmt":"2022-09-30T06:47:34","slug":"arts-plastiques-2","status":"publish","type":"page","link":"https:\/\/etab.ac-reunion.fr\/clg-chemin-morin\/arts-plastiques-2\/","title":{"rendered":"ARTS PLASTIQUES"},"content":{"rendered":"[et_pb_section fb_built=\u00a0\u00bb1&Prime; _builder_version=\u00a0\u00bb4.18.0&Prime; _module_preset=\u00a0\u00bbdefault\u00a0\u00bb global_colors_info=\u00a0\u00bb{}\u00a0\u00bb][et_pb_row _builder_version=\u00a0\u00bb4.18.0&Prime; _module_preset=\u00a0\u00bbdefault\u00a0\u00bb background_image=\u00a0\u00bbhttps:\/\/etab.ac-reunion.fr\/clg-chemin-morin\/wp-content\/uploads\/sites\/38\/2022\/09\/thicket-maya-dunietz_preview-1.jpeg\u00a0\u00bb min_height=\u00a0\u00bb302.8px\u00a0\u00bb custom_margin=\u00a0\u00bb|auto|57px|auto||\u00a0\u00bb custom_padding=\u00a0\u00bb||103px|||\u00a0\u00bb global_colors_info=\u00a0\u00bb{}\u00a0\u00bb][et_pb_column type=\u00a0\u00bb4_4&Prime; _builder_version=\u00a0\u00bb4.18.0&Prime; _module_preset=\u00a0\u00bbdefault\u00a0\u00bb global_colors_info=\u00a0\u00bb{}\u00a0\u00bb][et_pb_text _builder_version=\u00a0\u00bb4.18.0&Prime; _module_preset=\u00a0\u00bbdefault\u00a0\u00bb text_text_color=\u00a0\u00bb#FFFFFF\u00a0\u00bb header_text_color=\u00a0\u00bb#FFFFFF\u00a0\u00bb custom_margin=\u00a0\u00bb97px||||false|false\u00a0\u00bb global_colors_info=\u00a0\u00bb{}\u00a0\u00bb]\n<h1 style=\"text-align: center\">ARTS PLASTIQUES<\/h1>\n<h5 style=\"text-align: center\"><span style=\"color: #ffffff\"><strong><em>\u00a0\u00bb L&rsquo;art ne reproduit pas le visible, il rend visible. \u00ab\u00a0<\/em><\/strong><\/span><\/h5>\n<h5 style=\"text-align: center\"><span style=\"color: #ffffff\"><strong><em>Paul KLEE<\/em><\/strong><\/span><\/h5>\n[\/et_pb_text][\/et_pb_column][\/et_pb_row][et_pb_row column_structure=\u00a0\u00bb2_5,3_5&Prime; _builder_version=\u00a0\u00bb4.18.0&Prime; _module_preset=\u00a0\u00bbdefault\u00a0\u00bb global_colors_info=\u00a0\u00bb{}\u00a0\u00bb][et_pb_column type=\u00a0\u00bb2_5&Prime; _builder_version=\u00a0\u00bb4.18.0&Prime; _module_preset=\u00a0\u00bbdefault\u00a0\u00bb global_colors_info=\u00a0\u00bb{}\u00a0\u00bb][et_pb_text _builder_version=\u00a0\u00bb4.18.0&Prime; _module_preset=\u00a0\u00bbdefault\u00a0\u00bb hover_enabled=\u00a0\u00bb0&Prime; global_colors_info=\u00a0\u00bb{}\u00a0\u00bb sticky_enabled=\u00a0\u00bb0&Prime;]\n<h1 style=\"text-align: justify\"><span style=\"color: #00ccff\"><strong><\/strong><\/span><\/h1>\n<h1 style=\"text-align: justify\"><span style=\"color: #00ccff\"><strong>Les Arts Plastiques c&rsquo;est quoi ?<\/strong><\/span><\/h1>\n<p style=\"text-align: justify\">Une mati\u00e8re qui regroupe plusieurs domaines artistiques ( peinture, dessin, sculpture, photographie, vid\u00e9o, cr\u00e9ation num\u00e9rique, architecture, &#8230;)<\/p>\n<p style=\"text-align: justify\">Une mati\u00e8re qui permet de donner forme \u00e0 une id\u00e9e, de la rendre visible, gr\u00e2ce \u00e0 un mat\u00e9riau , \u00e0 des outils.<\/p>\n<p style=\"text-align: justify\">Ici on cherchera \u00e0 :<\/p>\n<p style=\"text-align: justify\">&#8211; D\u00e9velopper chez les \u00e9l\u00e8ves une dynamique de questionnement .<\/p>\n<p style=\"text-align: justify\">&#8211; Stimuler et favoriser un int\u00e9r\u00eat pour la pratique.<\/p>\n<p style=\"text-align: justify\">&#8211; Faire acqu\u00e9rir un vocabulaire propre au champ des arts plastiques, ainsi que des r\u00e9f\u00e9rences artistiques.<\/p>\n<p style=\"text-align: justify\">&#8211; amener les \u00e9l\u00e8ves \u00e0 prendre en compte leur environnement artistique et culturel.<\/p>\n<p>&nbsp;<\/p>\n<p>&nbsp;<\/p>\n[\/et_pb_text][\/et_pb_column][et_pb_column type=\u00a0\u00bb3_5&Prime; _builder_version=\u00a0\u00bb4.18.0&Prime; _module_preset=\u00a0\u00bbdefault\u00a0\u00bb global_colors_info=\u00a0\u00bb{}\u00a0\u00bb][et_pb_gallery gallery_ids=\u00a0\u00bb2692,2701,2693,2694,2696,2700,2699&Prime; posts_number=\u00a0\u00bb6&Prime; show_title_and_caption=\u00a0\u00bboff\u00a0\u00bb show_pagination=\u00a0\u00bboff\u00a0\u00bb _builder_version=\u00a0\u00bb4.18.0&Prime; _module_preset=\u00a0\u00bbdefault\u00a0\u00bb hover_enabled=\u00a0\u00bb0&Prime; global_colors_info=\u00a0\u00bb{}\u00a0\u00bb sticky_enabled=\u00a0\u00bb0&Prime;][\/et_pb_gallery][\/et_pb_column][\/et_pb_row][\/et_pb_section]\n","protected":false},"excerpt":{"rendered":"<p>ARTS PLASTIQUES \u00a0\u00bb L&rsquo;art ne reproduit pas le visible, il rend visible. \u00a0\u00bb Paul KLEE Les Arts Plastiques c&rsquo;est quoi ? Une mati\u00e8re qui regroupe plusieurs domaines artistiques ( peinture, [&hellip;]<\/p>\n","protected":false},"author":32292,"featured_media":0,"parent":0,"menu_order":0,"comment_status":"closed","ping_status":"closed","template":"","meta":{"_et_pb_use_builder":"on","_et_pb_old_content":"","_et_gb_content_width":"","_EventAllDay":false,"_EventTimezone":"","_EventStartDate":"","_EventEndDate":"","_EventStartDateUTC":"","_EventEndDateUTC":"","_EventShowMap":false,"_EventShowMapLink":false,"_EventURL":"","_EventCost":"","_EventCostDescription":"","_EventCurrencySymbol":"","_EventCurrencyCode":"","_EventCurrencyPosition":"","_EventDateTimeSeparator":"","_EventTimeRangeSeparator":"","_EventOrganizerID":[],"_EventVenueID":[],"_OrganizerEmail":"","_OrganizerPhone":"","_OrganizerWebsite":"","_VenueAddress":"","_VenueCity":"","_VenueCountry":"","_VenueProvince":"","_VenueState":"","_VenueZip":"","_VenuePhone":"","_VenueURL":"","_VenueStateProvince":"","_VenueLat":"","_VenueLng":"","_VenueShowMap":false,"_VenueShowMapLink":false,"footnotes":"","_links_to":"","_links_to_target":""},"class_list":["post-2682","page","type-page","status-publish","hentry"],"_links":{"self":[{"href":"https:\/\/etab.ac-reunion.fr\/clg-chemin-morin\/wp-json\/wp\/v2\/pages\/2682","targetHints":{"allow":["GET"]}}],"collection":[{"href":"https:\/\/etab.ac-reunion.fr\/clg-chemin-morin\/wp-json\/wp\/v2\/pages"}],"about":[{"href":"https:\/\/etab.ac-reunion.fr\/clg-chemin-morin\/wp-json\/wp\/v2\/types\/page"}],"author":[{"embeddable":true,"href":"https:\/\/etab.ac-reunion.fr\/clg-chemin-morin\/wp-json\/wp\/v2\/users\/32292"}],"replies":[{"embeddable":true,"href":"https:\/\/etab.ac-reunion.fr\/clg-chemin-morin\/wp-json\/wp\/v2\/comments?post=2682"}],"version-history":[{"count":5,"href":"https:\/\/etab.ac-reunion.fr\/clg-chemin-morin\/wp-json\/wp\/v2\/pages\/2682\/revisions"}],"predecessor-version":[{"id":2702,"href":"https:\/\/etab.ac-reunion.fr\/clg-chemin-morin\/wp-json\/wp\/v2\/pages\/2682\/revisions\/2702"}],"wp:attachment":[{"href":"https:\/\/etab.ac-reunion.fr\/clg-chemin-morin\/wp-json\/wp\/v2\/media?parent=2682"}],"curies":[{"name":"wp","href":"https:\/\/api.w.org\/{rel}","templated":true}]}}