{"id":2761,"date":"2022-11-03T09:33:20","date_gmt":"2022-11-03T05:33:20","guid":{"rendered":"https:\/\/etab.ac-reunion.fr\/clg-chemin-morin\/?page_id=2761"},"modified":"2023-04-07T11:04:17","modified_gmt":"2023-04-07T07:04:17","slug":"sciences-de-la-vie-et-de-la-terre","status":"publish","type":"page","link":"https:\/\/etab.ac-reunion.fr\/clg-chemin-morin\/sciences-de-la-vie-et-de-la-terre\/","title":{"rendered":"Sciences de la Vie et de la Terre"},"content":{"rendered":"[et_pb_section fb_built=\u00a0\u00bb1&Prime; _builder_version=\u00a0\u00bb4.18.0&Prime; _module_preset=\u00a0\u00bbdefault\u00a0\u00bb global_colors_info=\u00a0\u00bb{}\u00a0\u00bb][et_pb_row _builder_version=\u00a0\u00bb4.18.0&Prime; _module_preset=\u00a0\u00bbdefault\u00a0\u00bb min_height=\u00a0\u00bb147.4px\u00a0\u00bb global_colors_info=\u00a0\u00bb{}\u00a0\u00bb][et_pb_column type=\u00a0\u00bb4_4&Prime; _builder_version=\u00a0\u00bb4.18.0&Prime; _module_preset=\u00a0\u00bbdefault\u00a0\u00bb global_colors_info=\u00a0\u00bb{}\u00a0\u00bb][et_pb_text _builder_version=\u00a0\u00bb4.18.0&Prime; _module_preset=\u00a0\u00bbdefault\u00a0\u00bb ul_font=\u00a0\u00bbABeeZee||||||||\u00a0\u00bb ul_text_align=\u00a0\u00bbcenter\u00a0\u00bb ul_text_color=\u00a0\u00bb#E02B20&Prime; ul_font_size=\u00a0\u00bb52px\u00a0\u00bb header_font=\u00a0\u00bbAcme|700|||||||\u00a0\u00bb header_text_align=\u00a0\u00bbcenter\u00a0\u00bb header_text_color=\u00a0\u00bb#7CDA24&Prime; header_font_size=\u00a0\u00bb58px\u00a0\u00bb header_text_shadow_style=\u00a0\u00bbpreset5&Prime; box_shadow_style=\u00a0\u00bbpreset6&Prime; global_colors_info=\u00a0\u00bb{}\u00a0\u00bb]\n<h1><strong>S. V. T<\/strong><\/h1>\n[\/et_pb_text][\/et_pb_column][\/et_pb_row][et_pb_row _builder_version=\u00a0\u00bb4.20.4&Prime; _module_preset=\u00a0\u00bbdefault\u00a0\u00bb background_image=\u00a0\u00bbhttps:\/\/etab.ac-reunion.fr\/clg-chemin-morin\/wp-content\/uploads\/sites\/38\/2023\/04\/20230406_133342-scaled.jpg\u00a0\u00bb min_height=\u00a0\u00bb250px\u00a0\u00bb filter_hue_rotate=\u00a0\u00bb182deg\u00a0\u00bb global_colors_info=\u00a0\u00bb{}\u00a0\u00bb][et_pb_column type=\u00a0\u00bb4_4&Prime; _builder_version=\u00a0\u00bb4.20.4&Prime; _module_preset=\u00a0\u00bbdefault\u00a0\u00bb global_colors_info=\u00a0\u00bb{}\u00a0\u00bb][et_pb_text _builder_version=\u00a0\u00bb4.20.4&Prime; _module_preset=\u00a0\u00bbdefault\u00a0\u00bb global_colors_info=\u00a0\u00bb{}\u00a0\u00bb][\/et_pb_text][\/et_pb_column][\/et_pb_row][et_pb_row _builder_version=\u00a0\u00bb4.20.4&Prime; _module_preset=\u00a0\u00bbdefault\u00a0\u00bb global_colors_info=\u00a0\u00bb{}\u00a0\u00bb][et_pb_column type=\u00a0\u00bb4_4&Prime; _builder_version=\u00a0\u00bb4.20.4&Prime; _module_preset=\u00a0\u00bbdefault\u00a0\u00bb global_colors_info=\u00a0\u00bb{}\u00a0\u00bb][et_pb_text _builder_version=\u00a0\u00bb4.20.4&Prime; _module_preset=\u00a0\u00bbdefault\u00a0\u00bb global_colors_info=\u00a0\u00bb{}\u00a0\u00bb]\n<h1 style=\"text-align: center\">Les 606 voyagent dans le temps en marchant<\/h1>\n<h1 style=\"text-align: center\">dans l&rsquo;enclos du volcan.\u00a0<\/h1>\n[\/et_pb_text][\/et_pb_column][\/et_pb_row][et_pb_row column_structure=\u00a0\u00bb1_2,1_2&Prime; _builder_version=\u00a0\u00bb4.20.4&Prime; _module_preset=\u00a0\u00bbdefault\u00a0\u00bb global_colors_info=\u00a0\u00bb{}\u00a0\u00bb][et_pb_column type=\u00a0\u00bb1_2&Prime; _builder_version=\u00a0\u00bb4.20.4&Prime; _module_preset=\u00a0\u00bbdefault\u00a0\u00bb global_colors_info=\u00a0\u00bb{}\u00a0\u00bb][et_pb_text _builder_version=\u00a0\u00bb4.20.4&Prime; _module_preset=\u00a0\u00bbdefault\u00a0\u00bb global_colors_info=\u00a0\u00bb{}\u00a0\u00bb]\n<div style=\"text-align: center\">Quel est le lien entre la disparition des dinosaures, les trapps du Deccan en Inde et l&rsquo;\u00e9mergence de l&rsquo;\u00eele de la R\u00e9union ?\u00a0<\/div>\n<div style=\"text-align: center\">Voil\u00e0 le genre d&rsquo;\u00e9nigmes que les \u00e9l\u00e8ves de 606 ont pu r\u00e9soudre, in situ, en \u00e9tudiant les ph\u00e9nom\u00e8nes volcaniques, leurs origines, \u00e9volutions et cons\u00e9quences plan\u00e9taires.<\/div>\n<div style=\"text-align: center\">La majorit\u00e9 des \u00e9l\u00e8ves ont d\u00e9couvert avec \u00e9merveillement et pour la premi\u00e8re fois: la plaine des sables, l&rsquo;enclos du volcan , le crat\u00e8re commerson et les diff\u00e9rentes coul\u00e9es et pitons.\u00a0<\/div>\n<div style=\"text-align: center\">Chacun.e a pu repenser son existence sur l&rsquo;\u00e9chelle des temps g\u00e9ologiques et face \u00e0 l&rsquo;ampleur des reliefs volcaniques, notamment en grimpant sur le piton Chisny.\u00a0<\/div>\n<div style=\"text-align: center\">Des connaissances et un souvenir de plus grav\u00e9 dans l&rsquo;esprit des coll\u00e9giens.\u00a0<\/div>\n[\/et_pb_text][\/et_pb_column][et_pb_column type=\u00a0\u00bb1_2&Prime; _builder_version=\u00a0\u00bb4.20.4&Prime; _module_preset=\u00a0\u00bbdefault\u00a0\u00bb global_colors_info=\u00a0\u00bb{}\u00a0\u00bb][et_pb_gallery gallery_ids=\u00a0\u00bb3097,3096,3095,3093&Prime; _builder_version=\u00a0\u00bb4.20.4&Prime; _module_preset=\u00a0\u00bbdefault\u00a0\u00bb global_colors_info=\u00a0\u00bb{}\u00a0\u00bb][\/et_pb_gallery][\/et_pb_column][\/et_pb_row][et_pb_row _builder_version=\u00a0\u00bb4.20.4&Prime; _module_preset=\u00a0\u00bbdefault\u00a0\u00bb][et_pb_column _builder_version=\u00a0\u00bb4.20.4&Prime; _module_preset=\u00a0\u00bbdefault\u00a0\u00bb type=\u00a0\u00bb4_4&Prime;][et_pb_divider _builder_version=\u00a0\u00bb4.20.4&Prime; _module_preset=\u00a0\u00bbdefault\u00a0\u00bb background_enable_pattern_style=\u00a0\u00bbon\u00a0\u00bb background_pattern_style=\u00a0\u00bbwaves\u00a0\u00bb background_pattern_color=\u00a0\u00bb#0C71C3&Prime; hover_enabled=\u00a0\u00bb0&Prime; sticky_enabled=\u00a0\u00bb0&Prime;][\/et_pb_divider][\/et_pb_column][\/et_pb_row][\/et_pb_section][et_pb_section fb_built=\u00a0\u00bb1&Prime; _builder_version=\u00a0\u00bb4.18.0&Prime; _module_preset=\u00a0\u00bbdefault\u00a0\u00bb custom_margin=\u00a0\u00bb-45px|||||\u00a0\u00bb global_colors_info=\u00a0\u00bb{}\u00a0\u00bb][et_pb_row _builder_version=\u00a0\u00bb4.18.0&Prime; _module_preset=\u00a0\u00bbdefault\u00a0\u00bb global_colors_info=\u00a0\u00bb{}\u00a0\u00bb][et_pb_column type=\u00a0\u00bb4_4&Prime; _builder_version=\u00a0\u00bb4.18.0&Prime; _module_preset=\u00a0\u00bbdefault\u00a0\u00bb global_colors_info=\u00a0\u00bb{}\u00a0\u00bb][et_pb_image src=\u00a0\u00bbhttps:\/\/etab.ac-reunion.fr\/clg-chemin-morin\/wp-content\/uploads\/sites\/38\/2022\/10\/1.jpg\u00a0\u00bb title_text=\u00a0\u00bb1&Prime; _builder_version=\u00a0\u00bb4.18.0&Prime; _module_preset=\u00a0\u00bbdefault\u00a0\u00bb global_colors_info=\u00a0\u00bb{}\u00a0\u00bb][\/et_pb_image][et_pb_text _builder_version=\u00a0\u00bb4.18.0&Prime; _module_preset=\u00a0\u00bbdefault\u00a0\u00bb text_font=\u00a0\u00bb||||||||\u00a0\u00bb text_text_color=\u00a0\u00bb#E02B20&Prime; text_font_size=\u00a0\u00bb28px\u00a0\u00bb header_text_align=\u00a0\u00bbcenter\u00a0\u00bb header_text_color=\u00a0\u00bb#E09900&Prime; text_orientation=\u00a0\u00bbcenter\u00a0\u00bb filter_hue_rotate=\u00a0\u00bb69deg\u00a0\u00bb global_colors_info=\u00a0\u00bb{}\u00a0\u00bb]\n<p><strong>Visite du navire oc\u00e9anographique AGULHAS II<\/strong><\/p>\n[\/et_pb_text][\/et_pb_column][\/et_pb_row][et_pb_row _builder_version=\u00a0\u00bb4.18.0&Prime; _module_preset=\u00a0\u00bbdefault\u00a0\u00bb global_colors_info=\u00a0\u00bb{}\u00a0\u00bb][et_pb_column type=\u00a0\u00bb4_4&Prime; _builder_version=\u00a0\u00bb4.18.0&Prime; _module_preset=\u00a0\u00bbdefault\u00a0\u00bb global_colors_info=\u00a0\u00bb{}\u00a0\u00bb][et_pb_text _builder_version=\u00a0\u00bb4.18.0&Prime; _module_preset=\u00a0\u00bbdefault\u00a0\u00bb global_colors_info=\u00a0\u00bb{}\u00a0\u00bb]\n<p>Les \u00e9l\u00e8ves de 605 du coll\u00e8ge Chemin MORIN sont inscrits au concours Oc\u00e9ano Pour Tous<span style=\"color: #008000\"><sup>1<\/sup><\/span>, propos\u00e9 par l\u2019Institut Oc\u00e9anographique de Monaco. Ils participent aussi au programme \u00ab\u00a0<span style=\"color: #800000\">Adopt a float\u00a0<\/span>\u00bb<span style=\"color: #008000\"><sup>2<\/sup><\/span>, ce qui va leur permettre de suivre les mesures scientifiques relev\u00e9es par des flotteurs profileurs pr\u00e9sents dans tous les oc\u00e9ans.<\/p>\n<p>Le 13 octobre la classe a visit\u00e9 le navire oc\u00e9anographique AGULHAS II, affr\u00e9t\u00e9 par Monaco Explorations<span style=\"color: #008000\"><sup>3<\/sup><\/span>, qui arrivait d\u2019Afrique du Sud et qui va sillonner pendant 8 semaines l\u2019Oc\u00e9an Indien vers les Seychelles.<\/p>\n<p>Les \u00e9l\u00e8ves ont visit\u00e9 les 10 \u00e9tages de ce brise-glace, de la plate-forme h\u00e9licopt\u00e8re au poste de pilotage, en passant par les laboratoires scientifiques. Ils ont pu voir le flotteur profileur qu\u2019ils ont adopt\u00e9 et le personnaliser. Les scientifiques nous ont expliqu\u00e9 le fonctionnement de ce bijou de technologie, qui embarque des capteurs de temp\u00e9rature, salinit\u00e9, chlorophylle a, nitrates, etc.<br \/>Le flotteur a \u00e9t\u00e9 largu\u00e9 quelques jours plus tard au Nord-Est des c\u00f4tes de Madagascar et devrait nous transmettre ses mesures durant au moins 5 ans.<\/p>\n<p><span><span style=\"color: #008000\"><strong>1<\/strong><\/span>\u00a0: <a href=\"https:\/\/musee.oceano.org\/oceano-pour-tous\/\">https:\/\/musee.oceano.org\/oceano-pour-tous\/<\/a><\/span><\/p>\n<p><span><span style=\"color: #008000\"><strong>2<\/strong><\/span>\u00a0: <a href=\"http:\/\/www.monoceanetmoi.com\/web\/index.php\/fr\/le-projet\">http:\/\/www.monoceanetmoi.com\/web\/index.php\/fr\/le-projet<\/a><\/span><\/p>\n<p><span><span style=\"color: #008000\"><strong>3<\/strong><\/span>\u00a0: <a href=\"https:\/\/www.monacoexplorations.org\/decouvrir-la-mission\/\">https:\/\/www.monacoexplorations.org\/decouvrir-la-mission\/<\/a><\/span><\/p>\n[\/et_pb_text][\/et_pb_column][\/et_pb_row][\/et_pb_section]\n","protected":false},"excerpt":{"rendered":"<p>S. V. TLes 606 voyagent dans le temps en marchant dans l&rsquo;enclos du volcan.\u00a0Quel est le lien entre la disparition des dinosaures, les trapps du Deccan en Inde et l&rsquo;\u00e9mergence [&hellip;]<\/p>\n","protected":false},"author":32292,"featured_media":0,"parent":0,"menu_order":0,"comment_status":"closed","ping_status":"closed","template":"","meta":{"_et_pb_use_builder":"on","_et_pb_old_content":"","_et_gb_content_width":"","_EventAllDay":false,"_EventTimezone":"","_EventStartDate":"","_EventEndDate":"","_EventStartDateUTC":"","_EventEndDateUTC":"","_EventShowMap":false,"_EventShowMapLink":false,"_EventURL":"","_EventCost":"","_EventCostDescription":"","_EventCurrencySymbol":"","_EventCurrencyCode":"","_EventCurrencyPosition":"","_EventDateTimeSeparator":"","_EventTimeRangeSeparator":"","_EventOrganizerID":[],"_EventVenueID":[0],"_OrganizerEmail":"","_OrganizerPhone":"","_OrganizerWebsite":"","_VenueAddress":"","_VenueCity":"","_VenueCountry":"","_VenueProvince":"","_VenueState":"","_VenueZip":"","_VenuePhone":"","_VenueURL":"","_VenueStateProvince":"","_VenueLat":"","_VenueLng":"","_VenueShowMap":false,"_VenueShowMapLink":false,"footnotes":"","_links_to":"","_links_to_target":""},"class_list":["post-2761","page","type-page","status-publish","hentry"],"_links":{"self":[{"href":"https:\/\/etab.ac-reunion.fr\/clg-chemin-morin\/wp-json\/wp\/v2\/pages\/2761","targetHints":{"allow":["GET"]}}],"collection":[{"href":"https:\/\/etab.ac-reunion.fr\/clg-chemin-morin\/wp-json\/wp\/v2\/pages"}],"about":[{"href":"https:\/\/etab.ac-reunion.fr\/clg-chemin-morin\/wp-json\/wp\/v2\/types\/page"}],"author":[{"embeddable":true,"href":"https:\/\/etab.ac-reunion.fr\/clg-chemin-morin\/wp-json\/wp\/v2\/users\/32292"}],"replies":[{"embeddable":true,"href":"https:\/\/etab.ac-reunion.fr\/clg-chemin-morin\/wp-json\/wp\/v2\/comments?post=2761"}],"version-history":[{"count":5,"href":"https:\/\/etab.ac-reunion.fr\/clg-chemin-morin\/wp-json\/wp\/v2\/pages\/2761\/revisions"}],"predecessor-version":[{"id":3099,"href":"https:\/\/etab.ac-reunion.fr\/clg-chemin-morin\/wp-json\/wp\/v2\/pages\/2761\/revisions\/3099"}],"wp:attachment":[{"href":"https:\/\/etab.ac-reunion.fr\/clg-chemin-morin\/wp-json\/wp\/v2\/media?parent=2761"}],"curies":[{"name":"wp","href":"https:\/\/api.w.org\/{rel}","templated":true}]}}

[et_pb_section fb_built= »1&Prime; _builder_version= »4.18.0&Prime; _module_preset= »default » global_colors_info= »{} »][et_pb_row _builder_version= »4.18.0&Prime; _module_preset= »default » min_height= »147.4px » global_colors_info= »{} »][et_pb_column type= »4_4&Prime; _builder_version= »4.18.0&Prime; _module_preset= »default » global_colors_info= »{} »][et_pb_text _builder_version= »4.18.0&Prime; _module_preset= »default » ul_font= »ABeeZee|||||||| » ul_text_align= »center » ul_text_color= »#E02B20&Prime; ul_font_size= »52px » header_font= »Acme|700||||||| » header_text_align= »center » header_text_color= »#7CDA24&Prime; header_font_size= »58px » header_text_shadow_style= »preset5&Prime; box_shadow_style= »preset6&Prime; global_colors_info= »{} »]
<h1><strong>S. V. T</strong></h1>
[/et_pb_text][/et_pb_column][/et_pb_row][et_pb_row _builder_version= »4.20.4&Prime; _module_preset= »default » background_image= »https://etab.ac-reunion.fr/clg-chemin-morin/wp-content/uploads/sites/38/2023/04/20230406_133342-scaled.jpg » min_height= »250px » filter_hue_rotate= »182deg » global_colors_info= »{} »][et_pb_column type= »4_4&Prime; _builder_version= »4.20.4&Prime; _module_preset= »default » global_colors_info= »{} »][et_pb_text _builder_version= »4.20.4&Prime; _module_preset= »default » global_colors_info= »{} »][/et_pb_text][/et_pb_column][/et_pb_row][et_pb_row _builder_version= »4.20.4&Prime; _module_preset= »default » global_colors_info= »{} »][et_pb_column type= »4_4&Prime; _builder_version= »4.20.4&Prime; _module_preset= »default » global_colors_info= »{} »][et_pb_text _builder_version= »4.20.4&Prime; _module_preset= »default » global_colors_info= »{} »]
<h1 style="text-align: center">Les 606 voyagent dans le temps en marchant</h1>
<h1 style="text-align: center">dans l&rsquo;enclos du volcan. </h1>
[/et_pb_text][/et_pb_column][/et_pb_row][et_pb_row column_structure= »1_2,1_2&Prime; _builder_version= »4.20.4&Prime; _module_preset= »default » global_colors_info= »{} »][et_pb_column type= »1_2&Prime; _builder_version= »4.20.4&Prime; _module_preset= »default » global_colors_info= »{} »][et_pb_text _builder_version= »4.20.4&Prime; _module_preset= »default » global_colors_info= »{} »]
<div style="text-align: center">Quel est le lien entre la disparition des dinosaures, les trapps du Deccan en Inde et l&rsquo;émergence de l&rsquo;île de la Réunion ? </div>
<div style="text-align: center">Voilà le genre d&rsquo;énigmes que les élèves de 606 ont pu résoudre, in situ, en étudiant les phénomènes volcaniques, leurs origines, évolutions et conséquences planétaires.</div>
<div style="text-align: center">La majorité des élèves ont découvert avec émerveillement et pour la première fois: la plaine des sables, l&rsquo;enclos du volcan , le cratère commerson et les différentes coulées et pitons. </div>
<div style="text-align: center">Chacun.e a pu repenser son existence sur l&rsquo;échelle des temps géologiques et face à l&rsquo;ampleur des reliefs volcaniques, notamment en grimpant sur le piton Chisny. </div>
<div style="text-align: center">Des connaissances et un souvenir de plus gravé dans l&rsquo;esprit des collégiens. </div>
[/et_pb_text][/et_pb_column][et_pb_column type= »1_2&Prime; _builder_version= »4.20.4&Prime; _module_preset= »default » global_colors_info= »{} »][et_pb_gallery gallery_ids= »3097,3096,3095,3093&Prime; _builder_version= »4.20.4&Prime; _module_preset= »default » global_colors_info= »{} »][/et_pb_gallery][/et_pb_column][/et_pb_row][et_pb_row _builder_version= »4.20.4&Prime; _module_preset= »default »][et_pb_column _builder_version= »4.20.4&Prime; _module_preset= »default » type= »4_4&Prime;][et_pb_divider _builder_version= »4.20.4&Prime; _module_preset= »default » background_enable_pattern_style= »on » background_pattern_style= »waves » background_pattern_color= »#0C71C3&Prime; hover_enabled= »0&Prime; sticky_enabled= »0&Prime;][/et_pb_divider][/et_pb_column][/et_pb_row][/et_pb_section][et_pb_section fb_built= »1&Prime; _builder_version= »4.18.0&Prime; _module_preset= »default » custom_margin= »-45px||||| » global_colors_info= »{} »][et_pb_row _builder_version= »4.18.0&Prime; _module_preset= »default » global_colors_info= »{} »][et_pb_column type= »4_4&Prime; _builder_version= »4.18.0&Prime; _module_preset= »default » global_colors_info= »{} »][et_pb_image src= »https://etab.ac-reunion.fr/clg-chemin-morin/wp-content/uploads/sites/38/2022/10/1.jpg » title_text= »1&Prime; _builder_version= »4.18.0&Prime; _module_preset= »default » global_colors_info= »{} »][/et_pb_image][et_pb_text _builder_version= »4.18.0&Prime; _module_preset= »default » text_font= »|||||||| » text_text_color= »#E02B20&Prime; text_font_size= »28px » header_text_align= »center » header_text_color= »#E09900&Prime; text_orientation= »center » filter_hue_rotate= »69deg » global_colors_info= »{} »]
<p><strong>Visite du navire océanographique AGULHAS II</strong></p>
[/et_pb_text][/et_pb_column][/et_pb_row][et_pb_row _builder_version= »4.18.0&Prime; _module_preset= »default » global_colors_info= »{} »][et_pb_column type= »4_4&Prime; _builder_version= »4.18.0&Prime; _module_preset= »default » global_colors_info= »{} »][et_pb_text _builder_version= »4.18.0&Prime; _module_preset= »default » global_colors_info= »{} »]
<p>Les élèves de 605 du collège Chemin MORIN sont inscrits au concours Océano Pour Tous<span style="color: #008000"><sup>1</sup></span>, proposé par l’Institut Océanographique de Monaco. Ils participent aussi au programme « <span style="color: #800000">Adopt a float </span>»<span style="color: #008000"><sup>2</sup></span>, ce qui va leur permettre de suivre les mesures scientifiques relevées par des flotteurs profileurs présents dans tous les océans.</p>
<p>Le 13 octobre la classe a visité le navire océanographique AGULHAS II, affrété par Monaco Explorations<span style="color: #008000"><sup>3</sup></span>, qui arrivait d’Afrique du Sud et qui va sillonner pendant 8 semaines l’Océan Indien vers les Seychelles.</p>
<p>Les élèves ont visité les 10 étages de ce brise-glace, de la plate-forme hélicoptère au poste de pilotage, en passant par les laboratoires scientifiques. Ils ont pu voir le flotteur profileur qu’ils ont adopté et le personnaliser. Les scientifiques nous ont expliqué le fonctionnement de ce bijou de technologie, qui embarque des capteurs de température, salinité, chlorophylle a, nitrates, etc.<br />Le flotteur a été largué quelques jours plus tard au Nord-Est des côtes de Madagascar et devrait nous transmettre ses mesures durant au moins 5 ans.</p>
<p><span><span style="color: #008000"><strong>1</strong></span> : <a href="https://musee.oceano.org/oceano-pour-tous/">https://musee.oceano.org/oceano-pour-tous/</a></span></p>
<p><span><span style="color: #008000"><strong>2</strong></span> : <a href="http://www.monoceanetmoi.com/web/index.php/fr/le-projet">http://www.monoceanetmoi.com/web/index.php/fr/le-projet</a></span></p>
<p><span><span style="color: #008000"><strong>3</strong></span> : <a href="https://www.monacoexplorations.org/decouvrir-la-mission/">https://www.monacoexplorations.org/decouvrir-la-mission/</a></span></p>
[/et_pb_text][/et_pb_column][/et_pb_row][/et_pb_section]

<p>S. V. TLes 606 voyagent dans le temps en marchant dans l&rsquo;enclos du volcan. Quel est le lien entre la disparition des dinosaures, les trapps du Deccan en Inde et l&rsquo;émergence [&hellip;]</p>
