{"id":2800,"date":"2022-11-06T19:15:19","date_gmt":"2022-11-06T15:15:19","guid":{"rendered":"https:\/\/etab.ac-reunion.fr\/clg-chemin-morin\/?page_id=2800"},"modified":"2022-11-15T14:32:38","modified_gmt":"2022-11-15T10:32:38","slug":"enseignants","status":"publish","type":"page","link":"https:\/\/etab.ac-reunion.fr\/clg-chemin-morin\/enseignants\/","title":{"rendered":"ENSEIGNANTS"},"content":{"rendered":"[et_pb_section fb_built=\u00a0\u00bb1&Prime; _builder_version=\u00a0\u00bb4.19.0&Prime; _module_preset=\u00a0\u00bbdefault\u00a0\u00bb global_colors_info=\u00a0\u00bb{}\u00a0\u00bb][et_pb_row _builder_version=\u00a0\u00bb4.19.0&Prime; _module_preset=\u00a0\u00bbdefault\u00a0\u00bb global_colors_info=\u00a0\u00bb{}\u00a0\u00bb][et_pb_column type=\u00a0\u00bb4_4&Prime; _builder_version=\u00a0\u00bb4.19.0&Prime; _module_preset=\u00a0\u00bbdefault\u00a0\u00bb global_colors_info=\u00a0\u00bb{}\u00a0\u00bb][et_pb_text _builder_version=\u00a0\u00bb4.19.0&Prime; _module_preset=\u00a0\u00bbdefault\u00a0\u00bb text_text_color=\u00a0\u00bb#3683c1&Prime; text_font_size=\u00a0\u00bb78px\u00a0\u00bb background_enable_pattern_style=\u00a0\u00bbon\u00a0\u00bb background_pattern_style=\u00a0\u00bbcubes\u00a0\u00bb background_pattern_color=\u00a0\u00bbrgba(224,153,0,0.24)\u00a0\u00bb background_pattern_size=\u00a0\u00bbcustom\u00a0\u00bb text_text_shadow_style=\u00a0\u00bbpreset2&Prime; global_colors_info=\u00a0\u00bb{}\u00a0\u00bb]\n<h1><span style=\"color: #33cccc\"><strong><em>Bo\u00eete \u00e0 outils des enseignants<\/em><\/strong><\/span><\/h1>\n[\/et_pb_text][\/et_pb_column][\/et_pb_row][\/et_pb_section][et_pb_section fb_built=\u00a0\u00bb1&Prime; _builder_version=\u00a0\u00bb4.19.0&Prime; _module_preset=\u00a0\u00bbdefault\u00a0\u00bb background_color=\u00a0\u00bb#bed7dd\u00a0\u00bb global_colors_info=\u00a0\u00bb{}\u00a0\u00bb][et_pb_row _builder_version=\u00a0\u00bb4.19.0&Prime; _module_preset=\u00a0\u00bbdefault\u00a0\u00bb global_colors_info=\u00a0\u00bb{}\u00a0\u00bb][et_pb_column type=\u00a0\u00bb4_4&Prime; _builder_version=\u00a0\u00bb4.19.0&Prime; _module_preset=\u00a0\u00bbdefault\u00a0\u00bb global_colors_info=\u00a0\u00bb{}\u00a0\u00bb][et_pb_text _builder_version=\u00a0\u00bb4.19.0&Prime; _module_preset=\u00a0\u00bbdefault\u00a0\u00bb global_colors_info=\u00a0\u00bb{}\u00a0\u00bb]\n<h1 style=\"text-align: center\"><span style=\"color: #008080\">COMMENT ULILISER L&rsquo;APPLICATION <\/span><\/h1>\n<h1 style=\"text-align: center\"><span style=\"color: #008080\">&#8211; <\/span><span style=\"color: #ff6600\">MA CLASSE VIRTUELLE <\/span><span style=\"color: #008080\">&#8211;<\/span><\/h1>\n[\/et_pb_text][\/et_pb_column][\/et_pb_row][et_pb_row column_structure=\u00a0\u00bb2_5,3_5&Prime; _builder_version=\u00a0\u00bb4.19.0&Prime; _module_preset=\u00a0\u00bbdefault\u00a0\u00bb global_colors_info=\u00a0\u00bb{}\u00a0\u00bb][et_pb_column type=\u00a0\u00bb2_5&Prime; _builder_version=\u00a0\u00bb4.19.0&Prime; _module_preset=\u00a0\u00bbdefault\u00a0\u00bb global_colors_info=\u00a0\u00bb{}\u00a0\u00bb][et_pb_image src=\u00a0\u00bbhttps:\/\/etab.ac-reunion.fr\/clg-chemin-morin\/wp-content\/uploads\/sites\/38\/2022\/11\/video-conference-5230779_640.png\u00a0\u00bb show_bottom_space=\u00a0\u00bboff\u00a0\u00bb _builder_version=\u00a0\u00bb4.19.0&Prime; _module_preset=\u00a0\u00bbdefault\u00a0\u00bb width=\u00a0\u00bb100%\u00a0\u00bb filter_brightness=\u00a0\u00bb99%\u00a0\u00bb filter_contrast=\u00a0\u00bb80%\u00a0\u00bb filter_opacity=\u00a0\u00bb86%\u00a0\u00bb animation_style=\u00a0\u00bbfade\u00a0\u00bb box_shadow_style=\u00a0\u00bbpreset5&Prime; box_shadow_horizontal=\u00a0\u00bb-1px\u00a0\u00bb box_shadow_blur=\u00a0\u00bb32px\u00a0\u00bb box_shadow_color=\u00a0\u00bb#0C71C3&Prime; global_colors_info=\u00a0\u00bb{}\u00a0\u00bb][\/et_pb_image][\/et_pb_column][et_pb_column type=\u00a0\u00bb3_5&Prime; _builder_version=\u00a0\u00bb4.19.0&Prime; _module_preset=\u00a0\u00bbdefault\u00a0\u00bb global_colors_info=\u00a0\u00bb{}\u00a0\u00bb][et_pb_text _builder_version=\u00a0\u00bb4.19.0&Prime; _module_preset=\u00a0\u00bbdefault\u00a0\u00bb global_colors_info=\u00a0\u00bb{}\u00a0\u00bb]\n<p style=\"text-align: center\"><strong>Suite \u00e0 l&rsquo;arr\u00eat fin juillet 2022 du service \u00ab Mes classes virtuelles \u00bb du CNED, un nouveau service est disponible :\u00a0<\/strong><\/p>\n<p style=\"text-align: center\"><strong>Pour acc\u00e9der \u00e0 ce nouveau service, suivez la proc\u00e9dure d\u00e9taill\u00e9e ci-dessous.<\/strong><\/p>\n[\/et_pb_text][et_pb_button button_url=\u00a0\u00bbhttps:\/\/etab.ac-reunion.fr\/clg-chemin-morin\/wp-content\/uploads\/sites\/38\/2022\/11\/apps_pas-a-pas-v2.4.pdf\u00a0\u00bb button_text=\u00a0\u00bbCliquez ici !\u00a0\u00bb button_alignment=\u00a0\u00bbcenter\u00a0\u00bb _builder_version=\u00a0\u00bb4.19.0&Prime; _module_preset=\u00a0\u00bbdefault\u00a0\u00bb custom_button=\u00a0\u00bbon\u00a0\u00bb button_text_size=\u00a0\u00bb44px\u00a0\u00bb button_text_color=\u00a0\u00bb#0C71C3&Prime; button_border_width=\u00a0\u00bb13px\u00a0\u00bb button_border_radius=\u00a0\u00bb44px\u00a0\u00bb global_colors_info=\u00a0\u00bb{}\u00a0\u00bb][\/et_pb_button][\/et_pb_column][\/et_pb_row][et_pb_row _builder_version=\u00a0\u00bb4.19.0&Prime; _module_preset=\u00a0\u00bbdefault\u00a0\u00bb global_colors_info=\u00a0\u00bb{}\u00a0\u00bb][et_pb_column type=\u00a0\u00bb4_4&Prime; _builder_version=\u00a0\u00bb4.19.0&Prime; _module_preset=\u00a0\u00bbdefault\u00a0\u00bb global_colors_info=\u00a0\u00bb{}\u00a0\u00bb][et_pb_divider _builder_version=\u00a0\u00bb4.19.0&Prime; _module_preset=\u00a0\u00bbdefault\u00a0\u00bb background_color=\u00a0\u00bb#E09900&Prime; global_colors_info=\u00a0\u00bb{}\u00a0\u00bb][\/et_pb_divider][\/et_pb_column][\/et_pb_row][et_pb_row column_structure=\u00a0\u00bb1_2,1_2&Prime; _builder_version=\u00a0\u00bb4.19.0&Prime; _module_preset=\u00a0\u00bbdefault\u00a0\u00bb global_colors_info=\u00a0\u00bb{}\u00a0\u00bb][et_pb_column type=\u00a0\u00bb1_2&Prime; _builder_version=\u00a0\u00bb4.19.0&Prime; _module_preset=\u00a0\u00bbdefault\u00a0\u00bb global_colors_info=\u00a0\u00bb{}\u00a0\u00bb][et_pb_text _builder_version=\u00a0\u00bb4.19.0&Prime; _module_preset=\u00a0\u00bbdefault\u00a0\u00bb global_colors_info=\u00a0\u00bb{}\u00a0\u00bb]\n<h1><span style=\"color: #3366ff\"><strong>Un tutoriel pour basculer nos \u00e9valuations par comp\u00e9tences dans le L.S.U.<\/strong><\/span><\/h1>\n[\/et_pb_text][\/et_pb_column][et_pb_column type=\u00a0\u00bb1_2&Prime; _builder_version=\u00a0\u00bb4.19.0&Prime; _module_preset=\u00a0\u00bbdefault\u00a0\u00bb global_colors_info=\u00a0\u00bb{}\u00a0\u00bb][et_pb_video src_webm=\u00a0\u00bbhttps:\/\/etab.ac-reunion.fr\/clg-chemin-morin\/wp-content\/uploads\/sites\/38\/2022\/11\/Mon-film-136.mov\u00a0\u00bb _builder_version=\u00a0\u00bb4.19.0&Prime; _module_preset=\u00a0\u00bbdefault\u00a0\u00bb hover_enabled=\u00a0\u00bb0&Prime; global_colors_info=\u00a0\u00bb{}\u00a0\u00bb title_text=\u00a0\u00bbCompe\u0301tences vers LSU\u00a0\u00bb src=\u00a0\u00bbhttps:\/\/etab.ac-reunion.fr\/clg-chemin-morin\/wp-content\/uploads\/sites\/38\/2022\/11\/Competences-vers-LSU.mp4&Prime; sticky_enabled=\u00a0\u00bb0&Prime;][\/et_pb_video][\/et_pb_column][\/et_pb_row][\/et_pb_section]\n","protected":false},"excerpt":{"rendered":"<p>Bo\u00eete \u00e0 outils des enseignantsCOMMENT ULILISER L&rsquo;APPLICATION &#8211; MA CLASSE VIRTUELLE -Suite \u00e0 l&rsquo;arr\u00eat fin juillet 2022 du service \u00ab Mes classes virtuelles \u00bb du CNED, un nouveau service est [&hellip;]<\/p>\n","protected":false},"author":32292,"featured_media":0,"parent":0,"menu_order":0,"comment_status":"closed","ping_status":"closed","template":"","meta":{"_et_pb_use_builder":"on","_et_pb_old_content":"","_et_gb_content_width":"","_EventAllDay":false,"_EventTimezone":"","_EventStartDate":"","_EventEndDate":"","_EventStartDateUTC":"","_EventEndDateUTC":"","_EventShowMap":false,"_EventShowMapLink":false,"_EventURL":"","_EventCost":"","_EventCostDescription":"","_EventCurrencySymbol":"","_EventCurrencyCode":"","_EventCurrencyPosition":"","_EventDateTimeSeparator":"","_EventTimeRangeSeparator":"","_EventOrganizerID":[],"_EventVenueID":[0],"_OrganizerEmail":"","_OrganizerPhone":"","_OrganizerWebsite":"","_VenueAddress":"","_VenueCity":"","_VenueCountry":"","_VenueProvince":"","_VenueState":"","_VenueZip":"","_VenuePhone":"","_VenueURL":"","_VenueStateProvince":"","_VenueLat":"","_VenueLng":"","_VenueShowMap":false,"_VenueShowMapLink":false,"footnotes":"","_links_to":"","_links_to_target":""},"class_list":["post-2800","page","type-page","status-publish","hentry"],"_links":{"self":[{"href":"https:\/\/etab.ac-reunion.fr\/clg-chemin-morin\/wp-json\/wp\/v2\/pages\/2800","targetHints":{"allow":["GET"]}}],"collection":[{"href":"https:\/\/etab.ac-reunion.fr\/clg-chemin-morin\/wp-json\/wp\/v2\/pages"}],"about":[{"href":"https:\/\/etab.ac-reunion.fr\/clg-chemin-morin\/wp-json\/wp\/v2\/types\/page"}],"author":[{"embeddable":true,"href":"https:\/\/etab.ac-reunion.fr\/clg-chemin-morin\/wp-json\/wp\/v2\/users\/32292"}],"replies":[{"embeddable":true,"href":"https:\/\/etab.ac-reunion.fr\/clg-chemin-morin\/wp-json\/wp\/v2\/comments?post=2800"}],"version-history":[{"count":13,"href":"https:\/\/etab.ac-reunion.fr\/clg-chemin-morin\/wp-json\/wp\/v2\/pages\/2800\/revisions"}],"predecessor-version":[{"id":2871,"href":"https:\/\/etab.ac-reunion.fr\/clg-chemin-morin\/wp-json\/wp\/v2\/pages\/2800\/revisions\/2871"}],"wp:attachment":[{"href":"https:\/\/etab.ac-reunion.fr\/clg-chemin-morin\/wp-json\/wp\/v2\/media?parent=2800"}],"curies":[{"name":"wp","href":"https:\/\/api.w.org\/{rel}","templated":true}]}}

[et_pb_section fb_built= »1&Prime; _builder_version= »4.19.0&Prime; _module_preset= »default » global_colors_info= »{} »][et_pb_row _builder_version= »4.19.0&Prime; _module_preset= »default » global_colors_info= »{} »][et_pb_column type= »4_4&Prime; _builder_version= »4.19.0&Prime; _module_preset= »default » global_colors_info= »{} »][et_pb_text _builder_version= »4.19.0&Prime; _module_preset= »default » text_text_color= »#3683c1&Prime; text_font_size= »78px » background_enable_pattern_style= »on » background_pattern_style= »cubes » background_pattern_color= »rgba(224,153,0,0.24) » background_pattern_size= »custom » text_text_shadow_style= »preset2&Prime; global_colors_info= »{} »]
<h1><span style="color: #33cccc"><strong><em>Boîte à outils des enseignants</em></strong></span></h1>
[/et_pb_text][/et_pb_column][/et_pb_row][/et_pb_section][et_pb_section fb_built= »1&Prime; _builder_version= »4.19.0&Prime; _module_preset= »default » background_color= »#bed7dd » global_colors_info= »{} »][et_pb_row _builder_version= »4.19.0&Prime; _module_preset= »default » global_colors_info= »{} »][et_pb_column type= »4_4&Prime; _builder_version= »4.19.0&Prime; _module_preset= »default » global_colors_info= »{} »][et_pb_text _builder_version= »4.19.0&Prime; _module_preset= »default » global_colors_info= »{} »]
<h1 style="text-align: center"><span style="color: #008080">COMMENT ULILISER L&rsquo;APPLICATION </span></h1>
<h1 style="text-align: center"><span style="color: #008080">&#8211; </span><span style="color: #ff6600">MA CLASSE VIRTUELLE </span><span style="color: #008080">&#8211;</span></h1>
[/et_pb_text][/et_pb_column][/et_pb_row][et_pb_row column_structure= »2_5,3_5&Prime; _builder_version= »4.19.0&Prime; _module_preset= »default » global_colors_info= »{} »][et_pb_column type= »2_5&Prime; _builder_version= »4.19.0&Prime; _module_preset= »default » global_colors_info= »{} »][et_pb_image src= »https://etab.ac-reunion.fr/clg-chemin-morin/wp-content/uploads/sites/38/2022/11/video-conference-5230779_640.png » show_bottom_space= »off » _builder_version= »4.19.0&Prime; _module_preset= »default » width= »100% » filter_brightness= »99% » filter_contrast= »80% » filter_opacity= »86% » animation_style= »fade » box_shadow_style= »preset5&Prime; box_shadow_horizontal= »-1px » box_shadow_blur= »32px » box_shadow_color= »#0C71C3&Prime; global_colors_info= »{} »][/et_pb_image][/et_pb_column][et_pb_column type= »3_5&Prime; _builder_version= »4.19.0&Prime; _module_preset= »default » global_colors_info= »{} »][et_pb_text _builder_version= »4.19.0&Prime; _module_preset= »default » global_colors_info= »{} »]
<p style="text-align: center"><strong>Suite à l&rsquo;arrêt fin juillet 2022 du service « Mes classes virtuelles » du CNED, un nouveau service est disponible : </strong></p>
<p style="text-align: center"><strong>Pour accéder à ce nouveau service, suivez la procédure détaillée ci-dessous.</strong></p>
[/et_pb_text][et_pb_button button_url= »https://etab.ac-reunion.fr/clg-chemin-morin/wp-content/uploads/sites/38/2022/11/apps_pas-a-pas-v2.4.pdf » button_text= »Cliquez ici ! » button_alignment= »center » _builder_version= »4.19.0&Prime; _module_preset= »default » custom_button= »on » button_text_size= »44px » button_text_color= »#0C71C3&Prime; button_border_width= »13px » button_border_radius= »44px » global_colors_info= »{} »][/et_pb_button][/et_pb_column][/et_pb_row][et_pb_row _builder_version= »4.19.0&Prime; _module_preset= »default » global_colors_info= »{} »][et_pb_column type= »4_4&Prime; _builder_version= »4.19.0&Prime; _module_preset= »default » global_colors_info= »{} »][et_pb_divider _builder_version= »4.19.0&Prime; _module_preset= »default » background_color= »#E09900&Prime; global_colors_info= »{} »][/et_pb_divider][/et_pb_column][/et_pb_row][et_pb_row column_structure= »1_2,1_2&Prime; _builder_version= »4.19.0&Prime; _module_preset= »default » global_colors_info= »{} »][et_pb_column type= »1_2&Prime; _builder_version= »4.19.0&Prime; _module_preset= »default » global_colors_info= »{} »][et_pb_text _builder_version= »4.19.0&Prime; _module_preset= »default » global_colors_info= »{} »]
<h1><span style="color: #3366ff"><strong>Un tutoriel pour basculer nos évaluations par compétences dans le L.S.U.</strong></span></h1>
[/et_pb_text][/et_pb_column][et_pb_column type= »1_2&Prime; _builder_version= »4.19.0&Prime; _module_preset= »default » global_colors_info= »{} »][et_pb_video src_webm= »https://etab.ac-reunion.fr/clg-chemin-morin/wp-content/uploads/sites/38/2022/11/Mon-film-136.mov » _builder_version= »4.19.0&Prime; _module_preset= »default » hover_enabled= »0&Prime; global_colors_info= »{} » title_text= »Compétences vers LSU » src= »https://etab.ac-reunion.fr/clg-chemin-morin/wp-content/uploads/sites/38/2022/11/Competences-vers-LSU.mp4&Prime; sticky_enabled= »0&Prime;][/et_pb_video][/et_pb_column][/et_pb_row][/et_pb_section]

<p>Boîte à outils des enseignantsCOMMENT ULILISER L&rsquo;APPLICATION &#8211; MA CLASSE VIRTUELLE -Suite à l&rsquo;arrêt fin juillet 2022 du service « Mes classes virtuelles » du CNED, un nouveau service est [&hellip;]</p>
