{"id":3128,"date":"2023-04-11T08:33:02","date_gmt":"2023-04-11T04:33:02","guid":{"rendered":"https:\/\/etab.ac-reunion.fr\/clg-chemin-morin\/?page_id=3128"},"modified":"2024-04-02T14:49:52","modified_gmt":"2024-04-02T10:49:52","slug":"journees-portes-ouvertes","status":"publish","type":"page","link":"https:\/\/etab.ac-reunion.fr\/clg-chemin-morin\/journees-portes-ouvertes\/","title":{"rendered":"JOURN\u00c9ES PORTES OUVERTES"},"content":{"rendered":"[et_pb_section fb_built=\u00a0\u00bb1&Prime; _builder_version=\u00a0\u00bb4.20.4&Prime; _module_preset=\u00a0\u00bbdefault\u00a0\u00bb global_colors_info=\u00a0\u00bb{}\u00a0\u00bb][et_pb_row _builder_version=\u00a0\u00bb4.20.4&Prime; _module_preset=\u00a0\u00bbdefault\u00a0\u00bb global_colors_info=\u00a0\u00bb{}\u00a0\u00bb][et_pb_column type=\u00a0\u00bb4_4&Prime; _builder_version=\u00a0\u00bb4.20.4&Prime; _module_preset=\u00a0\u00bbdefault\u00a0\u00bb global_colors_info=\u00a0\u00bb{}\u00a0\u00bb][et_pb_text _builder_version=\u00a0\u00bb4.20.4&Prime; _module_preset=\u00a0\u00bbdefault\u00a0\u00bb background_enable_mask_style=\u00a0\u00bbon\u00a0\u00bb background_mask_style=\u00a0\u00bbchevrons\u00a0\u00bb background_mask_color=\u00a0\u00bbrgba(24,142,134,0.48)\u00a0\u00bb global_colors_info=\u00a0\u00bb{}\u00a0\u00bb]\n<h1>JOURN\u00c9ES PORTES OUVERTES<\/h1>\n<p style=\"text-align: center\"><em>Cette page est d\u00e9di\u00e9e aux journ\u00e9es portes ouvertes propos\u00e9es par les \u00e9tablissements de l&rsquo;\u00eele.<\/em><\/p>\n[\/et_pb_text][\/et_pb_column][\/et_pb_row][et_pb_row column_structure=\u00a0\u00bb2_5,3_5&Prime; _builder_version=\u00a0\u00bb4.24.2&Prime; _module_preset=\u00a0\u00bbdefault\u00a0\u00bb global_colors_info=\u00a0\u00bb{}\u00a0\u00bb][et_pb_column type=\u00a0\u00bb2_5&Prime; _builder_version=\u00a0\u00bb4.24.2&Prime; _module_preset=\u00a0\u00bbdefault\u00a0\u00bb global_colors_info=\u00a0\u00bb{}\u00a0\u00bb][et_pb_text _builder_version=\u00a0\u00bb4.24.2&Prime; _module_preset=\u00a0\u00bbdefault\u00a0\u00bb hover_enabled=\u00a0\u00bb0&Prime; global_colors_info=\u00a0\u00bb{}\u00a0\u00bb sticky_enabled=\u00a0\u00bb0&Prime;]\n<h1 style=\"text-align: center\"><span style=\"font-family: Arial\"><br \/><span style=\"color: #800000\">JOURN\u00c9E PORTES OUVERTES &#8230;<\/span><\/span><\/h1>\n<h3 style=\"text-align: center\"><span style=\"font-family: Arial\"><span style=\"color: #800000\">Le Lyc\u00e9e <strong>STELLA<\/strong> \u00e0 le plaisir de vous convier \u00e0 la journ\u00e9e portes ouvertes\u00a0<\/span><\/span><span style=\"color: #800000\"><b>sp\u00e9cifique et exclusive<\/b>\u00a0\u00e0 la maintenance a\u00e9ronautique qui d\u00e9roulera le 13 avril\u00a0<\/span><span style=\"font-family: Arial\"><span style=\"color: #800000\">prochain.<\/span><\/span><\/h3>\n<p>&nbsp;<\/p>\n<p>&nbsp;<\/p>\n[\/et_pb_text][\/et_pb_column][et_pb_column type=\u00a0\u00bb3_5&Prime; _builder_version=\u00a0\u00bb4.24.2&Prime; _module_preset=\u00a0\u00bbdefault\u00a0\u00bb global_colors_info=\u00a0\u00bb{}\u00a0\u00bb][et_pb_text _builder_version=\u00a0\u00bb4.24.2&Prime; _module_preset=\u00a0\u00bbdefault\u00a0\u00bb hover_enabled=\u00a0\u00bb0&Prime; sticky_enabled=\u00a0\u00bb0&Prime;]\n<p style=\"text-align: center\"><strong><\/strong><\/p>\n<p style=\"text-align: center\"><strong><\/strong><\/p>\n<p style=\"text-align: center\"><strong><\/strong><\/p>\n<p style=\"text-align: center\"><strong><\/strong><\/p>\n<p style=\"text-align: center\"><strong><\/strong><\/p>\n<p style=\"text-align: center\"><strong><\/strong><\/p>\n<p style=\"text-align: center\"><strong>Pour regarder le PDF cliquez sur l\u2019ic\u00f4ne\u00a0 !<\/strong><\/p>\n[\/et_pb_text][et_pb_icon _builder_version=\u00a0\u00bb4.24.2&Prime; _module_preset=\u00a0\u00bbdefault\u00a0\u00bb font_icon=\u00a0\u00bb&#xe035;||divi||400&Prime; url=\u00a0\u00bbhttps:\/\/etab.ac-reunion.fr\/clg-chemin-morin\/wp-content\/uploads\/sites\/38\/2024\/04\/AFFICHE-JPO-AERONAUTIQUE-STELLA.pdf\u00a0\u00bb hover_enabled=\u00a0\u00bb0&Prime; sticky_enabled=\u00a0\u00bb0&Prime; animation_style=\u00a0\u00bbflip\u00a0\u00bb][\/et_pb_icon][\/et_pb_column][\/et_pb_row][et_pb_row _builder_version=\u00a0\u00bb4.24.2&Prime; _module_preset=\u00a0\u00bbdefault\u00a0\u00bb][et_pb_column _builder_version=\u00a0\u00bb4.24.2&Prime; _module_preset=\u00a0\u00bbdefault\u00a0\u00bb type=\u00a0\u00bb4_4&Prime;][et_pb_divider _builder_version=\u00a0\u00bb4.24.2&Prime; _module_preset=\u00a0\u00bbdefault\u00a0\u00bb divider_weight=\u00a0\u00bb34px\u00a0\u00bb hover_enabled=\u00a0\u00bb0&Prime; sticky_enabled=\u00a0\u00bb0&Prime;][\/et_pb_divider][\/et_pb_column][\/et_pb_row][et_pb_row _builder_version=\u00a0\u00bb4.24.2&Prime; _module_preset=\u00a0\u00bbdefault\u00a0\u00bb][et_pb_column _builder_version=\u00a0\u00bb4.24.2&Prime; _module_preset=\u00a0\u00bbdefault\u00a0\u00bb type=\u00a0\u00bb4_4&Prime;][et_pb_text _builder_version=\u00a0\u00bb4.24.2&Prime; _module_preset=\u00a0\u00bbdefault\u00a0\u00bb hover_enabled=\u00a0\u00bb0&Prime; sticky_enabled=\u00a0\u00bb0&Prime;]\n<p>Your content goes here. Edit or remove this text inline or in the module Content settings. You can also style every aspect of this content in the module Design settings and even apply custom CSS to this text in the module Advanced settings.<\/p>\n[\/et_pb_text][\/et_pb_column][\/et_pb_row][et_pb_row _builder_version=\u00a0\u00bb4.20.4&Prime; _module_preset=\u00a0\u00bbdefault\u00a0\u00bb background_color=\u00a0\u00bb#0c71c3&Prime; global_colors_info=\u00a0\u00bb{}\u00a0\u00bb][et_pb_column type=\u00a0\u00bb4_4&Prime; _builder_version=\u00a0\u00bb4.20.4&Prime; _module_preset=\u00a0\u00bbdefault\u00a0\u00bb global_colors_info=\u00a0\u00bb{}\u00a0\u00bb][et_pb_text _builder_version=\u00a0\u00bb4.20.4&Prime; _module_preset=\u00a0\u00bbdefault\u00a0\u00bb global_colors_info=\u00a0\u00bb{}\u00a0\u00bb]\n<h1 style=\"text-align: center\"><span style=\"color: #ffffff\">Journ\u00e9e portes ouvertes au <\/span><\/h1>\n<h1 style=\"text-align: center\"><span style=\"color: #ffffff\">lyc\u00e9e Mahatma Gandhi<\/span><\/h1>\n[\/et_pb_text][et_pb_image src=\u00a0\u00bbhttps:\/\/etab.ac-reunion.fr\/clg-chemin-morin\/wp-content\/uploads\/sites\/38\/2023\/04\/JPO-Affiche-scaled.jpg\u00a0\u00bb _builder_version=\u00a0\u00bb4.20.4&Prime; _module_preset=\u00a0\u00bbdefault\u00a0\u00bb global_colors_info=\u00a0\u00bb{}\u00a0\u00bb][\/et_pb_image][et_pb_image src=\u00a0\u00bbhttps:\/\/etab.ac-reunion.fr\/clg-chemin-morin\/wp-content\/uploads\/sites\/38\/2023\/04\/JPO-Invitation-copie.jpg\u00a0\u00bb _builder_version=\u00a0\u00bb4.20.4&Prime; _module_preset=\u00a0\u00bbdefault\u00a0\u00bb global_colors_info=\u00a0\u00bb{}\u00a0\u00bb][\/et_pb_image][\/et_pb_column][\/et_pb_row][et_pb_row _builder_version=\u00a0\u00bb4.20.4&Prime; _module_preset=\u00a0\u00bbdefault\u00a0\u00bb global_colors_info=\u00a0\u00bb{}\u00a0\u00bb][et_pb_column type=\u00a0\u00bb4_4&Prime; _builder_version=\u00a0\u00bb4.20.4&Prime; _module_preset=\u00a0\u00bbdefault\u00a0\u00bb global_colors_info=\u00a0\u00bb{}\u00a0\u00bb][et_pb_text _builder_version=\u00a0\u00bb4.20.4&Prime; _module_preset=\u00a0\u00bbdefault\u00a0\u00bb global_colors_info=\u00a0\u00bb{}\u00a0\u00bb][\/et_pb_text][\/et_pb_column][\/et_pb_row][\/et_pb_section]\n","protected":false},"excerpt":{"rendered":"<p>JOURN\u00c9ES PORTES OUVERTES Cette page est d\u00e9di\u00e9e aux journ\u00e9es portes ouvertes propos\u00e9es par les \u00e9tablissements de l&rsquo;\u00eele.JOURN\u00c9E PORTES OUVERTES &#8230; Le Lyc\u00e9e STELLA \u00e0 le plaisir de vous convier \u00e0 [&hellip;]<\/p>\n","protected":false},"author":32292,"featured_media":0,"parent":0,"menu_order":0,"comment_status":"closed","ping_status":"closed","template":"","meta":{"_et_pb_use_builder":"on","_et_pb_old_content":"","_et_gb_content_width":"","_EventAllDay":false,"_EventTimezone":"","_EventStartDate":"","_EventEndDate":"","_EventStartDateUTC":"","_EventEndDateUTC":"","_EventShowMap":false,"_EventShowMapLink":false,"_EventURL":"","_EventCost":"","_EventCostDescription":"","_EventCurrencySymbol":"","_EventCurrencyCode":"","_EventCurrencyPosition":"","_EventDateTimeSeparator":"","_EventTimeRangeSeparator":"","_EventOrganizerID":[],"_EventVenueID":[0],"_OrganizerEmail":"","_OrganizerPhone":"","_OrganizerWebsite":"","_VenueAddress":"","_VenueCity":"","_VenueCountry":"","_VenueProvince":"","_VenueState":"","_VenueZip":"","_VenuePhone":"","_VenueURL":"","_VenueStateProvince":"","_VenueLat":"","_VenueLng":"","_VenueShowMap":false,"_VenueShowMapLink":false,"footnotes":"","_links_to":"","_links_to_target":""},"class_list":["post-3128","page","type-page","status-publish","hentry"],"_links":{"self":[{"href":"https:\/\/etab.ac-reunion.fr\/clg-chemin-morin\/wp-json\/wp\/v2\/pages\/3128","targetHints":{"allow":["GET"]}}],"collection":[{"href":"https:\/\/etab.ac-reunion.fr\/clg-chemin-morin\/wp-json\/wp\/v2\/pages"}],"about":[{"href":"https:\/\/etab.ac-reunion.fr\/clg-chemin-morin\/wp-json\/wp\/v2\/types\/page"}],"author":[{"embeddable":true,"href":"https:\/\/etab.ac-reunion.fr\/clg-chemin-morin\/wp-json\/wp\/v2\/users\/32292"}],"replies":[{"embeddable":true,"href":"https:\/\/etab.ac-reunion.fr\/clg-chemin-morin\/wp-json\/wp\/v2\/comments?post=3128"}],"version-history":[{"count":7,"href":"https:\/\/etab.ac-reunion.fr\/clg-chemin-morin\/wp-json\/wp\/v2\/pages\/3128\/revisions"}],"predecessor-version":[{"id":3651,"href":"https:\/\/etab.ac-reunion.fr\/clg-chemin-morin\/wp-json\/wp\/v2\/pages\/3128\/revisions\/3651"}],"wp:attachment":[{"href":"https:\/\/etab.ac-reunion.fr\/clg-chemin-morin\/wp-json\/wp\/v2\/media?parent=3128"}],"curies":[{"name":"wp","href":"https:\/\/api.w.org\/{rel}","templated":true}]}}

JOURNÉES PORTES OUVERTES

[et_pb_section fb_built= »1&Prime; _builder_version= »4.20.4&Prime; _module_preset= »default » global_colors_info= »{} »][et_pb_row _builder_version= »4.20.4&Prime; _module_preset= »default » global_colors_info= »{} »][et_pb_column type= »4_4&Prime; _builder_version= »4.20.4&Prime; _module_preset= »default » global_colors_info= »{} »][et_pb_text _builder_version= »4.20.4&Prime; _module_preset= »default » background_enable_mask_style= »on » background_mask_style= »chevrons » background_mask_color= »rgba(24,142,134,0.48) » global_colors_info= »{} »]
<h1>JOURNÉES PORTES OUVERTES</h1>
<p style="text-align: center"><em>Cette page est dédiée aux journées portes ouvertes proposées par les établissements de l&rsquo;île.</em></p>
[/et_pb_text][/et_pb_column][/et_pb_row][et_pb_row column_structure= »2_5,3_5&Prime; _builder_version= »4.24.2&Prime; _module_preset= »default » global_colors_info= »{} »][et_pb_column type= »2_5&Prime; _builder_version= »4.24.2&Prime; _module_preset= »default » global_colors_info= »{} »][et_pb_text _builder_version= »4.24.2&Prime; _module_preset= »default » hover_enabled= »0&Prime; global_colors_info= »{} » sticky_enabled= »0&Prime;]
<h1 style="text-align: center"><span style="font-family: Arial"><br /><span style="color: #800000">JOURNÉE PORTES OUVERTES &#8230;</span></span></h1>
<h3 style="text-align: center"><span style="font-family: Arial"><span style="color: #800000">Le Lycée <strong>STELLA</strong> à le plaisir de vous convier à la journée portes ouvertes </span></span><span style="color: #800000"><b>spécifique et exclusive</b> à la maintenance aéronautique qui déroulera le 13 avril </span><span style="font-family: Arial"><span style="color: #800000">prochain.</span></span></h3>
<p>&nbsp;</p>
<p>&nbsp;</p>
[/et_pb_text][/et_pb_column][et_pb_column type= »3_5&Prime; _builder_version= »4.24.2&Prime; _module_preset= »default » global_colors_info= »{} »][et_pb_text _builder_version= »4.24.2&Prime; _module_preset= »default » hover_enabled= »0&Prime; sticky_enabled= »0&Prime;]
<p style="text-align: center"><strong></strong></p>
<p style="text-align: center"><strong></strong></p>
<p style="text-align: center"><strong></strong></p>
<p style="text-align: center"><strong></strong></p>
<p style="text-align: center"><strong></strong></p>
<p style="text-align: center"><strong></strong></p>
<p style="text-align: center"><strong>Pour regarder le PDF cliquez sur l’icône  !</strong></p>
[/et_pb_text][et_pb_icon _builder_version= »4.24.2&Prime; _module_preset= »default » font_icon= »&#xe035;||divi||400&Prime; url= »https://etab.ac-reunion.fr/clg-chemin-morin/wp-content/uploads/sites/38/2024/04/AFFICHE-JPO-AERONAUTIQUE-STELLA.pdf » hover_enabled= »0&Prime; sticky_enabled= »0&Prime; animation_style= »flip »][/et_pb_icon][/et_pb_column][/et_pb_row][et_pb_row _builder_version= »4.24.2&Prime; _module_preset= »default »][et_pb_column _builder_version= »4.24.2&Prime; _module_preset= »default » type= »4_4&Prime;][et_pb_divider _builder_version= »4.24.2&Prime; _module_preset= »default » divider_weight= »34px » hover_enabled= »0&Prime; sticky_enabled= »0&Prime;][/et_pb_divider][/et_pb_column][/et_pb_row][et_pb_row _builder_version= »4.24.2&Prime; _module_preset= »default »][et_pb_column _builder_version= »4.24.2&Prime; _module_preset= »default » type= »4_4&Prime;][et_pb_text _builder_version= »4.24.2&Prime; _module_preset= »default » hover_enabled= »0&Prime; sticky_enabled= »0&Prime;]
<p>Your content goes here. Edit or remove this text inline or in the module Content settings. You can also style every aspect of this content in the module Design settings and even apply custom CSS to this text in the module Advanced settings.</p>
[/et_pb_text][/et_pb_column][/et_pb_row][et_pb_row _builder_version= »4.20.4&Prime; _module_preset= »default » background_color= »#0c71c3&Prime; global_colors_info= »{} »][et_pb_column type= »4_4&Prime; _builder_version= »4.20.4&Prime; _module_preset= »default » global_colors_info= »{} »][et_pb_text _builder_version= »4.20.4&Prime; _module_preset= »default » global_colors_info= »{} »]
<h1 style="text-align: center"><span style="color: #ffffff">Journée portes ouvertes au </span></h1>
<h1 style="text-align: center"><span style="color: #ffffff">lycée Mahatma Gandhi</span></h1>
[/et_pb_text][et_pb_image src= »https://etab.ac-reunion.fr/clg-chemin-morin/wp-content/uploads/sites/38/2023/04/JPO-Affiche-scaled.jpg » _builder_version= »4.20.4&Prime; _module_preset= »default » global_colors_info= »{} »][/et_pb_image][et_pb_image src= »https://etab.ac-reunion.fr/clg-chemin-morin/wp-content/uploads/sites/38/2023/04/JPO-Invitation-copie.jpg » _builder_version= »4.20.4&Prime; _module_preset= »default » global_colors_info= »{} »][/et_pb_image][/et_pb_column][/et_pb_row][et_pb_row _builder_version= »4.20.4&Prime; _module_preset= »default » global_colors_info= »{} »][et_pb_column type= »4_4&Prime; _builder_version= »4.20.4&Prime; _module_preset= »default » global_colors_info= »{} »][et_pb_text _builder_version= »4.20.4&Prime; _module_preset= »default » global_colors_info= »{} »][/et_pb_text][/et_pb_column][/et_pb_row][/et_pb_section]

<p>JOURNÉES PORTES OUVERTES Cette page est dédiée aux journées portes ouvertes proposées par les établissements de l&rsquo;île.JOURNÉE PORTES OUVERTES &#8230; Le Lycée STELLA à le plaisir de vous convier à [&hellip;]</p>
