{"id":3168,"date":"2023-04-12T09:14:28","date_gmt":"2023-04-12T05:14:28","guid":{"rendered":"https:\/\/etab.ac-reunion.fr\/clg-chemin-morin\/?page_id=3168"},"modified":"2024-05-22T08:12:01","modified_gmt":"2024-05-22T04:12:01","slug":"parcours-sante","status":"publish","type":"page","link":"https:\/\/etab.ac-reunion.fr\/clg-chemin-morin\/parcours-sante\/","title":{"rendered":"PARCOURS SANT\u00c9"},"content":{"rendered":"[et_pb_section fb_built=\u00a0\u00bb1&Prime; _builder_version=\u00a0\u00bb4.20.4&Prime; _module_preset=\u00a0\u00bbdefault\u00a0\u00bb global_colors_info=\u00a0\u00bb{}\u00a0\u00bb][et_pb_row _builder_version=\u00a0\u00bb4.20.4&Prime; _module_preset=\u00a0\u00bbdefault\u00a0\u00bb custom_padding=\u00a0\u00bb||38px|||\u00a0\u00bb global_colors_info=\u00a0\u00bb{}\u00a0\u00bb][et_pb_column type=\u00a0\u00bb4_4&Prime; _builder_version=\u00a0\u00bb4.20.4&Prime; _module_preset=\u00a0\u00bbdefault\u00a0\u00bb global_colors_info=\u00a0\u00bb{}\u00a0\u00bb][et_pb_text _builder_version=\u00a0\u00bb4.20.4&Prime; _module_preset=\u00a0\u00bbdefault\u00a0\u00bb background_color=\u00a0\u00bbrgba(224,43,32,0)\u00a0\u00bb background_enable_pattern_style=\u00a0\u00bbon\u00a0\u00bb background_pattern_style=\u00a0\u00bbpinwheel\u00a0\u00bb background_enable_mask_style=\u00a0\u00bbon\u00a0\u00bb background_mask_color=\u00a0\u00bbrgba(237,34,244,0.21)\u00a0\u00bb min_height=\u00a0\u00bb60.8px\u00a0\u00bb custom_margin=\u00a0\u00bb||-29px||false|false\u00a0\u00bb custom_padding=\u00a0\u00bb||77px||false|false\u00a0\u00bb global_colors_info=\u00a0\u00bb{}\u00a0\u00bb]\n<h1 style=\"text-align: center\"><span style=\"color: #993366\"><\/span><\/h1>\n<h1 style=\"text-align: center\"><span style=\"color: #993366\"><\/span><\/h1>\n<h1 style=\"text-align: center\"><span style=\"color: #993366\">PARCOURS SANT\u00c9<\/span><\/h1>\n[\/et_pb_text][et_pb_image src=\u00a0\u00bbhttps:\/\/etab.ac-reunion.fr\/clg-chemin-morin\/wp-content\/uploads\/sites\/38\/2023\/04\/parcours_sante.jpeg\u00a0\u00bb _builder_version=\u00a0\u00bb4.20.4&Prime; _module_preset=\u00a0\u00bbdefault\u00a0\u00bb global_colors_info=\u00a0\u00bb{}\u00a0\u00bb][\/et_pb_image][et_pb_divider _builder_version=\u00a0\u00bb4.20.4&Prime; _module_preset=\u00a0\u00bbdefault\u00a0\u00bb background_color=\u00a0\u00bb#ed21a5&Prime; background_enable_mask_style=\u00a0\u00bbon\u00a0\u00bb background_mask_style=\u00a0\u00bbpaint\u00a0\u00bb background_mask_transform=\u00a0\u00bbflip_horizontal|flip_vertical|invert\u00a0\u00bb global_colors_info=\u00a0\u00bb{}\u00a0\u00bb][\/et_pb_divider][\/et_pb_column][\/et_pb_row][et_pb_row _builder_version=\u00a0\u00bb4.25.1&Prime; _module_preset=\u00a0\u00bbdefault\u00a0\u00bb][et_pb_column _builder_version=\u00a0\u00bb4.25.1&Prime; _module_preset=\u00a0\u00bbdefault\u00a0\u00bb type=\u00a0\u00bb4_4&Prime;][et_pb_text _builder_version=\u00a0\u00bb4.25.1&Prime; _module_preset=\u00a0\u00bbdefault\u00a0\u00bb hover_enabled=\u00a0\u00bb0&Prime; sticky_enabled=\u00a0\u00bb0&Prime;]\n<h1 style=\"text-align: center\">Action de pr\u00e9vention dans les \u00e9tablissements scolaires\u00a0<\/h1>\n[\/et_pb_text][\/et_pb_column][\/et_pb_row][et_pb_row column_structure=\u00a0\u00bb2_5,3_5&Prime; _builder_version=\u00a0\u00bb4.25.1&Prime; _module_preset=\u00a0\u00bbdefault\u00a0\u00bb global_colors_info=\u00a0\u00bb{}\u00a0\u00bb][et_pb_column type=\u00a0\u00bb2_5&Prime; _builder_version=\u00a0\u00bb4.25.1&Prime; _module_preset=\u00a0\u00bbdefault\u00a0\u00bb global_colors_info=\u00a0\u00bb{}\u00a0\u00bb][et_pb_text _builder_version=\u00a0\u00bb4.25.1&Prime; _module_preset=\u00a0\u00bbdefault\u00a0\u00bb global_colors_info=\u00a0\u00bb{}\u00a0\u00bb]\n<p style=\"text-align: justify\"><span><span style=\"color: #0000ff\">N<\/span>ous sommes 4 \u00e9tudiantes dans la sant\u00e9, 3 futures infirmi\u00e8res et une future sage-femme.<\/span><br \/><span>Dans le cadre de nos \u00e9tudes nous devons r\u00e9aliser le service sanitaire. Il s\u2019agit d\u2019une action de pr\u00e9vention dans des \u00e9tablissements scolaires sur un th\u00e8me de la sant\u00e9.<\/span><br \/><span>Cette ann\u00e9e au sein du coll\u00e8ge Chemin Morin, nous avons pu la mettre en place avec toutes les classes de 5\u00e8me.<\/span><br \/><span>Le th\u00e8me que nous avons trait\u00e9 est celui du corps, nous avons abord\u00e9 l\u2019hygi\u00e8ne bucco-dentaire et corporelle.<\/span><br \/><span>De nombreuses activit\u00e9s ont \u00e9t\u00e9 pr\u00e9par\u00e9es : un atelier brossage de dents, des puzzles d\u2019anatomie de la m\u00e2choire et de la bouche, une pr\u00e9sentation des pathologies dentaires, un d\u00e9bat sur les techniques de protection dentaire, des challenges sur les produits d\u2019hygi\u00e8ne et la technique de lavage du corps, une pr\u00e9sentation des poux et leur transmission, un d\u00e9bat sur les comp\u00e9tences psychosociales,\u2026<\/span><br \/><span>Un flyer avec les informations r\u00e9capitulatives sera disponible \u00e0 tous sur pronote. <\/span><br \/><span>Un grand merci \u00e0 la participation des \u00e9l\u00e8ves sans qui notre intervention n\u2019aurait pas \u00e9t\u00e9 r\u00e9alisable !<\/span><br \/><span>Merci pour le travail et la collaboration avec l\u2019\u00e9quipe d\u2019infirmiers du coll\u00e8ge et l\u2019\u00e9quipe de direction qui nous ont permis de monter cette intervention.<\/span><\/p>\n<p><span style=\"color: #0000ff\"><em>Camille, Hawa, Yousrah et Tawa\u00a0<\/em><\/span><\/p>\n[\/et_pb_text][\/et_pb_column][et_pb_column type=\u00a0\u00bb3_5&Prime; _builder_version=\u00a0\u00bb4.25.1&Prime; _module_preset=\u00a0\u00bbdefault\u00a0\u00bb global_colors_info=\u00a0\u00bb{}\u00a0\u00bb][et_pb_gallery gallery_ids=\u00a0\u00bb3719,3717,3716,3720,3721,3722&Prime; _builder_version=\u00a0\u00bb4.25.1&Prime; _module_preset=\u00a0\u00bbdefault\u00a0\u00bb hover_enabled=\u00a0\u00bb0&Prime; global_colors_info=\u00a0\u00bb{}\u00a0\u00bb sticky_enabled=\u00a0\u00bb0&Prime;][\/et_pb_gallery][\/et_pb_column][\/et_pb_row][et_pb_row _builder_version=\u00a0\u00bb4.25.1&Prime; _module_preset=\u00a0\u00bbdefault\u00a0\u00bb][et_pb_column _builder_version=\u00a0\u00bb4.25.1&Prime; _module_preset=\u00a0\u00bbdefault\u00a0\u00bb type=\u00a0\u00bb4_4&Prime;][et_pb_divider _builder_version=\u00a0\u00bb4.25.1&Prime; _module_preset=\u00a0\u00bbdefault\u00a0\u00bb divider_weight=\u00a0\u00bb48px\u00a0\u00bb hover_enabled=\u00a0\u00bb0&Prime; sticky_enabled=\u00a0\u00bb0&Prime;][\/et_pb_divider][\/et_pb_column][\/et_pb_row][et_pb_row column_structure=\u00a0\u00bb2_5,3_5&Prime; _builder_version=\u00a0\u00bb4.25.0&Prime; _module_preset=\u00a0\u00bbdefault\u00a0\u00bb global_colors_info=\u00a0\u00bb{}\u00a0\u00bb][et_pb_column type=\u00a0\u00bb2_5&Prime; _builder_version=\u00a0\u00bb4.25.0&Prime; _module_preset=\u00a0\u00bbdefault\u00a0\u00bb global_colors_info=\u00a0\u00bb{}\u00a0\u00bb][et_pb_text _builder_version=\u00a0\u00bb4.25.0&Prime; _module_preset=\u00a0\u00bbdefault\u00a0\u00bb global_colors_info=\u00a0\u00bb{}\u00a0\u00bb]\n<h1 style=\"text-align: center\">Cacao Pei !<\/h1>\n<p style=\"text-align: justify\">Les 601 et 608 se sont aventur\u00e9s dans la d\u00e9couverte toute en douceur de son origine et de sa fabrication. Gr\u00e2ce \u00e0 Sciences R\u00e9union et \u00e0 Monsieur <span style=\"color: #000080\"><strong>HUBERT Hervet<\/strong><\/span> de <span style=\"color: #000080\"><strong>Cacao P\u00e9i<\/strong><\/span>, les \u00e9l\u00e8ves ont assimil\u00e9, de mani\u00e8re ludique, des connaissances sur cette exquise gourmandise\u00a0!<\/p>\n[\/et_pb_text][et_pb_button button_url=\u00a0\u00bbhttps:\/\/etab.ac-reunion.fr\/clg-chemin-morin\/wp-content\/uploads\/sites\/38\/2024\/04\/Article-CACAO-PEI-SCIENCES-REUNION-1.odt\u00a0\u00bb button_text=\u00a0\u00bb\u00c0 vous de jouer !\u00a0\u00bb _builder_version=\u00a0\u00bb4.25.0&Prime; _module_preset=\u00a0\u00bbdefault\u00a0\u00bb custom_button=\u00a0\u00bbon\u00a0\u00bb button_text_size=\u00a0\u00bb34px\u00a0\u00bb button_text_color=\u00a0\u00bb#0C71C3&Prime; custom_margin=\u00a0\u00bb|||14px|false|false\u00a0\u00bb animation_style=\u00a0\u00bbroll\u00a0\u00bb global_colors_info=\u00a0\u00bb{}\u00a0\u00bb][\/et_pb_button][\/et_pb_column][et_pb_column type=\u00a0\u00bb3_5&Prime; _builder_version=\u00a0\u00bb4.25.0&Prime; _module_preset=\u00a0\u00bbdefault\u00a0\u00bb global_colors_info=\u00a0\u00bb{}\u00a0\u00bb][et_pb_image src=\u00a0\u00bbhttps:\/\/etab.ac-reunion.fr\/clg-chemin-morin\/wp-content\/uploads\/sites\/38\/2024\/04\/20240403_110801-scaled.jpg\u00a0\u00bb _builder_version=\u00a0\u00bb4.25.0&Prime; _module_preset=\u00a0\u00bbdefault\u00a0\u00bb global_colors_info=\u00a0\u00bb{}\u00a0\u00bb][\/et_pb_image][\/et_pb_column][\/et_pb_row][\/et_pb_section]\n","protected":false},"excerpt":{"rendered":"<p>PARCOURS SANT\u00c9Action de pr\u00e9vention dans les \u00e9tablissements scolaires\u00a0Nous sommes 4 \u00e9tudiantes dans la sant\u00e9, 3 futures infirmi\u00e8res et une future sage-femme.Dans le cadre de nos \u00e9tudes nous devons r\u00e9aliser le [&hellip;]<\/p>\n","protected":false},"author":32292,"featured_media":0,"parent":0,"menu_order":0,"comment_status":"closed","ping_status":"closed","template":"","meta":{"_et_pb_use_builder":"on","_et_pb_old_content":"","_et_gb_content_width":"","_EventAllDay":false,"_EventTimezone":"","_EventStartDate":"","_EventEndDate":"","_EventStartDateUTC":"","_EventEndDateUTC":"","_EventShowMap":false,"_EventShowMapLink":false,"_EventURL":"","_EventCost":"","_EventCostDescription":"","_EventCurrencySymbol":"","_EventCurrencyCode":"","_EventCurrencyPosition":"","_EventDateTimeSeparator":"","_EventTimeRangeSeparator":"","_EventOrganizerID":[],"_EventVenueID":[0],"_OrganizerEmail":"","_OrganizerPhone":"","_OrganizerWebsite":"","_VenueAddress":"","_VenueCity":"","_VenueCountry":"","_VenueProvince":"","_VenueState":"","_VenueZip":"","_VenuePhone":"","_VenueURL":"","_VenueStateProvince":"","_VenueLat":"","_VenueLng":"","_VenueShowMap":false,"_VenueShowMapLink":false,"footnotes":"","_links_to":"","_links_to_target":""},"class_list":["post-3168","page","type-page","status-publish","hentry"],"_links":{"self":[{"href":"https:\/\/etab.ac-reunion.fr\/clg-chemin-morin\/wp-json\/wp\/v2\/pages\/3168","targetHints":{"allow":["GET"]}}],"collection":[{"href":"https:\/\/etab.ac-reunion.fr\/clg-chemin-morin\/wp-json\/wp\/v2\/pages"}],"about":[{"href":"https:\/\/etab.ac-reunion.fr\/clg-chemin-morin\/wp-json\/wp\/v2\/types\/page"}],"author":[{"embeddable":true,"href":"https:\/\/etab.ac-reunion.fr\/clg-chemin-morin\/wp-json\/wp\/v2\/users\/32292"}],"replies":[{"embeddable":true,"href":"https:\/\/etab.ac-reunion.fr\/clg-chemin-morin\/wp-json\/wp\/v2\/comments?post=3168"}],"version-history":[{"count":8,"href":"https:\/\/etab.ac-reunion.fr\/clg-chemin-morin\/wp-json\/wp\/v2\/pages\/3168\/revisions"}],"predecessor-version":[{"id":3724,"href":"https:\/\/etab.ac-reunion.fr\/clg-chemin-morin\/wp-json\/wp\/v2\/pages\/3168\/revisions\/3724"}],"wp:attachment":[{"href":"https:\/\/etab.ac-reunion.fr\/clg-chemin-morin\/wp-json\/wp\/v2\/media?parent=3168"}],"curies":[{"name":"wp","href":"https:\/\/api.w.org\/{rel}","templated":true}]}}

PARCOURS SANTÉ

[et_pb_section fb_built= »1&Prime; _builder_version= »4.20.4&Prime; _module_preset= »default » global_colors_info= »{} »][et_pb_row _builder_version= »4.20.4&Prime; _module_preset= »default » custom_padding= »||38px||| » global_colors_info= »{} »][et_pb_column type= »4_4&Prime; _builder_version= »4.20.4&Prime; _module_preset= »default » global_colors_info= »{} »][et_pb_text _builder_version= »4.20.4&Prime; _module_preset= »default » background_color= »rgba(224,43,32,0) » background_enable_pattern_style= »on » background_pattern_style= »pinwheel » background_enable_mask_style= »on » background_mask_color= »rgba(237,34,244,0.21) » min_height= »60.8px » custom_margin= »||-29px||false|false » custom_padding= »||77px||false|false » global_colors_info= »{} »]
<h1 style="text-align: center"><span style="color: #993366"></span></h1>
<h1 style="text-align: center"><span style="color: #993366"></span></h1>
<h1 style="text-align: center"><span style="color: #993366">PARCOURS SANTÉ</span></h1>
[/et_pb_text][et_pb_image src= »https://etab.ac-reunion.fr/clg-chemin-morin/wp-content/uploads/sites/38/2023/04/parcours_sante.jpeg » _builder_version= »4.20.4&Prime; _module_preset= »default » global_colors_info= »{} »][/et_pb_image][et_pb_divider _builder_version= »4.20.4&Prime; _module_preset= »default » background_color= »#ed21a5&Prime; background_enable_mask_style= »on » background_mask_style= »paint » background_mask_transform= »flip_horizontal|flip_vertical|invert » global_colors_info= »{} »][/et_pb_divider][/et_pb_column][/et_pb_row][et_pb_row _builder_version= »4.25.1&Prime; _module_preset= »default »][et_pb_column _builder_version= »4.25.1&Prime; _module_preset= »default » type= »4_4&Prime;][et_pb_text _builder_version= »4.25.1&Prime; _module_preset= »default » hover_enabled= »0&Prime; sticky_enabled= »0&Prime;]
<h1 style="text-align: center">Action de prévention dans les établissements scolaires </h1>
[/et_pb_text][/et_pb_column][/et_pb_row][et_pb_row column_structure= »2_5,3_5&Prime; _builder_version= »4.25.1&Prime; _module_preset= »default » global_colors_info= »{} »][et_pb_column type= »2_5&Prime; _builder_version= »4.25.1&Prime; _module_preset= »default » global_colors_info= »{} »][et_pb_text _builder_version= »4.25.1&Prime; _module_preset= »default » global_colors_info= »{} »]
<p style="text-align: justify"><span><span style="color: #0000ff">N</span>ous sommes 4 étudiantes dans la santé, 3 futures infirmières et une future sage-femme.</span><br /><span>Dans le cadre de nos études nous devons réaliser le service sanitaire. Il s’agit d’une action de prévention dans des établissements scolaires sur un thème de la santé.</span><br /><span>Cette année au sein du collège Chemin Morin, nous avons pu la mettre en place avec toutes les classes de 5ème.</span><br /><span>Le thème que nous avons traité est celui du corps, nous avons abordé l’hygiène bucco-dentaire et corporelle.</span><br /><span>De nombreuses activités ont été préparées : un atelier brossage de dents, des puzzles d’anatomie de la mâchoire et de la bouche, une présentation des pathologies dentaires, un débat sur les techniques de protection dentaire, des challenges sur les produits d’hygiène et la technique de lavage du corps, une présentation des poux et leur transmission, un débat sur les compétences psychosociales,…</span><br /><span>Un flyer avec les informations récapitulatives sera disponible à tous sur pronote. </span><br /><span>Un grand merci à la participation des élèves sans qui notre intervention n’aurait pas été réalisable !</span><br /><span>Merci pour le travail et la collaboration avec l’équipe d’infirmiers du collège et l’équipe de direction qui nous ont permis de monter cette intervention.</span></p>
<p><span style="color: #0000ff"><em>Camille, Hawa, Yousrah et Tawa </em></span></p>
[/et_pb_text][/et_pb_column][et_pb_column type= »3_5&Prime; _builder_version= »4.25.1&Prime; _module_preset= »default » global_colors_info= »{} »][et_pb_gallery gallery_ids= »3719,3717,3716,3720,3721,3722&Prime; _builder_version= »4.25.1&Prime; _module_preset= »default » hover_enabled= »0&Prime; global_colors_info= »{} » sticky_enabled= »0&Prime;][/et_pb_gallery][/et_pb_column][/et_pb_row][et_pb_row _builder_version= »4.25.1&Prime; _module_preset= »default »][et_pb_column _builder_version= »4.25.1&Prime; _module_preset= »default » type= »4_4&Prime;][et_pb_divider _builder_version= »4.25.1&Prime; _module_preset= »default » divider_weight= »48px » hover_enabled= »0&Prime; sticky_enabled= »0&Prime;][/et_pb_divider][/et_pb_column][/et_pb_row][et_pb_row column_structure= »2_5,3_5&Prime; _builder_version= »4.25.0&Prime; _module_preset= »default » global_colors_info= »{} »][et_pb_column type= »2_5&Prime; _builder_version= »4.25.0&Prime; _module_preset= »default » global_colors_info= »{} »][et_pb_text _builder_version= »4.25.0&Prime; _module_preset= »default » global_colors_info= »{} »]
<h1 style="text-align: center">Cacao Pei !</h1>
<p style="text-align: justify">Les 601 et 608 se sont aventurés dans la découverte toute en douceur de son origine et de sa fabrication. Grâce à Sciences Réunion et à Monsieur <span style="color: #000080"><strong>HUBERT Hervet</strong></span> de <span style="color: #000080"><strong>Cacao Péi</strong></span>, les élèves ont assimilé, de manière ludique, des connaissances sur cette exquise gourmandise !</p>
[/et_pb_text][et_pb_button button_url= »https://etab.ac-reunion.fr/clg-chemin-morin/wp-content/uploads/sites/38/2024/04/Article-CACAO-PEI-SCIENCES-REUNION-1.odt » button_text= »À vous de jouer ! » _builder_version= »4.25.0&Prime; _module_preset= »default » custom_button= »on » button_text_size= »34px » button_text_color= »#0C71C3&Prime; custom_margin= »|||14px|false|false » animation_style= »roll » global_colors_info= »{} »][/et_pb_button][/et_pb_column][et_pb_column type= »3_5&Prime; _builder_version= »4.25.0&Prime; _module_preset= »default » global_colors_info= »{} »][et_pb_image src= »https://etab.ac-reunion.fr/clg-chemin-morin/wp-content/uploads/sites/38/2024/04/20240403_110801-scaled.jpg » _builder_version= »4.25.0&Prime; _module_preset= »default » global_colors_info= »{} »][/et_pb_image][/et_pb_column][/et_pb_row][/et_pb_section]

<p>PARCOURS SANTÉAction de prévention dans les établissements scolaires Nous sommes 4 étudiantes dans la santé, 3 futures infirmières et une future sage-femme.Dans le cadre de nos études nous devons réaliser le [&hellip;]</p>
