{"id":3222,"date":"2023-04-20T10:50:47","date_gmt":"2023-04-20T06:50:47","guid":{"rendered":"https:\/\/etab.ac-reunion.fr\/clg-chemin-morin\/?page_id=3222"},"modified":"2023-04-26T08:12:18","modified_gmt":"2023-04-26T04:12:18","slug":"section-sportive","status":"publish","type":"page","link":"https:\/\/etab.ac-reunion.fr\/clg-chemin-morin\/section-sportive\/","title":{"rendered":"SECTION SPORTIVE"},"content":{"rendered":"[et_pb_section fb_built=\u00a0\u00bb1&Prime; _builder_version=\u00a0\u00bb4.20.4&Prime; _module_preset=\u00a0\u00bbdefault\u00a0\u00bb global_colors_info=\u00a0\u00bb{}\u00a0\u00bb][et_pb_row _builder_version=\u00a0\u00bb4.20.4&Prime; _module_preset=\u00a0\u00bbdefault\u00a0\u00bb global_colors_info=\u00a0\u00bb{}\u00a0\u00bb][et_pb_column type=\u00a0\u00bb4_4&Prime; _builder_version=\u00a0\u00bb4.20.4&Prime; _module_preset=\u00a0\u00bbdefault\u00a0\u00bb global_colors_info=\u00a0\u00bb{}\u00a0\u00bb][et_pb_text _builder_version=\u00a0\u00bb4.20.4&Prime; _module_preset=\u00a0\u00bbdefault\u00a0\u00bb background_color=\u00a0\u00bb#000000&Prime; background_enable_mask_style=\u00a0\u00bbon\u00a0\u00bb background_mask_transform=\u00a0\u00bbinvert\u00a0\u00bb min_height=\u00a0\u00bb173.8px\u00a0\u00bb global_colors_info=\u00a0\u00bb{}\u00a0\u00bb]\n<h1 style=\"text-align: left\"><span style=\"color: #ffffff\"><\/span><\/h1>\n<h1 style=\"text-align: left\"><span style=\"color: #ffffff\"><\/span><\/h1>\n<h1 style=\"text-align: left\"><span style=\"color: #ffffff\">\u00a0<\/span><span style=\"color: #ffffff\"> \u00a0 \u00a0 \u00a0 \u00a0 \u00a0 \u00a0SECTION <span style=\"color: #ffff00\">SP<\/span><span style=\"color: #ffcc00\">OR<\/span><span style=\"color: #ff9900\">TI<span style=\"color: #ff6600\">VE<\/span><\/span><\/span><\/h1>\n[\/et_pb_text][et_pb_image src=\u00a0\u00bbhttps:\/\/etab.ac-reunion.fr\/clg-chemin-morin\/wp-content\/uploads\/sites\/38\/2023\/04\/Logo-section-dexcellence-sportive.jpg\u00a0\u00bb title_text=\u00a0\u00bbLogo section d&rsquo;excellence sportive\u00a0\u00bb _builder_version=\u00a0\u00bb4.20.4&Prime; _module_preset=\u00a0\u00bbdefault\u00a0\u00bb width=\u00a0\u00bb39%\u00a0\u00bb custom_margin=\u00a0\u00bb-249px|||651px|false|false\u00a0\u00bb custom_padding=\u00a0\u00bb3px|||||\u00a0\u00bb global_colors_info=\u00a0\u00bb{}\u00a0\u00bb][\/et_pb_image][\/et_pb_column][\/et_pb_row][et_pb_row _builder_version=\u00a0\u00bb4.20.4&Prime; _module_preset=\u00a0\u00bbdefault\u00a0\u00bb][et_pb_column _builder_version=\u00a0\u00bb4.20.4&Prime; _module_preset=\u00a0\u00bbdefault\u00a0\u00bb type=\u00a0\u00bb4_4&Prime;][et_pb_image src=\u00a0\u00bbhttps:\/\/etab.ac-reunion.fr\/clg-chemin-morin\/wp-content\/uploads\/sites\/38\/2023\/04\/Capture-decran-2023-04-26-a-08.05.30.png\u00a0\u00bb _builder_version=\u00a0\u00bb4.20.4&Prime; _module_preset=\u00a0\u00bbdefault\u00a0\u00bb title_text=\u00a0\u00bbCapture d\u2019e\u0301cran 2023-04-26 a\u0300 08.05.30&Prime; animation_style=\u00a0\u00bbfold\u00a0\u00bb hover_enabled=\u00a0\u00bb0&Prime; sticky_enabled=\u00a0\u00bb0&Prime;][\/et_pb_image][\/et_pb_column][\/et_pb_row][et_pb_row _builder_version=\u00a0\u00bb4.20.4&Prime; _module_preset=\u00a0\u00bbdefault\u00a0\u00bb global_colors_info=\u00a0\u00bb{}\u00a0\u00bb][et_pb_column type=\u00a0\u00bb4_4&Prime; _builder_version=\u00a0\u00bb4.20.4&Prime; _module_preset=\u00a0\u00bbdefault\u00a0\u00bb global_colors_info=\u00a0\u00bb{}\u00a0\u00bb][et_pb_text _builder_version=\u00a0\u00bb4.20.4&Prime; _module_preset=\u00a0\u00bbdefault\u00a0\u00bb background_color=\u00a0\u00bbrgba(124,218,36,0.13)\u00a0\u00bb background_enable_mask_style=\u00a0\u00bbon\u00a0\u00bb global_colors_info=\u00a0\u00bb{}\u00a0\u00bb]\n<h1 class=\"p1\" style=\"text-align: center\"><b>LE COLL\u00c8GE CHEMIN MORIN<span class=\"Apple-converted-space\">\u00a0<\/span><\/b><\/h1>\n<h1 class=\"p1\" style=\"text-align: center\"><b>AUX CHAMPIONNATS DE FRANCE UNSS<\/b><\/h1>\n<h1 class=\"p1\" style=\"text-align: center\"><b>DE BADMINTON 2022 A AVIGNON<\/b><\/h1>\n[\/et_pb_text][\/et_pb_column][\/et_pb_row][et_pb_row column_structure=\u00a0\u00bb2_5,3_5&Prime; _builder_version=\u00a0\u00bb4.20.4&Prime; _module_preset=\u00a0\u00bbdefault\u00a0\u00bb global_colors_info=\u00a0\u00bb{}\u00a0\u00bb][et_pb_column type=\u00a0\u00bb2_5&Prime; _builder_version=\u00a0\u00bb4.20.4&Prime; _module_preset=\u00a0\u00bbdefault\u00a0\u00bb global_colors_info=\u00a0\u00bb{}\u00a0\u00bb][et_pb_text _builder_version=\u00a0\u00bb4.20.4&Prime; _module_preset=\u00a0\u00bbdefault\u00a0\u00bb global_colors_info=\u00a0\u00bb{}\u00a0\u00bb]\n<p class=\"p1\" style=\"text-align: center\">13 \u00e9l\u00e8ves du coll\u00e8ge Chemin Morin \u00e0 Saint-Andr\u00e9, ont particip\u00e9 aux championnats de France UNSS de badminton \u00e0 Avignon du 27 mai au 5 juin.<\/p>\n<p class=\"p2\" style=\"text-align: center\">\n<p class=\"p3\" style=\"text-align: center\"><strong><span style=\"color: #008080\">Le groupe<\/span><\/strong><\/p>\n<p class=\"p1\" style=\"text-align: center\">2 \u00e9quipes de 6 et 7 joueurs de la 6\u00e8me \u00e0 la 3\u00e8me ont particip\u00e9 aux championnats de France dans les cat\u00e9gories \u00ab\u00a0\u00c9tablissement\u00a0\u00bb et \u00ab\u00a0Excellence\u00a0\u00bb.<span class=\"Apple-converted-space\">\u00a0<\/span><\/p>\n<p class=\"p1\" style=\"text-align: center\">\u00c9quipe \u00c9tablissement :<span class=\"Apple-converted-space\">\u00a0<\/span><\/p>\n<ul class=\"ul1\" style=\"text-align: center\">\n<li class=\"li1\"><span class=\"s1\"><\/span>6 joueurs (Maxime Boisset, Rapha\u00ebl Eth\u00e8ve, Maud Gallissiaz, Teri Poiny, Na\u00ebl Rivi\u00e8re, Irina Tortillard) et une juge arbitre (Maya Boyer Fourel)<\/li>\n<\/ul>\n<p class=\"p1\" style=\"text-align: center\">\u00c9quipe Excellence :<span class=\"Apple-converted-space\">\u00a0<\/span><\/p>\n<ul class=\"ul1\" style=\"text-align: center\">\n<li class=\"li1\"><span class=\"s1\"><\/span>6 joueurs (Noah Cayol, Elia Faure, Lukas Hoareau, Louise Maillot, Mathis Mara, Maelys Rivi\u00e8re) et une juge arbitre (Rapha\u00ebl Eth\u00e8ve)<\/li>\n<li class=\"li1\"><span class=\"s1\"><\/span>2 accompagnateurs :<\/li>\n<\/ul>\n<p class=\"p1\" style=\"text-align: center\">Luc Balbine et Paul Coulombier (professeurs responsables de la section sportive scolaire badminton).<\/p>\n<p class=\"p1\" style=\"text-align: center\">L\u2019ensemble des \u00e9l\u00e8ves suit l\u2019un des parcours d\u2019excellence \u00ab\u00a0option badminton\u00a0\u00bb ou \u00ab\u00a0section sportive scolaire badminton\u00a0\u00bb propos\u00e9 au coll\u00e8ge Chemin Morin, et sont inscrits au Badminton Club de Saint-Andr\u00e9 (BCSA).<\/p>\n<p class=\"p2\" style=\"text-align: center\">\n<p class=\"p2\">[\/et_pb_text][\/et_pb_column][et_pb_column type=\u00a0\u00bb3_5&Prime; _builder_version=\u00a0\u00bb4.20.4&Prime; _module_preset=\u00a0\u00bbdefault\u00a0\u00bb global_colors_info=\u00a0\u00bb{}\u00a0\u00bb][et_pb_gallery gallery_ids=\u00a0\u00bb3231,3232,3233,3234,3235,3236,3237&Prime; _builder_version=\u00a0\u00bb4.20.4&Prime; _module_preset=\u00a0\u00bbdefault\u00a0\u00bb global_colors_info=\u00a0\u00bb{}\u00a0\u00bb][\/et_pb_gallery][et_pb_button button_url=\u00a0\u00bbhttps:\/\/etab.ac-reunion.fr\/clg-chemin-morin\/wp-content\/uploads\/sites\/38\/2023\/04\/CLG-C.MORIN-CDF-2022-1.pdf\u00a0\u00bb button_text=\u00a0\u00bbLire l&rsquo;article\u00a0\u00bb _builder_version=\u00a0\u00bb4.20.4&Prime; _module_preset=\u00a0\u00bbdefault\u00a0\u00bb custom_button=\u00a0\u00bbon\u00a0\u00bb button_text_size=\u00a0\u00bb35px\u00a0\u00bb button_text_color=\u00a0\u00bb#E09900&Prime; button_border_width=\u00a0\u00bb14px\u00a0\u00bb custom_margin=\u00a0\u00bb|||199px|false|false\u00a0\u00bb custom_padding=\u00a0\u00bb|||0px|false|false\u00a0\u00bb animation_style=\u00a0\u00bbroll\u00a0\u00bb global_colors_info=\u00a0\u00bb{}\u00a0\u00bb][\/et_pb_button][\/et_pb_column][\/et_pb_row][et_pb_row _builder_version=\u00a0\u00bb4.20.4&Prime; _module_preset=\u00a0\u00bbdefault\u00a0\u00bb global_colors_info=\u00a0\u00bb{}\u00a0\u00bb][et_pb_column type=\u00a0\u00bb4_4&Prime; _builder_version=\u00a0\u00bb4.20.4&Prime; _module_preset=\u00a0\u00bbdefault\u00a0\u00bb global_colors_info=\u00a0\u00bb{}\u00a0\u00bb][et_pb_divider show_divider=\u00a0\u00bboff\u00a0\u00bb _builder_version=\u00a0\u00bb4.20.4&Prime; _module_preset=\u00a0\u00bbdefault\u00a0\u00bb background_color=\u00a0\u00bb#E09900&Prime; background_enable_mask_style=\u00a0\u00bbon\u00a0\u00bb background_mask_style=\u00a0\u00bbchevrons\u00a0\u00bb global_colors_info=\u00a0\u00bb{}\u00a0\u00bb][\/et_pb_divider][\/et_pb_column][\/et_pb_row][et_pb_row _builder_version=\u00a0\u00bb4.20.4&Prime; _module_preset=\u00a0\u00bbdefault\u00a0\u00bb global_colors_info=\u00a0\u00bb{}\u00a0\u00bb][et_pb_column type=\u00a0\u00bb4_4&Prime; _builder_version=\u00a0\u00bb4.20.4&Prime; _module_preset=\u00a0\u00bbdefault\u00a0\u00bb global_colors_info=\u00a0\u00bb{}\u00a0\u00bb][et_pb_text _builder_version=\u00a0\u00bb4.20.4&Prime; _module_preset=\u00a0\u00bbdefault\u00a0\u00bb global_colors_info=\u00a0\u00bb{}\u00a0\u00bb]\n<h1 class=\"p1\" style=\"text-align: center\"><span style=\"color: #3366ff\"><b>LA<span class=\"Apple-converted-space\">\u00a0 <\/span>R\u00c9UNION AUX CHAMPIONNATS DE FRANCE UNSS DE BADMITNON 2018<\/b><\/span><\/h1>\n[\/et_pb_text][et_pb_image src=\u00a0\u00bbhttps:\/\/etab.ac-reunion.fr\/clg-chemin-morin\/wp-content\/uploads\/sites\/38\/2023\/04\/33623565_10214176880688490_8482545905495441408_n.jpg\u00a0\u00bb _builder_version=\u00a0\u00bb4.20.4&Prime; _module_preset=\u00a0\u00bbdefault\u00a0\u00bb global_colors_info=\u00a0\u00bb{}\u00a0\u00bb][\/et_pb_image][et_pb_button button_url=\u00a0\u00bbhttps:\/\/etab.ac-reunion.fr\/clg-chemin-morin\/wp-content\/uploads\/sites\/38\/2023\/04\/CDF-2018-le-Havre-2.pdf\u00a0\u00bb button_text=\u00a0\u00bbAcc\u00e9dez \u00e0 l&rsquo;article\u00a0\u00bb _builder_version=\u00a0\u00bb4.20.4&Prime; _module_preset=\u00a0\u00bbdefault\u00a0\u00bb custom_button=\u00a0\u00bbon\u00a0\u00bb button_text_color=\u00a0\u00bb#0C71C3&Prime; button_border_width=\u00a0\u00bb20px\u00a0\u00bb custom_margin=\u00a0\u00bb0px||0px|398px|false|false\u00a0\u00bb custom_padding=\u00a0\u00bb2px||0px||false|false\u00a0\u00bb animation_style=\u00a0\u00bbfade\u00a0\u00bb global_colors_info=\u00a0\u00bb{}\u00a0\u00bb][\/et_pb_button][\/et_pb_column][\/et_pb_row][et_pb_row _builder_version=\u00a0\u00bb4.20.4&Prime; _module_preset=\u00a0\u00bbdefault\u00a0\u00bb global_colors_info=\u00a0\u00bb{}\u00a0\u00bb][et_pb_column type=\u00a0\u00bb4_4&Prime; _builder_version=\u00a0\u00bb4.20.4&Prime; _module_preset=\u00a0\u00bbdefault\u00a0\u00bb global_colors_info=\u00a0\u00bb{}\u00a0\u00bb][et_pb_divider _builder_version=\u00a0\u00bb4.20.4&Prime; _module_preset=\u00a0\u00bbdefault\u00a0\u00bb global_colors_info=\u00a0\u00bb{}\u00a0\u00bb][\/et_pb_divider][\/et_pb_column][\/et_pb_row][\/et_pb_section]\n","protected":false},"excerpt":{"rendered":"<p>\u00a0 \u00a0 \u00a0 \u00a0 \u00a0 \u00a0 \u00a0SECTION SPORTIVELE COLL\u00c8GE CHEMIN MORIN\u00a0 AUX CHAMPIONNATS DE FRANCE UNSS DE BADMINTON 2022 A AVIGNON13 \u00e9l\u00e8ves du coll\u00e8ge Chemin Morin \u00e0 Saint-Andr\u00e9, ont particip\u00e9 [&hellip;]<\/p>\n","protected":false},"author":32292,"featured_media":0,"parent":0,"menu_order":0,"comment_status":"closed","ping_status":"closed","template":"","meta":{"_et_pb_use_builder":"on","_et_pb_old_content":"","_et_gb_content_width":"","_EventAllDay":false,"_EventTimezone":"","_EventStartDate":"","_EventEndDate":"","_EventStartDateUTC":"","_EventEndDateUTC":"","_EventShowMap":false,"_EventShowMapLink":false,"_EventURL":"","_EventCost":"","_EventCostDescription":"","_EventCurrencySymbol":"","_EventCurrencyCode":"","_EventCurrencyPosition":"","_EventDateTimeSeparator":"","_EventTimeRangeSeparator":"","_EventOrganizerID":[],"_EventVenueID":[0],"_OrganizerEmail":"","_OrganizerPhone":"","_OrganizerWebsite":"","_VenueAddress":"","_VenueCity":"","_VenueCountry":"","_VenueProvince":"","_VenueState":"","_VenueZip":"","_VenuePhone":"","_VenueURL":"","_VenueStateProvince":"","_VenueLat":"","_VenueLng":"","_VenueShowMap":false,"_VenueShowMapLink":false,"footnotes":"","_links_to":"","_links_to_target":""},"class_list":["post-3222","page","type-page","status-publish","hentry"],"_links":{"self":[{"href":"https:\/\/etab.ac-reunion.fr\/clg-chemin-morin\/wp-json\/wp\/v2\/pages\/3222","targetHints":{"allow":["GET"]}}],"collection":[{"href":"https:\/\/etab.ac-reunion.fr\/clg-chemin-morin\/wp-json\/wp\/v2\/pages"}],"about":[{"href":"https:\/\/etab.ac-reunion.fr\/clg-chemin-morin\/wp-json\/wp\/v2\/types\/page"}],"author":[{"embeddable":true,"href":"https:\/\/etab.ac-reunion.fr\/clg-chemin-morin\/wp-json\/wp\/v2\/users\/32292"}],"replies":[{"embeddable":true,"href":"https:\/\/etab.ac-reunion.fr\/clg-chemin-morin\/wp-json\/wp\/v2\/comments?post=3222"}],"version-history":[{"count":16,"href":"https:\/\/etab.ac-reunion.fr\/clg-chemin-morin\/wp-json\/wp\/v2\/pages\/3222\/revisions"}],"predecessor-version":[{"id":3307,"href":"https:\/\/etab.ac-reunion.fr\/clg-chemin-morin\/wp-json\/wp\/v2\/pages\/3222\/revisions\/3307"}],"wp:attachment":[{"href":"https:\/\/etab.ac-reunion.fr\/clg-chemin-morin\/wp-json\/wp\/v2\/media?parent=3222"}],"curies":[{"name":"wp","href":"https:\/\/api.w.org\/{rel}","templated":true}]}}