{"id":3804,"date":"2024-08-30T08:04:48","date_gmt":"2024-08-30T04:04:48","guid":{"rendered":"https:\/\/etab.ac-reunion.fr\/clg-chemin-morin\/?page_id=3804"},"modified":"2024-08-30T08:14:10","modified_gmt":"2024-08-30T04:14:10","slug":"elections","status":"publish","type":"page","link":"https:\/\/etab.ac-reunion.fr\/clg-chemin-morin\/elections\/","title":{"rendered":"\u00c9LECTIONS"},"content":{"rendered":"[et_pb_section fb_built=\u00a0\u00bb1&Prime; _builder_version=\u00a0\u00bb4.27.0&Prime; _module_preset=\u00a0\u00bbdefault\u00a0\u00bb global_colors_info=\u00a0\u00bb{}\u00a0\u00bb][et_pb_row _builder_version=\u00a0\u00bb4.27.0&Prime; _module_preset=\u00a0\u00bbdefault\u00a0\u00bb global_colors_info=\u00a0\u00bb{}\u00a0\u00bb][et_pb_column type=\u00a0\u00bb4_4&Prime; _builder_version=\u00a0\u00bb4.27.0&Prime; _module_preset=\u00a0\u00bbdefault\u00a0\u00bb global_colors_info=\u00a0\u00bb{}\u00a0\u00bb][et_pb_text _builder_version=\u00a0\u00bb4.27.0&Prime; _module_preset=\u00a0\u00bbdefault\u00a0\u00bb global_colors_info=\u00a0\u00bb{}\u00a0\u00bb]\n<h1 style=\"text-align: center\">\u00c9LECTIONS<\/h1>\n[\/et_pb_text][\/et_pb_column][\/et_pb_row][et_pb_row _builder_version=\u00a0\u00bb4.27.0&Prime; _module_preset=\u00a0\u00bbdefault\u00a0\u00bb][et_pb_column _builder_version=\u00a0\u00bb4.27.0&Prime; _module_preset=\u00a0\u00bbdefault\u00a0\u00bb type=\u00a0\u00bb4_4&Prime;][et_pb_divider _builder_version=\u00a0\u00bb4.27.0&Prime; _module_preset=\u00a0\u00bbdefault\u00a0\u00bb divider_weight=\u00a0\u00bb35px\u00a0\u00bb hover_enabled=\u00a0\u00bb0&Prime; sticky_enabled=\u00a0\u00bb0&Prime;][\/et_pb_divider][\/et_pb_column][\/et_pb_row][et_pb_row _builder_version=\u00a0\u00bb4.27.0&Prime; _module_preset=\u00a0\u00bbdefault\u00a0\u00bb global_colors_info=\u00a0\u00bb{}\u00a0\u00bb][et_pb_column type=\u00a0\u00bb4_4&Prime; _builder_version=\u00a0\u00bb4.27.0&Prime; _module_preset=\u00a0\u00bbdefault\u00a0\u00bb global_colors_info=\u00a0\u00bb{}\u00a0\u00bb][et_pb_text _builder_version=\u00a0\u00bb4.27.0&Prime; _module_preset=\u00a0\u00bbdefault\u00a0\u00bb global_colors_info=\u00a0\u00bb{}\u00a0\u00bb]\n<h2 style=\"text-align: center\"><strong>\u00c9LECTION DES REPR\u00c9SENTANTS DES PARENTS D&rsquo;\u00c9L\u00c8VES<\/strong><\/h2>\n<p style=\"text-align: center\"><strong>2024 &#8211; 2025<\/strong><\/p>\n<p style=\"text-align: center\"><strong>LA LETTRE DU RECTEUR<\/strong><\/p>\n[\/et_pb_text][et_pb_icon font_icon=\u00a0\u00bb&#xf0e0;||fa||900&Prime; url=\u00a0\u00bbhttps:\/\/etab.ac-reunion.fr\/clg-chemin-morin\/wp-content\/uploads\/sites\/38\/2024\/08\/Lettre-du-recteur-elections-rep-parents-deleves.pdf\u00a0\u00bb _builder_version=\u00a0\u00bb4.27.0&Prime; _module_preset=\u00a0\u00bbdefault\u00a0\u00bb global_colors_info=\u00a0\u00bb{}\u00a0\u00bb][\/et_pb_icon][et_pb_text _builder_version=\u00a0\u00bb4.27.0&Prime; _module_preset=\u00a0\u00bbdefault\u00a0\u00bb hover_enabled=\u00a0\u00bb0&Prime; sticky_enabled=\u00a0\u00bb0&Prime;]\n<p style=\"text-align: center\"><strong>LE CALENDRIER DES \u00c9LECTIONS <\/strong><\/p>\n<p style=\"text-align: center\"><strong>DES REPR\u00c9SENTANTS DES PARENTS<\/strong><\/p>\n<p style=\"text-align: center\"><strong> D&rsquo;\u00c9L\u00c8VES 2024 &#8211; 2025<\/strong><\/p>\n[\/et_pb_text][et_pb_icon _builder_version=\u00a0\u00bb4.27.0&Prime; _module_preset=\u00a0\u00bbdefault\u00a0\u00bb font_icon=\u00a0\u00bb&#xf073;||fa||400&Prime; url=\u00a0\u00bbhttps:\/\/etab.ac-reunion.fr\/clg-chemin-morin\/wp-content\/uploads\/sites\/38\/2024\/08\/CALENDRIER-DES-ELECTIONS.pdf\u00a0\u00bb hover_enabled=\u00a0\u00bb0&Prime; sticky_enabled=\u00a0\u00bb0&Prime;][\/et_pb_icon][\/et_pb_column][\/et_pb_row][et_pb_row _builder_version=\u00a0\u00bb4.27.0&Prime; _module_preset=\u00a0\u00bbdefault\u00a0\u00bb][et_pb_column _builder_version=\u00a0\u00bb4.27.0&Prime; _module_preset=\u00a0\u00bbdefault\u00a0\u00bb type=\u00a0\u00bb4_4&Prime;][et_pb_divider _builder_version=\u00a0\u00bb4.27.0&Prime; _module_preset=\u00a0\u00bbdefault\u00a0\u00bb divider_weight=\u00a0\u00bb40px\u00a0\u00bb hover_enabled=\u00a0\u00bb0&Prime; sticky_enabled=\u00a0\u00bb0&Prime;][\/et_pb_divider][\/et_pb_column][\/et_pb_row][\/et_pb_section]\n","protected":false},"excerpt":{"rendered":"<p>\u00c9LECTIONS\u00c9LECTION DES REPR\u00c9SENTANTS DES PARENTS D&rsquo;\u00c9L\u00c8VES 2024 &#8211; 2025 LA LETTRE DU RECTEURLE CALENDRIER DES \u00c9LECTIONS DES REPR\u00c9SENTANTS DES PARENTS D&rsquo;\u00c9L\u00c8VES 2024 &#8211; 2025<\/p>\n","protected":false},"author":32292,"featured_media":0,"parent":0,"menu_order":0,"comment_status":"closed","ping_status":"closed","template":"","meta":{"_et_pb_use_builder":"on","_et_pb_old_content":"","_et_gb_content_width":"","_EventAllDay":false,"_EventTimezone":"","_EventStartDate":"","_EventEndDate":"","_EventStartDateUTC":"","_EventEndDateUTC":"","_EventShowMap":false,"_EventShowMapLink":false,"_EventURL":"","_EventCost":"","_EventCostDescription":"","_EventCurrencySymbol":"","_EventCurrencyCode":"","_EventCurrencyPosition":"","_EventDateTimeSeparator":"","_EventTimeRangeSeparator":"","_EventOrganizerID":[],"_EventVenueID":[],"_OrganizerEmail":"","_OrganizerPhone":"","_OrganizerWebsite":"","_VenueAddress":"","_VenueCity":"","_VenueCountry":"","_VenueProvince":"","_VenueState":"","_VenueZip":"","_VenuePhone":"","_VenueURL":"","_VenueStateProvince":"","_VenueLat":"","_VenueLng":"","_VenueShowMap":false,"_VenueShowMapLink":false,"footnotes":"","_links_to":"","_links_to_target":""},"class_list":["post-3804","page","type-page","status-publish","hentry"],"_links":{"self":[{"href":"https:\/\/etab.ac-reunion.fr\/clg-chemin-morin\/wp-json\/wp\/v2\/pages\/3804","targetHints":{"allow":["GET"]}}],"collection":[{"href":"https:\/\/etab.ac-reunion.fr\/clg-chemin-morin\/wp-json\/wp\/v2\/pages"}],"about":[{"href":"https:\/\/etab.ac-reunion.fr\/clg-chemin-morin\/wp-json\/wp\/v2\/types\/page"}],"author":[{"embeddable":true,"href":"https:\/\/etab.ac-reunion.fr\/clg-chemin-morin\/wp-json\/wp\/v2\/users\/32292"}],"replies":[{"embeddable":true,"href":"https:\/\/etab.ac-reunion.fr\/clg-chemin-morin\/wp-json\/wp\/v2\/comments?post=3804"}],"version-history":[{"count":5,"href":"https:\/\/etab.ac-reunion.fr\/clg-chemin-morin\/wp-json\/wp\/v2\/pages\/3804\/revisions"}],"predecessor-version":[{"id":3811,"href":"https:\/\/etab.ac-reunion.fr\/clg-chemin-morin\/wp-json\/wp\/v2\/pages\/3804\/revisions\/3811"}],"wp:attachment":[{"href":"https:\/\/etab.ac-reunion.fr\/clg-chemin-morin\/wp-json\/wp\/v2\/media?parent=3804"}],"curies":[{"name":"wp","href":"https:\/\/api.w.org\/{rel}","templated":true}]}}

ÉLECTIONS

[et_pb_section fb_built= »1&Prime; _builder_version= »4.27.0&Prime; _module_preset= »default » global_colors_info= »{} »][et_pb_row _builder_version= »4.27.0&Prime; _module_preset= »default » global_colors_info= »{} »][et_pb_column type= »4_4&Prime; _builder_version= »4.27.0&Prime; _module_preset= »default » global_colors_info= »{} »][et_pb_text _builder_version= »4.27.0&Prime; _module_preset= »default » global_colors_info= »{} »]
<h1 style="text-align: center">ÉLECTIONS</h1>
[/et_pb_text][/et_pb_column][/et_pb_row][et_pb_row _builder_version= »4.27.0&Prime; _module_preset= »default »][et_pb_column _builder_version= »4.27.0&Prime; _module_preset= »default » type= »4_4&Prime;][et_pb_divider _builder_version= »4.27.0&Prime; _module_preset= »default » divider_weight= »35px » hover_enabled= »0&Prime; sticky_enabled= »0&Prime;][/et_pb_divider][/et_pb_column][/et_pb_row][et_pb_row _builder_version= »4.27.0&Prime; _module_preset= »default » global_colors_info= »{} »][et_pb_column type= »4_4&Prime; _builder_version= »4.27.0&Prime; _module_preset= »default » global_colors_info= »{} »][et_pb_text _builder_version= »4.27.0&Prime; _module_preset= »default » global_colors_info= »{} »]
<h2 style="text-align: center"><strong>ÉLECTION DES REPRÉSENTANTS DES PARENTS D&rsquo;ÉLÈVES</strong></h2>
<p style="text-align: center"><strong>2024 &#8211; 2025</strong></p>
<p style="text-align: center"><strong>LA LETTRE DU RECTEUR</strong></p>
[/et_pb_text][et_pb_icon font_icon= »&#xf0e0;||fa||900&Prime; url= »https://etab.ac-reunion.fr/clg-chemin-morin/wp-content/uploads/sites/38/2024/08/Lettre-du-recteur-elections-rep-parents-deleves.pdf » _builder_version= »4.27.0&Prime; _module_preset= »default » global_colors_info= »{} »][/et_pb_icon][et_pb_text _builder_version= »4.27.0&Prime; _module_preset= »default » hover_enabled= »0&Prime; sticky_enabled= »0&Prime;]
<p style="text-align: center"><strong>LE CALENDRIER DES ÉLECTIONS </strong></p>
<p style="text-align: center"><strong>DES REPRÉSENTANTS DES PARENTS</strong></p>
<p style="text-align: center"><strong> D&rsquo;ÉLÈVES 2024 &#8211; 2025</strong></p>
[/et_pb_text][et_pb_icon _builder_version= »4.27.0&Prime; _module_preset= »default » font_icon= »&#xf073;||fa||400&Prime; url= »https://etab.ac-reunion.fr/clg-chemin-morin/wp-content/uploads/sites/38/2024/08/CALENDRIER-DES-ELECTIONS.pdf » hover_enabled= »0&Prime; sticky_enabled= »0&Prime;][/et_pb_icon][/et_pb_column][/et_pb_row][et_pb_row _builder_version= »4.27.0&Prime; _module_preset= »default »][et_pb_column _builder_version= »4.27.0&Prime; _module_preset= »default » type= »4_4&Prime;][et_pb_divider _builder_version= »4.27.0&Prime; _module_preset= »default » divider_weight= »40px » hover_enabled= »0&Prime; sticky_enabled= »0&Prime;][/et_pb_divider][/et_pb_column][/et_pb_row][/et_pb_section]

<p>ÉLECTIONSÉLECTION DES REPRÉSENTANTS DES PARENTS D&rsquo;ÉLÈVES 2024 &#8211; 2025 LA LETTRE DU RECTEURLE CALENDRIER DES ÉLECTIONS DES REPRÉSENTANTS DES PARENTS D&rsquo;ÉLÈVES 2024 &#8211; 2025</p>
