{"id":1749,"date":"2014-12-15T11:57:09","date_gmt":"2014-12-15T07:57:09","guid":{"rendered":"http:\/\/college-lechaudron.ac-reunion.fr\/?page_id=1749"},"modified":"2014-12-16T10:22:13","modified_gmt":"2014-12-16T06:22:13","slug":"pratique","status":"publish","type":"page","link":"https:\/\/etab.ac-reunion.fr\/clg-elie-wiesel\/pratique\/","title":{"rendered":"R\u00e9pertoire t\u00e9l\u00e9phonique"},"content":{"rendered":"<h3 style=\"text-align: center\">REPERTOIRE T\u00c9L\u00c9PHONIQUE<\/h3>\n<p>&nbsp;<\/p>\n<table style=\"border: 1px solid black;border-collapse: collapse\">\n<tbody>\n<tr>\n<td style=\"border: 1px solid black;border-collapse: collapse\" width=\"316\"><strong>\u00a0<\/strong><\/td>\n<td style=\"border: 1px solid black;border-collapse: collapse\" width=\"160\"><strong>POSTE<\/strong><\/td>\n<td style=\"border: 1px solid black;border-collapse: collapse\" width=\"174\"><strong>LIGNE DIRECTE<\/strong><\/td>\n<\/tr>\n<tr>\n<td style=\"border: 1px solid black;border-collapse: collapse\" width=\"316\"><strong>STANDARD \/ LOGE<\/strong><\/td>\n<td style=\"border: 1px solid black;border-collapse: collapse\" width=\"160\"><strong>9<\/strong><\/td>\n<td style=\"border: 1px solid black;border-collapse: collapse\" width=\"174\"><strong>28.24.32<\/strong><\/td>\n<\/tr>\n<tr>\n<td style=\"border: 1px solid black;border-collapse: collapse\" width=\"316\"><strong>FAX<\/strong><\/td>\n<td style=\"border: 1px solid black;border-collapse: collapse\" width=\"160\"><strong>\u00a0<\/strong><\/td>\n<td style=\"border: 1px solid black;border-collapse: collapse\" width=\"174\"><strong>28.07.06<\/strong><\/td>\n<\/tr>\n<tr>\n<td style=\"border: 1px solid black;border-collapse: collapse\" width=\"316\"><strong>SECRETARIAT DE DIRECTION<\/strong><\/td>\n<td style=\"border: 1px solid black;border-collapse: collapse\" width=\"160\"><strong>300<\/strong><\/td>\n<td style=\"border: 1px solid black;border-collapse: collapse\" width=\"174\"><\/td>\n<\/tr>\n<tr>\n<td style=\"border: 1px solid black;border-collapse: collapse\" width=\"316\"><strong>PRINCIPALE<\/strong><\/td>\n<td style=\"border: 1px solid black;border-collapse: collapse\" width=\"160\">301<\/td>\n<td style=\"border: 1px solid black;border-collapse: collapse\" width=\"174\"><\/td>\n<\/tr>\n<tr>\n<td style=\"border: 1px solid black;border-collapse: collapse\" width=\"316\"><strong>PRINCIPALE-ADJOINTE<\/strong><\/td>\n<td style=\"border: 1px solid black;border-collapse: collapse\" width=\"160\"><strong>302<\/strong><\/td>\n<td style=\"border: 1px solid black;border-collapse: collapse\" width=\"174\"><\/td>\n<\/tr>\n<tr>\n<td style=\"border: 1px solid black;border-collapse: collapse\" width=\"316\"><strong>GESTIONNAIRE<\/strong><\/td>\n<td style=\"border: 1px solid black;border-collapse: collapse\" width=\"160\"><strong>303<\/strong><\/td>\n<td style=\"border: 1px solid black;border-collapse: collapse\" width=\"174\"><\/td>\n<\/tr>\n<tr>\n<td style=\"border: 1px solid black;border-collapse: collapse\" width=\"316\"><strong>SECRETARIAT DE GESTION<\/strong><\/td>\n<td style=\"border: 1px solid black;border-collapse: collapse\" width=\"160\"><strong>308<\/strong><\/td>\n<td style=\"border: 1px solid black;border-collapse: collapse\" width=\"174\"><\/td>\n<\/tr>\n<tr>\n<td style=\"border: 1px solid black;border-collapse: collapse\" width=\"316\"><strong>SALLE DE REUNION<\/strong><\/td>\n<td style=\"border: 1px solid black;border-collapse: collapse\" width=\"160\"><strong>405<\/strong><\/td>\n<td style=\"border: 1px solid black;border-collapse: collapse\" width=\"174\"><strong>\u00a0<\/strong><\/td>\n<\/tr>\n<tr>\n<td style=\"border: 1px solid black;border-collapse: collapse\" width=\"316\"><strong>C.P.E.<\/strong><\/td>\n<td style=\"border: 1px solid black;border-collapse: collapse\" width=\"160\"><strong>304<\/strong><\/td>\n<td style=\"border: 1px solid black;border-collapse: collapse\" width=\"174\"><\/td>\n<\/tr>\n<tr>\n<td style=\"border: 1px solid black;border-collapse: collapse\" width=\"316\"><strong>VIE SCOLAIRE<\/strong><\/td>\n<td style=\"border: 1px solid black;border-collapse: collapse\" width=\"160\"><strong>305<\/strong><\/td>\n<td style=\"border: 1px solid black;border-collapse: collapse\" width=\"174\"><\/td>\n<\/tr>\n<tr>\n<td style=\"border: 1px solid black;border-collapse: collapse\" width=\"316\"><strong>INFIRMERIE<\/strong><\/td>\n<td style=\"border: 1px solid black;border-collapse: collapse\" width=\"160\"><strong>306<\/strong><\/td>\n<td style=\"border: 1px solid black;border-collapse: collapse\" width=\"174\"><\/td>\n<\/tr>\n<tr>\n<td style=\"border: 1px solid black;border-collapse: collapse\" width=\"316\"><strong>ASSISTANTE SOCIALE<\/strong><\/td>\n<td style=\"border: 1px solid black;border-collapse: collapse\" width=\"160\"><strong>401<\/strong><\/td>\n<td style=\"border: 1px solid black;border-collapse: collapse\" width=\"174\"><strong>\u00a0<\/strong><\/td>\n<\/tr>\n<tr>\n<td style=\"border: 1px solid black;border-collapse: collapse\" width=\"316\"><strong>SALON DES PARENTS<\/strong><\/td>\n<td style=\"border: 1px solid black;border-collapse: collapse\" width=\"160\"><strong>402<\/strong><\/td>\n<td style=\"border: 1px solid black;border-collapse: collapse\" width=\"174\"><strong>\u00a0<\/strong><\/td>\n<\/tr>\n<tr>\n<td style=\"border: 1px solid black;border-collapse: collapse\" width=\"316\"><strong>C.D.I.<\/strong><\/td>\n<td style=\"border: 1px solid black;border-collapse: collapse\" width=\"160\"><strong>404<\/strong><\/td>\n<td style=\"border: 1px solid black;border-collapse: collapse\" width=\"174\"><\/td>\n<\/tr>\n<tr>\n<td style=\"border: 1px solid black;border-collapse: collapse\" width=\"316\"><strong>CONSEILLER D\u2019ORIENTATION (COPSY)<\/strong><\/td>\n<td style=\"border: 1px solid black;border-collapse: collapse\" width=\"160\"><strong>333<\/strong><\/td>\n<td style=\"border: 1px solid black;border-collapse: collapse\" width=\"174\"><strong>\u00a0<\/strong><\/td>\n<\/tr>\n<tr>\n<td style=\"border: 1px solid black;border-collapse: collapse\" width=\"316\"><\/td>\n<td style=\"border: 1px solid black;border-collapse: collapse\" width=\"160\"><\/td>\n<td style=\"border: 1px solid black;border-collapse: collapse\" width=\"174\"><strong>\u00a0<\/strong><\/td>\n<\/tr>\n<tr>\n<td style=\"border: 1px solid black;border-collapse: collapse\" width=\"316\"><strong>SALLE INFORMATIQUE<\/strong><\/td>\n<td style=\"border: 1px solid black;border-collapse: collapse\" width=\"160\"><strong>406<\/strong><\/td>\n<td style=\"border: 1px solid black;border-collapse: collapse\" width=\"174\"><strong>\u00a0<\/strong><\/td>\n<\/tr>\n<tr>\n<td style=\"border: 1px solid black;border-collapse: collapse\" width=\"316\"><strong>LOCAL AGENTS<\/strong><\/td>\n<td style=\"border: 1px solid black;border-collapse: collapse\" width=\"160\"><strong>307<\/strong><\/td>\n<td style=\"border: 1px solid black;border-collapse: collapse\" width=\"174\"><strong>\u00a0<\/strong><\/td>\n<\/tr>\n<\/tbody>\n<\/table>\n<p>&nbsp;<\/p>\n","protected":false},"excerpt":{"rendered":"<p>REPERTOIRE T\u00c9L\u00c9PHONIQUE &nbsp; \u00a0 POSTE LIGNE DIRECTE STANDARD \/ LOGE 9 28.24.32 FAX \u00a0 28.07.06 SECRETARIAT DE DIRECTION 300 PRINCIPALE 301 PRINCIPALE-ADJOINTE 302 GESTIONNAIRE 303 SECRETARIAT DE GESTION 308 SALLE DE REUNION 405 \u00a0 C.P.E. 304 VIE SCOLAIRE 305 INFIRMERIE 306 ASSISTANTE SOCIALE 401 \u00a0 SALON DES PARENTS 402 \u00a0 C.D.I. 404 CONSEILLER D\u2019ORIENTATION (COPSY) [&hellip;]<\/p>\n","protected":false},"author":64,"featured_media":0,"parent":0,"menu_order":0,"comment_status":"closed","ping_status":"open","template":"","meta":{"footnotes":"","_links_to":"","_links_to_target":""},"class_list":["post-1749","page","type-page","status-publish","hentry"],"_links":{"self":[{"href":"https:\/\/etab.ac-reunion.fr\/clg-elie-wiesel\/wp-json\/wp\/v2\/pages\/1749","targetHints":{"allow":["GET"]}}],"collection":[{"href":"https:\/\/etab.ac-reunion.fr\/clg-elie-wiesel\/wp-json\/wp\/v2\/pages"}],"about":[{"href":"https:\/\/etab.ac-reunion.fr\/clg-elie-wiesel\/wp-json\/wp\/v2\/types\/page"}],"author":[{"embeddable":true,"href":"https:\/\/etab.ac-reunion.fr\/clg-elie-wiesel\/wp-json\/wp\/v2\/users\/64"}],"replies":[{"embeddable":true,"href":"https:\/\/etab.ac-reunion.fr\/clg-elie-wiesel\/wp-json\/wp\/v2\/comments?post=1749"}],"version-history":[{"count":6,"href":"https:\/\/etab.ac-reunion.fr\/clg-elie-wiesel\/wp-json\/wp\/v2\/pages\/1749\/revisions"}],"predecessor-version":[{"id":1798,"href":"https:\/\/etab.ac-reunion.fr\/clg-elie-wiesel\/wp-json\/wp\/v2\/pages\/1749\/revisions\/1798"}],"wp:attachment":[{"href":"https:\/\/etab.ac-reunion.fr\/clg-elie-wiesel\/wp-json\/wp\/v2\/media?parent=1749"}],"curies":[{"name":"wp","href":"https:\/\/api.w.org\/{rel}","templated":true}]}}