{"id":3175,"date":"2019-02-20T11:54:22","date_gmt":"2019-02-20T07:54:22","guid":{"rendered":"http:\/\/college-lechaudron.ac-reunion.fr\/?page_id=3175"},"modified":"2019-02-20T11:54:22","modified_gmt":"2019-02-20T07:54:22","slug":"avis-dappel-public-a-la-concurrence","status":"publish","type":"page","link":"https:\/\/etab.ac-reunion.fr\/clg-elie-wiesel\/actualite\/avis-dappel-public-a-la-concurrence\/","title":{"rendered":"Avis d&rsquo;appel public \u00e0 la concurrence"},"content":{"rendered":"<p><strong>March\u00e9 selon la proc\u00e9dure adapt\u00e9e- Objet du march\u00e9 : march\u00e9 de travaux de c\u00e2blages informatique &amp; acquisition d&rsquo;\u00e9quipement\u00a0 actif coll\u00e8ge Elie Wiesel du Chaudron.<\/strong><\/p>\n<p><strong>Modalit\u00e9s : les r\u00e9pondants int\u00e9ress\u00e9s sont pri\u00e9s de t\u00e9l\u00e9charger le DCE en cliquant sur l&rsquo;image :<br \/>\n<\/strong><\/p>\n<p>&nbsp;<\/p>\n","protected":false},"excerpt":{"rendered":"<p>March\u00e9 selon la proc\u00e9dure adapt\u00e9e- Objet du march\u00e9 : march\u00e9 de travaux de c\u00e2blages informatique &amp; acquisition d&rsquo;\u00e9quipement\u00a0 actif coll\u00e8ge Elie Wiesel du Chaudron. Modalit\u00e9s : les r\u00e9pondants int\u00e9ress\u00e9s sont pri\u00e9s de t\u00e9l\u00e9charger le DCE en cliquant sur l&rsquo;image : &nbsp;<\/p>\n","protected":false},"author":8796,"featured_media":0,"parent":827,"menu_order":0,"comment_status":"closed","ping_status":"closed","template":"","meta":{"footnotes":"","_links_to":"","_links_to_target":""},"class_list":["post-3175","page","type-page","status-publish","hentry"],"_links":{"self":[{"href":"https:\/\/etab.ac-reunion.fr\/clg-elie-wiesel\/wp-json\/wp\/v2\/pages\/3175","targetHints":{"allow":["GET"]}}],"collection":[{"href":"https:\/\/etab.ac-reunion.fr\/clg-elie-wiesel\/wp-json\/wp\/v2\/pages"}],"about":[{"href":"https:\/\/etab.ac-reunion.fr\/clg-elie-wiesel\/wp-json\/wp\/v2\/types\/page"}],"author":[{"embeddable":true,"href":"https:\/\/etab.ac-reunion.fr\/clg-elie-wiesel\/wp-json\/wp\/v2\/users\/8796"}],"replies":[{"embeddable":true,"href":"https:\/\/etab.ac-reunion.fr\/clg-elie-wiesel\/wp-json\/wp\/v2\/comments?post=3175"}],"version-history":[{"count":3,"href":"https:\/\/etab.ac-reunion.fr\/clg-elie-wiesel\/wp-json\/wp\/v2\/pages\/3175\/revisions"}],"predecessor-version":[{"id":3209,"href":"https:\/\/etab.ac-reunion.fr\/clg-elie-wiesel\/wp-json\/wp\/v2\/pages\/3175\/revisions\/3209"}],"up":[{"embeddable":true,"href":"https:\/\/etab.ac-reunion.fr\/clg-elie-wiesel\/wp-json\/wp\/v2\/pages\/827"}],"wp:attachment":[{"href":"https:\/\/etab.ac-reunion.fr\/clg-elie-wiesel\/wp-json\/wp\/v2\/media?parent=3175"}],"curies":[{"name":"wp","href":"https:\/\/api.w.org\/{rel}","templated":true}]}}