{"id":327,"date":"2013-04-25T19:05:41","date_gmt":"2013-04-25T15:05:41","guid":{"rendered":"http:\/\/college-lechaudron.ac-reunion.fr\/?page_id=327"},"modified":"2013-10-28T12:53:25","modified_gmt":"2013-10-28T11:53:25","slug":"documents-administratifs","status":"publish","type":"page","link":"https:\/\/etab.ac-reunion.fr\/clg-elie-wiesel\/documents-administratifs\/","title":{"rendered":"Documents Administratifs"},"content":{"rendered":"<p>Plan Pr\u00e9vention de Mise en S\u00fbret\u00e9 Face aux risques majeurs (PPMS)<\/p>\n<p><a title=\"La gestion\" href=\"https:\/\/etab.ac-reunion.fr\/clg-elie-wiesel\/wp-content\/uploads\/2013\/04\/ppms-2013.pdf\" target=\"_blank\"><strong>Voir le livret du PPMS de 2013<\/strong><\/a><\/p>\n","protected":false},"excerpt":{"rendered":"<p>Plan Pr\u00e9vention de Mise en S\u00fbret\u00e9 Face aux risques majeurs (PPMS) Voir le livret du PPMS de 2013<\/p>\n","protected":false},"author":64,"featured_media":0,"parent":0,"menu_order":0,"comment_status":"closed","ping_status":"open","template":"","meta":{"footnotes":"","_links_to":"","_links_to_target":""},"class_list":["post-327","page","type-page","status-publish","hentry"],"_links":{"self":[{"href":"https:\/\/etab.ac-reunion.fr\/clg-elie-wiesel\/wp-json\/wp\/v2\/pages\/327","targetHints":{"allow":["GET"]}}],"collection":[{"href":"https:\/\/etab.ac-reunion.fr\/clg-elie-wiesel\/wp-json\/wp\/v2\/pages"}],"about":[{"href":"https:\/\/etab.ac-reunion.fr\/clg-elie-wiesel\/wp-json\/wp\/v2\/types\/page"}],"author":[{"embeddable":true,"href":"https:\/\/etab.ac-reunion.fr\/clg-elie-wiesel\/wp-json\/wp\/v2\/users\/64"}],"replies":[{"embeddable":true,"href":"https:\/\/etab.ac-reunion.fr\/clg-elie-wiesel\/wp-json\/wp\/v2\/comments?post=327"}],"version-history":[{"count":1,"href":"https:\/\/etab.ac-reunion.fr\/clg-elie-wiesel\/wp-json\/wp\/v2\/pages\/327\/revisions"}],"predecessor-version":[{"id":509,"href":"https:\/\/etab.ac-reunion.fr\/clg-elie-wiesel\/wp-json\/wp\/v2\/pages\/327\/revisions\/509"}],"wp:attachment":[{"href":"https:\/\/etab.ac-reunion.fr\/clg-elie-wiesel\/wp-json\/wp\/v2\/media?parent=327"}],"curies":[{"name":"wp","href":"https:\/\/api.w.org\/{rel}","templated":true}]}}