{"id":4173,"date":"2020-04-09T15:32:06","date_gmt":"2020-04-09T11:32:06","guid":{"rendered":"http:\/\/college-lechaudron.ac-reunion.fr\/?page_id=4173"},"modified":"2020-04-09T16:30:25","modified_gmt":"2020-04-09T12:30:25","slug":"apres-la-3eme-decouvrir-les-formations-et-les-nouveautes-2020","status":"publish","type":"page","link":"https:\/\/etab.ac-reunion.fr\/clg-elie-wiesel\/apres-la-3eme-decouvrir-les-formations-et-les-nouveautes-2020\/","title":{"rendered":"Apr\u00e8s la 3eme: d\u00e9couvrir les formations et les nouveaut\u00e9s 2020"},"content":{"rendered":"<p>Chers parents,Vous trouverez dans cette note N\u00b02 les formations propos\u00e9es \u00e0 vos enfants dans les lyc\u00e9es du secteur nord et plus largement sur l&rsquo;acad\u00e9mie. Nous vous proposons un tour d&rsquo;horizon rapide sur d&rsquo;abord la voie g\u00e9n\u00e9rale et technologique et ensuite sur la voie professionnelle. Des liens vous seront propos\u00e9s \u00e9galement pour approfondir vos recherches et vos r\u00e9flexions avec vos enfants.<\/p>\n<p style=\"text-align: right\">Les Psychologues \u00c9ducation Nationale Centre d&rsquo;Information et d&rsquo;Orientation: Saint Denis et Sainte Clotilde<\/p>\n<p>&nbsp;<\/p>\n<div id=\"attachment_4175\" style=\"width: 692px\" class=\"wp-caption aligncenter\"><img loading=\"lazy\" decoding=\"async\" aria-describedby=\"caption-attachment-4175\" class=\"wp-image-4175 size-full\" src=\"https:\/\/etab.ac-reunion.fr\/clg-elie-wiesel\/wp-content\/uploads\/sites\/20\/2020\/04\/formations-apres-la-3eme.png\" alt=\"\" width=\"682\" height=\"574\" srcset=\"https:\/\/etab.ac-reunion.fr\/clg-elie-wiesel\/wp-content\/uploads\/sites\/20\/2020\/04\/formations-apres-la-3eme.png 682w, https:\/\/etab.ac-reunion.fr\/clg-elie-wiesel\/wp-content\/uploads\/sites\/20\/2020\/04\/formations-apres-la-3eme-300x252.png 300w\" sizes=\"auto, (max-width: 682px) 100vw, 682px\" \/><p id=\"caption-attachment-4175\" class=\"wp-caption-text\">Formations apres la 3eme<\/p><\/div>\n<p><strong>Cliquer sur le bouton de la voie souhait\u00e9e pour avoir acc\u00e9der \u00e0 sa pr\u00e9sentation:<\/strong><\/p>\n<a href=\"https:\/\/etab.ac-reunion.fr\/clg-elie-wiesel\/la-voie-generale-et-technologique\/\" class=\"su-button su-button-style-3d\" style=\"color:#100000;background-color:#3b2def;border-color:#3024c0;border-radius:8px\" target=\"_blank\" rel=\"noopener noreferrer\"><span style=\"color:#100000;padding:0px 22px;font-size:17px;line-height:34px;border-color:#766cf4;border-radius:8px;text-shadow:none\"> La voie g\u00e9n\u00e9rale et technologique<\/span><\/a>\n<a href=\"https:\/\/etab.ac-reunion.fr\/clg-elie-wiesel\/la-voie-professionnelle\/\" class=\"su-button su-button-style-3d\" style=\"color:#100000;background-color:#ef2d30;border-color:#c02427;border-radius:8px\" target=\"_blank\" rel=\"noopener noreferrer\"><span style=\"color:#100000;padding:0px 22px;font-size:17px;line-height:34px;border-color:#f46c6f;border-radius:8px;text-shadow:none\"> La voie professionnelle<\/span><\/a>\n","protected":false},"excerpt":{"rendered":"<p>Chers parents,Vous trouverez dans cette note N\u00b02 les formations propos\u00e9es \u00e0 vos enfants dans les lyc\u00e9es du secteur nord et plus largement sur l&rsquo;acad\u00e9mie. Nous vous proposons un tour d&rsquo;horizon rapide sur d&rsquo;abord la voie g\u00e9n\u00e9rale et technologique et ensuite sur la voie professionnelle. Des liens vous seront propos\u00e9s \u00e9galement pour approfondir vos recherches et [&hellip;]<\/p>\n","protected":false},"author":19455,"featured_media":0,"parent":0,"menu_order":0,"comment_status":"closed","ping_status":"closed","template":"","meta":{"footnotes":"","_links_to":"","_links_to_target":""},"class_list":["post-4173","page","type-page","status-publish","hentry"],"_links":{"self":[{"href":"https:\/\/etab.ac-reunion.fr\/clg-elie-wiesel\/wp-json\/wp\/v2\/pages\/4173","targetHints":{"allow":["GET"]}}],"collection":[{"href":"https:\/\/etab.ac-reunion.fr\/clg-elie-wiesel\/wp-json\/wp\/v2\/pages"}],"about":[{"href":"https:\/\/etab.ac-reunion.fr\/clg-elie-wiesel\/wp-json\/wp\/v2\/types\/page"}],"author":[{"embeddable":true,"href":"https:\/\/etab.ac-reunion.fr\/clg-elie-wiesel\/wp-json\/wp\/v2\/users\/19455"}],"replies":[{"embeddable":true,"href":"https:\/\/etab.ac-reunion.fr\/clg-elie-wiesel\/wp-json\/wp\/v2\/comments?post=4173"}],"version-history":[{"count":8,"href":"https:\/\/etab.ac-reunion.fr\/clg-elie-wiesel\/wp-json\/wp\/v2\/pages\/4173\/revisions"}],"predecessor-version":[{"id":4200,"href":"https:\/\/etab.ac-reunion.fr\/clg-elie-wiesel\/wp-json\/wp\/v2\/pages\/4173\/revisions\/4200"}],"wp:attachment":[{"href":"https:\/\/etab.ac-reunion.fr\/clg-elie-wiesel\/wp-json\/wp\/v2\/media?parent=4173"}],"curies":[{"name":"wp","href":"https:\/\/api.w.org\/{rel}","templated":true}]}}